000
CDUS41 KBUF 221015
CLIBUF


CLIMATE REPORT
NATIONAL WEATHER SERVICE BUFFALO NY
614 AM EDT FRI MAY 22 2015


...................................

...THE BUFFALO NY CLIMATE SUMMARY FOR MAY 21 2015...

CLIMATE NORMAL PERIOD 1981 TO 2010
CLIMATE RECORD PERIOD 1871 TO 2015


WEATHER ITEM   OBSERVED TIME   RECORD YEAR NORMAL DEPARTURE LAST
                VALUE   (LST)  VALUE       VALUE  FROM      YEAR
                                                  NORMAL
..................................................................
TEMPERATURE (F)
 YESTERDAY
  MAXIMUM         61    122 PM  90    1977  68     -7       72
  MINIMUM         47    615 AM  33    1907  49     -2       54
  AVERAGE         54                        59     -5       63

PRECIPITATION (IN)
  YESTERDAY        0.00          1.57 1883   0.12  -0.12     0.04
  MONTH TO DATE    0.71                      2.25  -1.54     2.88
  SINCE MAR 1      4.85                      8.13  -3.28    10.51
  SINCE JAN 1      9.84                     13.80  -3.96    17.29

SNOWFALL (IN)
  YESTERDAY        0.0           0.0    MM   0.0    0.0      0.0
  MONTH TO DATE    0.0                       0.3   -0.3      0.0
  SINCE MAR 1      9.9                      15.9   -6.0     25.7
  SINCE JUL 1    112.9                      94.7   18.2    129.9
  SNOW DEPTH       0

DEGREE DAYS
 HEATING
  YESTERDAY       11                         7      4        2
  MONTH TO DATE  112                       213   -101      196
  SINCE MAR 1   1784                      1750     34     1945
  SINCE JUL 1   6932                      6494    438     7051

 COOLING
  YESTERDAY        0                         1     -1        0
  MONTH TO DATE   54                         9     45       21
  SINCE MAR 1     54                        12     42       21
  SINCE JAN 1     54                        12     42       21
..................................................................


WIND (MPH)
  HIGHEST WIND SPEED    21   HIGHEST WIND DIRECTION    SW (230)
  HIGHEST GUST SPEED    27   HIGHEST GUST DIRECTION    SW (220)
  AVERAGE WIND SPEED    12.2


SKY COVER
  AVERAGE SKY COVER 0.7


WEATHER CONDITIONS
 THE FOLLOWING WEATHER WAS RECORDED YESTERDAY.
  NO SIGNIFICANT WEATHER WAS OBSERVED.


RELATIVE HUMIDITY (PERCENT)
 HIGHEST    76           300 AM
 LOWEST     30          1100 AM
 AVERAGE    53

..........................................................


THE BUFFALO NY CLIMATE NORMALS FOR TODAY
                         NORMAL    RECORD    YEAR
 MAXIMUM TEMPERATURE (F)   68        94      1911
 MINIMUM TEMPERATURE (F)   49        36      2002
                                             1990
                                             1963


SUNRISE AND SUNSET
MAY 22 2015...........SUNRISE   546 AM EDT   SUNSET   838 PM EDT
MAY 23 2015...........SUNRISE   545 AM EDT   SUNSET   839 PM EDT


-  INDICATES NEGATIVE NUMBERS.
R  INDICATES RECORD WAS SET OR TIED.
MM INDICATES DATA IS MISSING.
T  INDICATES TRACE AMOUNT.

$$
