000
CDUS41 KBUF 230705
CLIBUF


CLIMATE REPORT
NATIONAL WEATHER SERVICE BUFFALO NY
305 AM EDT TUE AUG 23 2016


...................................

...THE BUFFALO NY CLIMATE SUMMARY FOR AUGUST 22 2016...

CLIMATE NORMAL PERIOD 1981 TO 2010
CLIMATE RECORD PERIOD 1871 TO 2016


WEATHER ITEM   OBSERVED TIME   RECORD YEAR NORMAL DEPARTURE LAST
                VALUE   (LST)  VALUE       VALUE  FROM      YEAR
                                                  NORMAL
..................................................................
TEMPERATURE (F)
 YESTERDAY
  MAXIMUM         73    322 PM  88    2008  78     -5       77
  MINIMUM         60    557 AM  42    1982  60      0       57
  AVERAGE         67                        69     -2       67

PRECIPITATION (IN)
  YESTERDAY        0.01          1.77 1968   0.10  -0.09     0.00
  MONTH TO DATE    1.74                      2.34  -0.60     4.30
  SINCE JUN 1      4.85                      9.23  -4.38    11.75
  SINCE JAN 1     16.09                     24.24  -8.15    24.38

SNOWFALL (IN)
  YESTERDAY        0.0           0.0    MM   0.0    0.0      0.0
  MONTH TO DATE    0.0                       0.0    0.0      0.0
  SINCE JUN 1      0.0                       0.0    0.0      0.0
  SINCE JUL 1      0.0                       0.0    0.0      0.0
  SNOW DEPTH       0

DEGREE DAYS
 HEATING
  YESTERDAY        0                         1     -1        0
  MONTH TO DATE    0                         7     -7        1
  SINCE JUN 1     42                        80    -38       58
  SINCE JUL 1      0                        16    -16        8

 COOLING
  YESTERDAY        2                         5     -3        2
  MONTH TO DATE  260                       124    136      134
  SINCE JUN 1    681                       424    257      408
  SINCE JAN 1    740                       450    290      499
..................................................................


WIND (MPH)
  HIGHEST WIND SPEED    18   HIGHEST WIND DIRECTION    SW (240)
  HIGHEST GUST SPEED    24   HIGHEST GUST DIRECTION    SW (240)
  AVERAGE WIND SPEED     8.1


SKY COVER
  AVERAGE SKY COVER 0.5


WEATHER CONDITIONS
 THE FOLLOWING WEATHER WAS RECORDED YESTERDAY.
  NO SIGNIFICANT WEATHER WAS OBSERVED.


RELATIVE HUMIDITY (PERCENT)
 HIGHEST    84           200 AM
 LOWEST     44          1100 AM
 AVERAGE    64

..........................................................


THE BUFFALO NY CLIMATE NORMALS FOR TODAY
                         NORMAL    RECORD    YEAR
 MAXIMUM TEMPERATURE (F)   78        90      1959
                                             1948
 MINIMUM TEMPERATURE (F)   60        46      1952


SUNRISE AND SUNSET
AUGUST 23 2016........SUNRISE   630 AM EDT   SUNSET   804 PM EDT
AUGUST 24 2016........SUNRISE   631 AM EDT   SUNSET   802 PM EDT


-  INDICATES NEGATIVE NUMBERS.
R  INDICATES RECORD WAS SET OR TIED.
MM INDICATES DATA IS MISSING.
T  INDICATES TRACE AMOUNT.




$$
