000
CDUS41 KBUF 220705
CLIBUF


CLIMATE REPORT
NATIONAL WEATHER SERVICE BUFFALO NY
305 AM EDT SUN MAY 22 2016


...................................

...THE BUFFALO NY CLIMATE SUMMARY FOR MAY 21 2016...

CLIMATE NORMAL PERIOD 1981 TO 2010
CLIMATE RECORD PERIOD 1871 TO 2016


WEATHER ITEM   OBSERVED TIME   RECORD YEAR NORMAL DEPARTURE LAST
                VALUE   (LST)  VALUE       VALUE  FROM      YEAR
                                                  NORMAL
..................................................................
TEMPERATURE (F)
 YESTERDAY
  MAXIMUM         68   1057 AM  90    1977  68      0       61
  MINIMUM         54   1157 PM  33    1907  49      5       47
  AVERAGE         61                        59      2       54

PRECIPITATION (IN)
  YESTERDAY        0.00          1.57 1883   0.12  -0.12     0.00
  MONTH TO DATE    1.15                      2.25  -1.10     0.71
  SINCE MAR 1      5.90                      8.13  -2.23     4.85
  SINCE JAN 1     11.18                     13.80  -2.62     9.84

SNOWFALL (IN)
  YESTERDAY        0.0           0.0    MM   0.0    0.0      0.0
  MONTH TO DATE    T                         0.3   -0.3      0.0
  SINCE MAR 1      8.0                      15.9   -7.9      9.9
  SINCE JUL 1     55.1                      94.7  -39.6    112.9
  SNOW DEPTH       0

DEGREE DAYS
 HEATING
  YESTERDAY        4                         7     -3       11
  MONTH TO DATE  233                       213     20      112
  SINCE MAR 1   1653                      1750    -97     1784
  SINCE JUL 1   5591                      6494   -903     6932

 COOLING
  YESTERDAY        0                         1     -1        0
  MONTH TO DATE    2                         9     -7       54
  SINCE MAR 1      2                        12    -10       54
  SINCE JAN 1      2                        12    -10       54
..................................................................


WIND (MPH)
  HIGHEST WIND SPEED    17   HIGHEST WIND DIRECTION    SE (150)
  HIGHEST GUST SPEED    21   HIGHEST GUST DIRECTION    SE (140)
  AVERAGE WIND SPEED     6.1


SKY COVER
  AVERAGE SKY COVER 0.9


WEATHER CONDITIONS
 THE FOLLOWING WEATHER WAS RECORDED YESTERDAY.
  NO SIGNIFICANT WEATHER WAS OBSERVED.


RELATIVE HUMIDITY (PERCENT)
 HIGHEST    77           900 PM
 LOWEST     39          1200 AM
 AVERAGE    58

..........................................................


THE BUFFALO NY CLIMATE NORMALS FOR TODAY
                         NORMAL    RECORD    YEAR
 MAXIMUM TEMPERATURE (F)   68        94      1911
 MINIMUM TEMPERATURE (F)   49        36      2002
                                             1990
                                             1963


SUNRISE AND SUNSET
MAY 22 2016...........SUNRISE   545 AM EDT   SUNSET   839 PM EDT
MAY 23 2016...........SUNRISE   544 AM EDT   SUNSET   840 PM EDT


-  INDICATES NEGATIVE NUMBERS.
R  INDICATES RECORD WAS SET OR TIED.
MM INDICATES DATA IS MISSING.
T  INDICATES TRACE AMOUNT.




$$
