000
CDUS41 KBUF 101020
CLIBUF


CLIMATE REPORT
NATIONAL WEATHER SERVICE BUFFALO NY
617 AM EDT THU APR 10 2014


...................................

...THE BUFFALO NY CLIMATE SUMMARY FOR APRIL 9 2014...

CLIMATE NORMAL PERIOD 1981 TO 2010
CLIMATE RECORD PERIOD 1871 TO 2014


WEATHER ITEM   OBSERVED TIME   RECORD YEAR NORMAL DEPARTURE LAST
                VALUE   (LST)  VALUE       VALUE  FROM      YEAR
                                                  NORMAL
..................................................................
TEMPERATURE (F)
 YESTERDAY
  MAXIMUM         48    307 PM  80    1969  52     -4       61
  MINIMUM         32   1159 PM  17    1972  34     -2       42
  AVERAGE         40                        43     -3       52

PRECIPITATION (IN)
  YESTERDAY        0.00          1.14 2013   0.11  -0.11     1.14
  MONTH TO DATE    1.67                      0.95   0.72     1.25
  SINCE MAR 1      4.22                      3.82   0.40     2.31
  SINCE JAN 1     11.00                      9.49   1.51     7.86

SNOWFALL (IN)
  YESTERDAY        0.0           4.1  1979   0.1   -0.1      0.0
  MONTH TO DATE    0.2                       1.4   -1.2      0.3
  SINCE MAR 1     24.7                      14.3   10.4     10.1
  SINCE JUL 1    128.9                      93.1   35.8     58.8
  SNOW DEPTH       0

DEGREE DAYS
 HEATING
  YESTERDAY       25                        22      3       13
  MONTH TO DATE  224                       211     13      225
  SINCE MAR 1   1402                      1172    230     1211
  SINCE JUL 1   6508                      5916    592     5531

 COOLING
  YESTERDAY        0                         0      0        0
  MONTH TO DATE    0                         0      0        0
  SINCE MAR 1      0                         0      0        0
  SINCE JAN 1      0                         0      0        0
..................................................................


WIND (MPH)
  HIGHEST WIND SPEED    20   HIGHEST WIND DIRECTION    SW (230)
  HIGHEST GUST SPEED    24   HIGHEST GUST DIRECTION    SW (230)
  AVERAGE WIND SPEED     8.9


SKY COVER
  POSSIBLE SUNSHINE  96 PERCENT
  AVERAGE SKY COVER 0.3


WEATHER CONDITIONS
 THE FOLLOWING WEATHER WAS RECORDED YESTERDAY.
  FOG


RELATIVE HUMIDITY (PERCENT)
 HIGHEST    92           100 AM
 LOWEST     34           200 PM
 AVERAGE    63

..........................................................


THE BUFFALO NY CLIMATE NORMALS FOR TODAY
                         NORMAL    RECORD    YEAR
 MAXIMUM TEMPERATURE (F)   53        82      1945
 MINIMUM TEMPERATURE (F)   35        19      1909


SUNRISE AND SUNSET
APRIL 10 2014.........SUNRISE   642 AM EDT   SUNSET   752 PM EDT
APRIL 11 2014.........SUNRISE   640 AM EDT   SUNSET   753 PM EDT


-  INDICATES NEGATIVE NUMBERS.
R  INDICATES RECORD WAS SET OR TIED.
MM INDICATES DATA IS MISSING.
T  INDICATES TRACE AMOUNT.




$$
