000
CDUS41 KBUF 032127
CLIBUF


CLIMATE REPORT
NATIONAL WEATHER SERVICE BUFFALO NY
426 PM EST SAT DEC 3 2016


...................................

...THE BUFFALO NY CLIMATE SUMMARY FOR DECEMBER 3 2016...
VALID TODAY AS OF 0400 PM LOCAL TIME.

CLIMATE NORMAL PERIOD 1981 TO 2010
CLIMATE RECORD PERIOD 1871 TO 2016


WEATHER ITEM   OBSERVED TIME   RECORD YEAR NORMAL DEPARTURE LAST
                VALUE   (LST)  VALUE       VALUE  FROM      YEAR
                                                  NORMAL
..................................................................
TEMPERATURE (F)
 TODAY
  MAXIMUM         41    301 PM  74    1982  40      1       44
  MINIMUM         34    742 AM  -3    1976  28      6       33
  AVERAGE         38                        34      4       39

PRECIPITATION (IN)
  TODAY            0.00          1.20 1990   0.13  -0.13     0.01
  MONTH TO DATE    0.39                      0.38   0.01     0.13
  SINCE DEC 1      0.39                      0.38   0.01     0.13
  SINCE JAN 1     30.20                     36.97  -6.77    34.02

SNOWFALL (IN)
  TODAY            0.0           5.5  1906   0.6   -0.6      0.0
  MONTH TO DATE    T                         1.8   -1.8      0.0
  SINCE DEC 1      T                         1.8   -1.8      0.0
  SINCE JUL 1      0.9                      10.6   -9.7       T
  SNOW DEPTH       0

DEGREE DAYS
 HEATING
  TODAY           27                        31     -4       26
  MONTH TO DATE   76                        91    -15       68
  SINCE DEC 1     76                        91    -15       68
  SINCE JUL 1   1046                      1424   -378     1112

 COOLING
  TODAY            0                         0      0        0
  MONTH TO DATE    0                         0      0        0
  SINCE DEC 1      0                         0      0        0
  SINCE JAN 1    939                       544    395      657
..................................................................


WIND (MPH)
  HIGHEST WIND SPEED    22   HIGHEST WIND DIRECTION    NW (300)
  HIGHEST GUST SPEED    28   HIGHEST GUST DIRECTION    NW (310)
  AVERAGE WIND SPEED    11.8


SKY COVER
  AVERAGE SKY COVER 0.8


WEATHER CONDITIONS
 THE FOLLOWING WEATHER WAS RECORDED TODAY.
  NO SIGNIFICANT WEATHER WAS OBSERVED.


RELATIVE HUMIDITY (PERCENT)
 HIGHEST    82           800 AM
 LOWEST     54           400 PM
 AVERAGE    68

..........................................................


THE BUFFALO NY CLIMATE NORMALS FOR TOMORROW
                         NORMAL    RECORD    YEAR
 MAXIMUM TEMPERATURE (F)   40        70      1941
 MINIMUM TEMPERATURE (F)   28        -2      1966


SUNRISE AND SUNSET
DECEMBER  3 2016......SUNRISE   729 AM EST   SUNSET   441 PM EST
DECEMBER  4 2016......SUNRISE   730 AM EST   SUNSET   441 PM EST


-  INDICATES NEGATIVE NUMBERS.
R  INDICATES RECORD WAS SET OR TIED.
MM INDICATES DATA IS MISSING.
T  INDICATES TRACE AMOUNT.

$$
