000
CDUS41 KBUF 241015
CLIBUF


CLIMATE REPORT
NATIONAL WEATHER SERVICE BUFFALO NY
514 AM EST MON NOV 24 2014


...................................

...THE BUFFALO NY CLIMATE SUMMARY FOR NOVEMBER 23 2014...

CLIMATE NORMAL PERIOD 1981 TO 2010
CLIMATE RECORD PERIOD 1871 TO 2014


WEATHER ITEM   OBSERVED TIME   RECORD YEAR NORMAL DEPARTURE LAST
                VALUE   (LST)  VALUE       VALUE  FROM      YEAR
                                                  NORMAL
..................................................................
TEMPERATURE (F)
 YESTERDAY
  MAXIMUM         54   1136 PM  70    2003  45      9       34
                                      1979
  MINIMUM         40    220 AM   6    1880  32      8       18
  AVERAGE         47                        38      9       26

PRECIPITATION (IN)
  YESTERDAY        0.10          1.36 1886   0.13  -0.03     0.01
  MONTH TO DATE    2.18                      3.09  -0.91     2.28
  SINCE SEP 1      9.91                     10.51  -0.60    12.81
  SINCE JAN 1     39.85                     35.67   4.18    40.44

SNOWFALL (IN)
  YESTERDAY        0.0           9.0  1945   0.4   -0.4      0.2
  MONTH TO DATE   17.2                       5.0   12.2      0.9
  SINCE SEP 1     17.2                       5.9   11.3      0.9
  SINCE JUL 1     17.2                       5.9   11.3      0.9
  SNOW DEPTH       2

DEGREE DAYS
 HEATING
  YESTERDAY       18                        27     -9       39
  MONTH TO DATE  625                       530     95      537
  SINCE SEP 1   1092                      1108    -16     1026
  SINCE JUL 1   1114                      1135    -21     1042

 COOLING
  YESTERDAY        0                         0      0        0
  MONTH TO DATE    0                         0      0        0
  SINCE SEP 1     70                        57     13       59
  SINCE JAN 1    516                       544    -28      611
..................................................................


WIND (MPH)
  HIGHEST WIND SPEED    22   HIGHEST WIND DIRECTION     S (170)
  HIGHEST GUST SPEED    31   HIGHEST GUST DIRECTION     S (170)
  AVERAGE WIND SPEED    10.0


SKY COVER
  AVERAGE SKY COVER 0.8


WEATHER CONDITIONS
 THE FOLLOWING WEATHER WAS RECORDED YESTERDAY.
  LIGHT RAIN
  FOG


RELATIVE HUMIDITY (PERCENT)
 HIGHEST    82           300 AM
 LOWEST     54           900 PM
 AVERAGE    68

..........................................................


THE BUFFALO NY CLIMATE NORMALS FOR TODAY
                         NORMAL    RECORD    YEAR
 MAXIMUM TEMPERATURE (F)   44        68      1931
 MINIMUM TEMPERATURE (F)   31         3      1880


SUNRISE AND SUNSET
NOVEMBER 24 2014......SUNRISE   718 AM EST   SUNSET   445 PM EST
NOVEMBER 25 2014......SUNRISE   719 AM EST   SUNSET   444 PM EST


-  INDICATES NEGATIVE NUMBERS.
R  INDICATES RECORD WAS SET OR TIED.
MM INDICATES DATA IS MISSING.
T  INDICATES TRACE AMOUNT.

$$
