000
CDUS41 KBUF 111028
CLIBUF


CLIMATE REPORT
NATIONAL WEATHER SERVICE BUFFALO NY
526 AM EST THU FEB 11 2016


...................................

...THE BUFFALO NY CLIMATE SUMMARY FOR FEBRUARY 10 2016...

CLIMATE NORMAL PERIOD 1981 TO 2010
CLIMATE RECORD PERIOD 1871 TO 2016


WEATHER ITEM   OBSERVED TIME   RECORD YEAR NORMAL DEPARTURE LAST
                VALUE   (LST)  VALUE       VALUE  FROM      YEAR
                                                  NORMAL
..................................................................
TEMPERATURE (F)
 YESTERDAY
  MAXIMUM         31    110 AM  57    1965  32     -1       20
  MINIMUM         14   1159 PM -13    1912  19     -5       15
  AVERAGE         23                        25     -2       18

PRECIPITATION (IN)
  YESTERDAY        0.08          0.79 1959   0.09  -0.01      T
  MONTH TO DATE    0.94                      0.88   0.06     1.63
  SINCE DEC 1      5.65                      7.95  -2.30     6.37
  SINCE JAN 1      2.75                      4.06  -1.31     4.22

SNOWFALL (IN)
  YESTERDAY        1.9           6.2  1958   0.7    1.2       T
  MONTH TO DATE    3.2                       6.7   -3.5     28.2
  SINCE DEC 1     29.8                      59.4  -29.6     64.5
  SINCE JUL 1     29.8                      68.2  -38.4     85.0
  SNOW DEPTH       1

DEGREE DAYS
 HEATING
  YESTERDAY       42                        40      2       47
  MONTH TO DATE  282                       400   -118      478
  SINCE DEC 1   2158                      2726   -568     2819
  SINCE JUL 1   3202                      4059   -857     4117

 COOLING
  YESTERDAY        0                         0      0        0
  MONTH TO DATE    0                         0      0        0
  SINCE DEC 1      0                         0      0        0
  SINCE JAN 1      0                         0      0        0
..................................................................


WIND (MPH)
  HIGHEST WIND SPEED    26   HIGHEST WIND DIRECTION    SW (240)
  HIGHEST GUST SPEED    35   HIGHEST GUST DIRECTION    SW (230)
  AVERAGE WIND SPEED    17.3


SKY COVER
  AVERAGE SKY COVER 1.0


WEATHER CONDITIONS
 THE FOLLOWING WEATHER WAS RECORDED YESTERDAY.
  LIGHT SNOW
  FOG
  BLOWING SNOW


RELATIVE HUMIDITY (PERCENT)
 HIGHEST    88           800 AM
 LOWEST     67          1100 PM
 AVERAGE    78

..........................................................


THE BUFFALO NY CLIMATE NORMALS FOR TODAY
                         NORMAL    RECORD    YEAR
 MAXIMUM TEMPERATURE (F)   32        68      1932
 MINIMUM TEMPERATURE (F)   19       -13      1885


SUNRISE AND SUNSET
FEBRUARY 11 2016......SUNRISE   718 AM EST   SUNSET   540 PM EST
FEBRUARY 12 2016......SUNRISE   717 AM EST   SUNSET   542 PM EST


-  INDICATES NEGATIVE NUMBERS.
R  INDICATES RECORD WAS SET OR TIED.
MM INDICATES DATA IS MISSING.
T  INDICATES TRACE AMOUNT.




$$
