000
CDUS41 KBUF 301021
CLIBUF


CLIMATE REPORT
NATIONAL WEATHER SERVICE BUFFALO NY
620 AM EDT SUN APR 30 2017


...................................

...THE BUFFALO NY CLIMATE SUMMARY FOR APRIL 29 2017...

CLIMATE NORMAL PERIOD 1981 TO 2010
CLIMATE RECORD PERIOD 1871 TO 2017


WEATHER ITEM   OBSERVED TIME   RECORD YEAR NORMAL DEPARTURE LAST
                VALUE   (LST)  VALUE       VALUE  FROM      YEAR
                                                  NORMAL
..................................................................
TEMPERATURE (F)
 YESTERDAY
  MAXIMUM         62    137 AM  81    1990  61      1       49
                                      1962
  MINIMUM         43   1159 PM  28    2012  42      1       40
  AVERAGE         53                        51      2       45

PRECIPITATION (IN)
  YESTERDAY        T             1.22 1921   0.10  -0.10      T
  MONTH TO DATE    5.31                      2.91   2.40     1.90
  SINCE MAR 1      9.67                      5.78   3.89     4.75
  SINCE JAN 1     14.85                     11.45   3.40    10.03

SNOWFALL (IN)
  YESTERDAY        0.0           1.9  1909   0.0    0.0      0.0
  MONTH TO DATE    2.3                       2.7   -0.4      7.1
  SINCE MAR 1     29.1                      15.6   13.5      8.0
  SINCE JUL 1     76.1                      94.4  -18.3     55.1
  SNOW DEPTH       0

DEGREE DAYS
 HEATING
  YESTERDAY       12                        14     -2       20
  MONTH TO DATE  419                       561   -142      635
  SINCE MAR 1   1403                      1522   -119     1407
  SINCE JUL 1   5295                      6266   -971     5345

 COOLING
  YESTERDAY        0                         0      0        0
  MONTH TO DATE    6                         0      6        0
  SINCE MAR 1      6                         0      6        0
  SINCE JAN 1      6                         0      6        0
..................................................................


WIND (MPH)
  HIGHEST WIND SPEED    20   HIGHEST WIND DIRECTION    SW (210)
  HIGHEST GUST SPEED    24   HIGHEST GUST DIRECTION    SW (210)
  AVERAGE WIND SPEED     7.4


SKY COVER
  AVERAGE SKY COVER 0.9


WEATHER CONDITIONS
 THE FOLLOWING WEATHER WAS RECORDED YESTERDAY.
  LIGHT RAIN


RELATIVE HUMIDITY (PERCENT)
 HIGHEST    83           500 AM
 LOWEST     53          1000 PM
 AVERAGE    68

..........................................................


THE BUFFALO NY CLIMATE NORMALS FOR TODAY
                         NORMAL    RECORD    YEAR
 MAXIMUM TEMPERATURE (F)   61        84      1899
 MINIMUM TEMPERATURE (F)   42        28      1978
                                             1931
                                             1876


SUNRISE AND SUNSET
APRIL 30 2017.........SUNRISE   610 AM EDT   SUNSET   815 PM EDT
MAY  1 2017...........SUNRISE   609 AM EDT   SUNSET   816 PM EDT


-  INDICATES NEGATIVE NUMBERS.
R  INDICATES RECORD WAS SET OR TIED.
MM INDICATES DATA IS MISSING.
T  INDICATES TRACE AMOUNT.




$$
