000
CDUS41 KBUF 191019
CLIBUF


CLIMATE REPORT
NATIONAL WEATHER SERVICE BUFFALO NY
518 AM EST SUN NOV 19 2017


...................................

...THE BUFFALO NY CLIMATE SUMMARY FOR NOVEMBER 18 2017...

CLIMATE NORMAL PERIOD 1981 TO 2010
CLIMATE RECORD PERIOD 1871 TO 2017


WEATHER ITEM   OBSERVED TIME   RECORD YEAR NORMAL DEPARTURE LAST
                VALUE   (LST)  VALUE       VALUE  FROM      YEAR
                                                  NORMAL
..................................................................
TEMPERATURE (F)
 YESTERDAY
  MAXIMUM         49    345 PM  74    1958  47      2       72
  MINIMUM         33    145 AM  13    1959  33      0       41
  AVERAGE         41                        40      1       57

PRECIPITATION (IN)
  YESTERDAY        0.50          1.44 1938   0.15   0.35      T
  MONTH TO DATE    4.27                      2.41   1.86     1.42
  SINCE SEP 1     12.45                      9.83   2.62     9.36
  SINCE JAN 1     44.73                     34.99   9.74    27.88

SNOWFALL (IN)
  YESTERDAY        0.0           8.2  2000   0.3   -0.3      0.0
  MONTH TO DATE    0.1                       3.4   -3.3      0.0
  SINCE SEP 1      0.2                       4.3   -4.1       T
  SINCE JUL 1      0.2                       4.3   -4.1       T
  SNOW DEPTH       0

DEGREE DAYS
 HEATING
  YESTERDAY       24                        25     -1        8
  MONTH TO DATE  447                       399     48      298
  SINCE SEP 1    799                       977   -178      677
  SINCE JUL 1    815                      1004   -189      677

 COOLING
  YESTERDAY        0                         0      0        0
  MONTH TO DATE    0                         0      0        0
  SINCE SEP 1    133                        57     76      121
  SINCE JAN 1    603                       544     59      939
..................................................................


WIND (MPH)
  HIGHEST WIND SPEED    24   HIGHEST WIND DIRECTION    SW (210)
  HIGHEST GUST SPEED    31   HIGHEST GUST DIRECTION    SW (220)
  AVERAGE WIND SPEED     8.4


SKY COVER
  AVERAGE SKY COVER 1.0


WEATHER CONDITIONS
 THE FOLLOWING WEATHER WAS RECORDED YESTERDAY.
  RAIN
  LIGHT RAIN
  FOG


RELATIVE HUMIDITY (PERCENT)
 HIGHEST   100           500 PM
 LOWEST     50           500 AM
 AVERAGE    75

..........................................................


THE BUFFALO NY CLIMATE NORMALS FOR TODAY
                         NORMAL    RECORD    YEAR
 MAXIMUM TEMPERATURE (F)   46        70      1985
 MINIMUM TEMPERATURE (F)   33        12      1880


SUNRISE AND SUNSET
NOVEMBER 19 2017......SUNRISE   712 AM EST   SUNSET   448 PM EST
NOVEMBER 20 2017......SUNRISE   714 AM EST   SUNSET   447 PM EST


-  INDICATES NEGATIVE NUMBERS.
R  INDICATES RECORD WAS SET OR TIED.
MM INDICATES DATA IS MISSING.
T  INDICATES TRACE AMOUNT.

$$
