000
CDUS41 KBUF 200705
CLIBUF


CLIMATE REPORT
NATIONAL WEATHER SERVICE BUFFALO NY
305 AM EDT WED SEP 20 2017


...................................

...THE BUFFALO NY CLIMATE SUMMARY FOR SEPTEMBER 19 2017...

CLIMATE NORMAL PERIOD 1981 TO 2010
CLIMATE RECORD PERIOD 1871 TO 2017


WEATHER ITEM   OBSERVED TIME   RECORD YEAR NORMAL DEPARTURE LAST
                VALUE   (LST)  VALUE       VALUE  FROM      YEAR
                                                  NORMAL
..................................................................
TEMPERATURE (F)
 YESTERDAY
  MAXIMUM         83    243 PM  88    1946  70     13       80
  MINIMUM         64   1156 PM  38    1995  52     12       62
                                      1993
  AVERAGE         74                        61     13       71

PRECIPITATION (IN)
  YESTERDAY        0.00          2.09 1948   0.14  -0.14     0.00
  MONTH TO DATE    2.43                      2.33   0.10     2.81
  SINCE SEP 1      2.43                      2.33   0.10     2.81
  SINCE JAN 1     34.71                     27.49   7.22    21.33

SNOWFALL (IN)
  YESTERDAY        0.0           0.0    MM   0.0    0.0      0.0
  MONTH TO DATE    0.0                       0.0    0.0      0.0
  SINCE SEP 1      0.0                       0.0    0.0      0.0
  SINCE JUL 1      0.0                       0.0    0.0      0.0
  SNOW DEPTH       0

DEGREE DAYS
 HEATING
  YESTERDAY        0                         5     -5        0
  MONTH TO DATE   62                        58      4        9
  SINCE SEP 1     62                        58      4        9
  SINCE JUL 1     78                        85     -7        9

 COOLING
  YESTERDAY        9                         1      8        6
  MONTH TO DATE   46                        44      2       95
  SINCE SEP 1     46                        44      2       95
  SINCE JAN 1    516                       531    -15      913
..................................................................


WIND (MPH)
  HIGHEST WIND SPEED    14   HIGHEST WIND DIRECTION    NE (30)
  HIGHEST GUST SPEED    16   HIGHEST GUST DIRECTION    NE (30)
  AVERAGE WIND SPEED     5.0


SKY COVER
  AVERAGE SKY COVER 0.8


WEATHER CONDITIONS
 THE FOLLOWING WEATHER WAS RECORDED YESTERDAY.
  NO SIGNIFICANT WEATHER WAS OBSERVED.


RELATIVE HUMIDITY (PERCENT)
 HIGHEST    97           700 PM
 LOWEST     54          1200 PM
 AVERAGE    76

..........................................................


THE BUFFALO NY CLIMATE NORMALS FOR TODAY
                         NORMAL    RECORD    YEAR
 MAXIMUM TEMPERATURE (F)   70        88      1946
 MINIMUM TEMPERATURE (F)   52        36      1993


SUNRISE AND SUNSET
SEPTEMBER 20 2017.....SUNRISE   700 AM EDT   SUNSET   715 PM EDT
SEPTEMBER 21 2017.....SUNRISE   701 AM EDT   SUNSET   714 PM EDT


-  INDICATES NEGATIVE NUMBERS.
R  INDICATES RECORD WAS SET OR TIED.
MM INDICATES DATA IS MISSING.
T  INDICATES TRACE AMOUNT.




$$
