000
CDUS41 KBUF 180705
CLIBUF


CLIMATE REPORT
NATIONAL WEATHER SERVICE BUFFALO NY
305 AM EDT TUE JUL 18 2017


...................................

...THE BUFFALO NY CLIMATE SUMMARY FOR JULY 17 2017...

CLIMATE NORMAL PERIOD 1981 TO 2010
CLIMATE RECORD PERIOD 1871 TO 2017


WEATHER ITEM   OBSERVED TIME   RECORD YEAR NORMAL DEPARTURE LAST
                VALUE   (LST)  VALUE       VALUE  FROM      YEAR
                                                  NORMAL
..................................................................
TEMPERATURE (F)
 YESTERDAY
  MAXIMUM         77    251 PM  94    1953  80     -3       82
  MINIMUM         64   1158 PM  52    1985  63      1       60
                                      1962
                                      1945
  AVERAGE         71                        71      0       71

PRECIPITATION (IN)
  YESTERDAY        0.05          2.70 1873   0.10  -0.05      T
  MONTH TO DATE    3.10                      1.68   1.42     0.75
  SINCE JUN 1      5.31                      5.34  -0.03     2.06
  SINCE JAN 1     27.58                     20.35   7.23    13.30

SNOWFALL (IN)
  YESTERDAY        0.0           0.0    MM   0.0    0.0      0.0
  MONTH TO DATE    0.0                       0.0    0.0      0.0
  SINCE JUN 1      0.0                       0.0    0.0      0.0
  SINCE JUL 1      0.0                       0.0    0.0      0.0
  SNOW DEPTH       0

DEGREE DAYS
 HEATING
  YESTERDAY        0                         0      0        0
  MONTH TO DATE    0                         2     -2        0
  SINCE JUN 1     49                        66    -17       42
  SINCE JUL 1      0                         2     -2        0

 COOLING
  YESTERDAY        6                         7     -1        6
  MONTH TO DATE  105                       108     -3      146
  SINCE JUN 1    228                       211     17      274
  SINCE JAN 1    255                       237     18      333
..................................................................


WIND (MPH)
  HIGHEST WIND SPEED    20   HIGHEST WIND DIRECTION    SW (240)
  HIGHEST GUST SPEED    25   HIGHEST GUST DIRECTION    SW (240)
  AVERAGE WIND SPEED    10.1


SKY COVER
  AVERAGE SKY COVER 0.4


WEATHER CONDITIONS
 THE FOLLOWING WEATHER WAS RECORDED YESTERDAY.
  THUNDERSTORM
  RAIN
  LIGHT RAIN
  FOG


RELATIVE HUMIDITY (PERCENT)
 HIGHEST   100           400 AM
 LOWEST     60           200 PM
 AVERAGE    80

..........................................................


THE BUFFALO NY CLIMATE NORMALS FOR TODAY
                         NORMAL    RECORD    YEAR
 MAXIMUM TEMPERATURE (F)   80        94      1968
 MINIMUM TEMPERATURE (F)   63        50      1924


SUNRISE AND SUNSET
JULY 18 2017..........SUNRISE   552 AM EDT   SUNSET   849 PM EDT
JULY 19 2017..........SUNRISE   553 AM EDT   SUNSET   849 PM EDT


-  INDICATES NEGATIVE NUMBERS.
R  INDICATES RECORD WAS SET OR TIED.
MM INDICATES DATA IS MISSING.
T  INDICATES TRACE AMOUNT.




$$
