000
CDUS41 KBUF 180706
CLIBUF


CLIMATE REPORT
NATIONAL WEATHER SERVICE BUFFALO NY
305 AM EDT SUN SEP 18 2016


...................................

...THE BUFFALO NY CLIMATE SUMMARY FOR SEPTEMBER 17 2016...

CLIMATE NORMAL PERIOD 1981 TO 2010
CLIMATE RECORD PERIOD 1871 TO 2016


WEATHER ITEM   OBSERVED TIME   RECORD YEAR NORMAL DEPARTURE LAST
                VALUE   (LST)  VALUE       VALUE  FROM      YEAR
                                                  NORMAL
..................................................................
TEMPERATURE (F)
 YESTERDAY
  MAXIMUM         79   1038 AM  86    1955  71      8       81
  MINIMUM         66    514 AM  33    1959  53     13       59
  AVERAGE         73                        62     11       70

PRECIPITATION (IN)
  YESTERDAY        1.62          2.87 1976   0.14   1.48     0.00
  MONTH TO DATE    2.67                      2.06   0.61     2.73
  SINCE SEP 1      2.67                      2.06   0.61     2.73
  SINCE JAN 1     21.19                     27.22  -6.03    27.20

SNOWFALL (IN)
  YESTERDAY        0.0           0.0    MM   0.0    0.0      0.0
  MONTH TO DATE    0.0                       0.0    0.0      0.0
  SINCE SEP 1      0.0                       0.0    0.0      0.0
  SINCE JUL 1      0.0                       0.0    0.0      0.0
  SNOW DEPTH       0

DEGREE DAYS
 HEATING
  YESTERDAY        0                         5     -5        0
  MONTH TO DATE    9                        48    -39       25
  SINCE SEP 1      9                        48    -39       25
  SINCE JUL 1      9                        75    -66       40

 COOLING
  YESTERDAY        8                         1      7        5
  MONTH TO DATE   82                        42     40      117
  SINCE SEP 1     82                        42     40      117
  SINCE JAN 1    900                       529    371      642
..................................................................


WIND (MPH)
  HIGHEST WIND SPEED    24   HIGHEST WIND DIRECTION    SW (220)
  HIGHEST GUST SPEED    31   HIGHEST GUST DIRECTION    SW (210)
  AVERAGE WIND SPEED    11.3


SKY COVER
  AVERAGE SKY COVER 0.9


WEATHER CONDITIONS
 THE FOLLOWING WEATHER WAS RECORDED YESTERDAY.
  THUNDERSTORM
  HEAVY RAIN
  RAIN
  LIGHT RAIN
  FOG


RELATIVE HUMIDITY (PERCENT)
 HIGHEST    93           600 PM
 LOWEST     69          1000 AM
 AVERAGE    81

..........................................................


THE BUFFALO NY CLIMATE NORMALS FOR TODAY
                         NORMAL    RECORD    YEAR
 MAXIMUM TEMPERATURE (F)   70        89      1946
 MINIMUM TEMPERATURE (F)   53        37      1943


SUNRISE AND SUNSET
SEPTEMBER 18 2016.....SUNRISE   658 AM EDT   SUNSET   719 PM EDT
SEPTEMBER 19 2016.....SUNRISE   659 AM EDT   SUNSET   717 PM EDT


-  INDICATES NEGATIVE NUMBERS.
R  INDICATES RECORD WAS SET OR TIED.
MM INDICATES DATA IS MISSING.
T  INDICATES TRACE AMOUNT.




$$
