000
CDUS41 KBUF 191015
CLIBUF


CLIMATE REPORT
NATIONAL WEATHER SERVICE BUFFALO NY
615 AM EDT FRI AUG 19 2016


...................................

...THE BUFFALO NY CLIMATE SUMMARY FOR AUGUST 18 2016...

CLIMATE NORMAL PERIOD 1981 TO 2010
CLIMATE RECORD PERIOD 1871 TO 2016


WEATHER ITEM   OBSERVED TIME   RECORD YEAR NORMAL DEPARTURE LAST
                VALUE   (LST)  VALUE       VALUE  FROM      YEAR
                                                  NORMAL
..................................................................
TEMPERATURE (F)
 YESTERDAY
  MAXIMUM         83    255 PM  90    1947  78      5       82
                                      1935
                                      1913
  MINIMUM         66    313 AM  46    1963  61      5       69
  AVERAGE         75                        70      5       76

PRECIPITATION (IN)
  YESTERDAY        0.18          1.16 1900   0.10   0.08     0.02
  MONTH TO DATE    1.46                      1.92  -0.46     3.49
  SINCE JUN 1      4.57                      8.81  -4.24    10.94
  SINCE JAN 1     15.81                     23.82  -8.01    23.57

SNOWFALL (IN)
  YESTERDAY        0.0           0.0    MM   0.0    0.0      0.0
  MONTH TO DATE    0.0                       0.0    0.0      0.0
  SINCE JUN 1      0.0                       0.0    0.0      0.0
  SINCE JUL 1      0.0                       0.0    0.0      0.0
  SNOW DEPTH       0

DEGREE DAYS
 HEATING
  YESTERDAY        0                         1     -1        0
  MONTH TO DATE    0                         3     -3        1
  SINCE JUN 1     42                        76    -34       58
  SINCE JUL 1      0                        12    -12        8

 COOLING
  YESTERDAY       10                         5      5       11
  MONTH TO DATE  222                       104    118      107
  SINCE JUN 1    643                       404    239      381
  SINCE JAN 1    702                       430    272      472
..................................................................


WIND (MPH)
  HIGHEST WIND SPEED    18   HIGHEST WIND DIRECTION     W (260)
  HIGHEST GUST SPEED    22   HIGHEST GUST DIRECTION     W (250)
  AVERAGE WIND SPEED     7.8


SKY COVER
  AVERAGE SKY COVER 0.6


WEATHER CONDITIONS
 THE FOLLOWING WEATHER WAS RECORDED YESTERDAY.
  THUNDERSTORM
  RAIN
  FOG


RELATIVE HUMIDITY (PERCENT)
 HIGHEST    93           400 AM
 LOWEST     51           300 PM
 AVERAGE    72

..........................................................


THE BUFFALO NY CLIMATE NORMALS FOR TODAY
                         NORMAL    RECORD    YEAR
 MAXIMUM TEMPERATURE (F)   78        90      1995
 MINIMUM TEMPERATURE (F)   61        46      1977
                                             1963


SUNRISE AND SUNSET
AUGUST 19 2016........SUNRISE   626 AM EDT   SUNSET   810 PM EDT
AUGUST 20 2016........SUNRISE   627 AM EDT   SUNSET   809 PM EDT


-  INDICATES NEGATIVE NUMBERS.
R  INDICATES RECORD WAS SET OR TIED.
MM INDICATES DATA IS MISSING.
T  INDICATES TRACE AMOUNT.




$$
