000
CDUS41 KBUF 280705
CLIBUF


CLIMATE REPORT
NATIONAL WEATHER SERVICE BUFFALO NY
205 AM EST WED JAN 28 2015


...................................

...THE BUFFALO NY CLIMATE SUMMARY FOR JANUARY 27 2015...

CLIMATE NORMAL PERIOD 1981 TO 2010
CLIMATE RECORD PERIOD 1871 TO 2015


WEATHER ITEM   OBSERVED TIME   RECORD YEAR NORMAL DEPARTURE LAST
                VALUE   (LST)  VALUE       VALUE  FROM      YEAR
                                                  NORMAL
..................................................................
TEMPERATURE (F)
 YESTERDAY
  MAXIMUM         18    337 PM  66    1916  31    -13       30
  MINIMUM          8   1149 PM  -5    1927  18    -10        3
  AVERAGE         13                        24    -11       17

PRECIPITATION (IN)
  YESTERDAY        0.01          1.21 1889   0.10  -0.09     0.12
  MONTH TO DATE    2.30                      2.83  -0.53     3.16
  SINCE DEC 1      4.45                      6.72  -2.27     8.09
  SINCE JAN 1      2.30                      2.83  -0.53     3.16

SNOWFALL (IN)
  YESTERDAY       MM             5.1  1978   0.7   MM        3.8
  MONTH TO DATE   21.7                      22.4   -0.7     42.1
  SINCE DEC 1     33.0                      49.8  -16.8     70.6
  SINCE JUL 1     53.5                      58.6   -5.1     80.6
  SNOW DEPTH       4

DEGREE DAYS
 HEATING
  YESTERDAY       52                        41     11       48
  MONTH TO DATE 1185                      1085    100     1191
  SINCE DEC 1   2153                      2167    -14     2331
  SINCE JUL 1   3451                      3500    -49     3649

 COOLING
  YESTERDAY        0                         0      0        0
  MONTH TO DATE    0                         0      0        0
  SINCE DEC 1      0                         0      0        0
  SINCE JAN 1      0                         0      0        0
..................................................................


WIND (MPH)
  HIGHEST WIND SPEED    16   HIGHEST WIND DIRECTION    NE (30)
  HIGHEST GUST SPEED    20   HIGHEST GUST DIRECTION    NE (30)
  AVERAGE WIND SPEED     8.6


SKY COVER
  AVERAGE SKY COVER 0.8


WEATHER CONDITIONS
 THE FOLLOWING WEATHER WAS RECORDED YESTERDAY.
  LIGHT SNOW
  FOG


RELATIVE HUMIDITY (PERCENT)
 HIGHEST    88           400 AM
 LOWEST     56           400 PM
 AVERAGE    72

..........................................................


THE BUFFALO NY CLIMATE NORMALS FOR TODAY
                         NORMAL    RECORD    YEAR
 MAXIMUM TEMPERATURE (F)   31        51      1994
                                             1990
                                             1914
 MINIMUM TEMPERATURE (F)   18        -6      2005
                                             1966
                                             1925


SUNRISE AND SUNSET
JANUARY 28 2015.......SUNRISE   734 AM EST   SUNSET   522 PM EST
JANUARY 29 2015.......SUNRISE   733 AM EST   SUNSET   523 PM EST


-  INDICATES NEGATIVE NUMBERS.
R  INDICATES RECORD WAS SET OR TIED.
MM INDICATES DATA IS MISSING.
T  INDICATES TRACE AMOUNT.




$$
