000
CDUS41 KBUF 010705
CLIBUF


CLIMATE REPORT
NATIONAL WEATHER SERVICE BUFFALO NY
305 AM EDT WED JUL 1 2015


...................................

...THE BUFFALO NY CLIMATE SUMMARY FOR JUNE 30 2015...

CLIMATE NORMAL PERIOD 1981 TO 2010
CLIMATE RECORD PERIOD 1871 TO 2015


WEATHER ITEM   OBSERVED TIME   RECORD YEAR NORMAL DEPARTURE LAST
                VALUE   (LST)  VALUE       VALUE  FROM      YEAR
                                                  NORMAL
..................................................................
TEMPERATURE (F)
 YESTERDAY
  MAXIMUM         73    356 PM  94    1963  79     -6       86
  MINIMUM         62    607 AM  46    1943  61      1       69
  AVERAGE         68                        70     -2       78

PRECIPITATION (IN)
  YESTERDAY        0.06          1.09 1892   0.11  -0.05     0.00
  MONTH TO DATE    5.03                      3.66   1.37     3.80
  SINCE JUN 1      5.03                      3.66   1.37     3.80
  SINCE JAN 1     17.66                     18.67  -1.01    21.33

SNOWFALL (IN)
  YESTERDAY        0.0           0.0    MM   0.0    0.0      0.0
  MONTH TO DATE    0.0                       0.0    0.0      0.0
  SINCE JUN 1      0.0                       0.0    0.0      0.0
  SINCE JUL 1    112.9                      94.7   18.2    129.9
  SNOW DEPTH       0

DEGREE DAYS
 HEATING
  YESTERDAY        0                         1     -1        0
  MONTH TO DATE   50                        65    -15       28
  SINCE JUN 1     50                        64    -14       28
  SINCE JUL 1   7028                      6617    411     7125

 COOLING
  YESTERDAY        3                         6     -3       13
  MONTH TO DATE   76                       103    -27      148
  SINCE JUN 1     76                       103    -27      148
  SINCE JAN 1    167                       129     38      171
..................................................................


WIND (MPH)
  HIGHEST WIND SPEED    16   HIGHEST WIND DIRECTION     W (250)
  HIGHEST GUST SPEED    20   HIGHEST GUST DIRECTION     W (250)
  AVERAGE WIND SPEED     7.3


SKY COVER
  AVERAGE SKY COVER 0.9


WEATHER CONDITIONS
 THE FOLLOWING WEATHER WAS RECORDED YESTERDAY.
  LIGHT RAIN
  FOG


RELATIVE HUMIDITY (PERCENT)
 HIGHEST    87           900 AM
 LOWEST     64           400 PM
 AVERAGE    76

..........................................................


THE BUFFALO NY CLIMATE NORMALS FOR TODAY
                         NORMAL    RECORD    YEAR
 MAXIMUM TEMPERATURE (F)   79        93      1963
 MINIMUM TEMPERATURE (F)   61        48      1943


SUNRISE AND SUNSET
JULY  1 2015..........SUNRISE   540 AM EDT   SUNSET   858 PM EDT
JULY  2 2015..........SUNRISE   540 AM EDT   SUNSET   857 PM EDT


-  INDICATES NEGATIVE NUMBERS.
R  INDICATES RECORD WAS SET OR TIED.
MM INDICATES DATA IS MISSING.
T  INDICATES TRACE AMOUNT.




$$
