000
CDUS41 KBUF 142026
CLIBUF


CLIMATE REPORT
NATIONAL WEATHER SERVICE BUFFALO NY
425 PM EDT SAT OCT 14 2017


...................................

...THE BUFFALO NY CLIMATE SUMMARY FOR OCTOBER 14 2017...
VALID TODAY AS OF 0400 PM LOCAL TIME.

CLIMATE NORMAL PERIOD 1981 TO 2010
CLIMATE RECORD PERIOD 1871 TO 2017


WEATHER ITEM   OBSERVED TIME   RECORD YEAR NORMAL DEPARTURE LAST
                VALUE   (LST)  VALUE       VALUE  FROM      YEAR
                                                  NORMAL
..................................................................
TEMPERATURE (F)
 TODAY
  MAXIMUM         72    254 PM  85    1954  60     12       61
  MINIMUM         54    452 AM  28    1993  43     11       38
  AVERAGE         63                        51     12       50

PRECIPITATION (IN)
  TODAY            0.00          1.67 1955   0.11  -0.11     0.00
  MONTH TO DATE    2.31                      1.70   0.61     0.84
  SINCE SEP 1      5.48                      5.60  -0.12     4.37
  SINCE JAN 1     37.76                     30.76   7.00    22.89

SNOWFALL (IN)
  TODAY            0.0           T    1983   0.0    0.0      0.0
  MONTH TO DATE    0.0                       0.2   -0.2      0.0
  SINCE SEP 1      0.0                       0.2   -0.2      0.0
  SINCE JUL 1      0.0                       0.2   -0.2      0.0
  SNOW DEPTH       0

DEGREE DAYS
 HEATING
  TODAY            2                        14    -12       15
  MONTH TO DATE   47                       161   -114       93
  SINCE SEP 1    140                       296   -156      137
  SINCE JUL 1    156                       323   -167      137

 COOLING
  TODAY            0                         0      0        0
  MONTH TO DATE   16                         0     16        0
  SINCE SEP 1    132                        53     79      109
  SINCE JAN 1    602                       540     62      927
..................................................................


WIND (MPH)
  HIGHEST WIND SPEED    10   HIGHEST WIND DIRECTION    SW (230)
  HIGHEST GUST SPEED    13   HIGHEST GUST DIRECTION    SW (230)
  AVERAGE WIND SPEED     5.8


SKY COVER
  AVERAGE SKY COVER 0.6


WEATHER CONDITIONS
 THE FOLLOWING WEATHER WAS RECORDED TODAY.
  NO SIGNIFICANT WEATHER WAS OBSERVED.


RELATIVE HUMIDITY (PERCENT)
 HIGHEST    93           100 AM
 LOWEST     61           300 PM
 AVERAGE    77

..........................................................


THE BUFFALO NY CLIMATE NORMALS FOR TOMORROW
                         NORMAL    RECORD    YEAR
 MAXIMUM TEMPERATURE (F)   59        80      1962
                                             1947
 MINIMUM TEMPERATURE (F)   43        25      1876


SUNRISE AND SUNSET
OCTOBER 14 2017.......SUNRISE   727 AM EDT   SUNSET   634 PM EDT
OCTOBER 15 2017.......SUNRISE   729 AM EDT   SUNSET   632 PM EDT


-  INDICATES NEGATIVE NUMBERS.
R  INDICATES RECORD WAS SET OR TIED.
MM INDICATES DATA IS MISSING.
T  INDICATES TRACE AMOUNT.




$$
