000
CDUS41 KBUF 290705
CLIBUF


CLIMATE REPORT
NATIONAL WEATHER SERVICE BUFFALO NY
205 AM EST TUE NOV 29 2016


...................................

...THE BUFFALO NY CLIMATE SUMMARY FOR NOVEMBER 28 2016...

CLIMATE NORMAL PERIOD 1981 TO 2010
CLIMATE RECORD PERIOD 1871 TO 2016


WEATHER ITEM   OBSERVED TIME   RECORD YEAR NORMAL DEPARTURE LAST
                VALUE   (LST)  VALUE       VALUE  FROM      YEAR
                                                  NORMAL
..................................................................
TEMPERATURE (F)
 YESTERDAY
  MAXIMUM         54    212 PM  72    1990  42     12       38
  MINIMUM         32    613 AM  11    1955  30      2       30
  AVERAGE         43                        36      7       34

PRECIPITATION (IN)
  YESTERDAY        0.00          0.96 1968   0.14  -0.14     0.03
  MONTH TO DATE    2.46                      3.75  -1.29     1.32
  SINCE SEP 1     10.40                     11.17  -0.77     9.42
  SINCE JAN 1     28.92                     36.33  -7.41    33.89

SNOWFALL (IN)
  YESTERDAY        0.0           8.2  1965   0.4   -0.4       T
  MONTH TO DATE    0.9                       7.0   -6.1       T
  SINCE SEP 1      0.9                       7.9   -7.0       T
  SINCE JUL 1      0.9                       7.9   -7.0       T
  SNOW DEPTH       0

DEGREE DAYS
 HEATING
  YESTERDAY       22                        29     -7       31
  MONTH TO DATE  565                       670   -105      498
  SINCE SEP 1    944                      1248   -304      969
  SINCE JUL 1    944                      1275   -331      984

 COOLING
  YESTERDAY        0                         0      0        0
  MONTH TO DATE    0                         0      0        0
  SINCE SEP 1    121                        57     64      132
  SINCE JAN 1    939                       544    395      657
..................................................................


WIND (MPH)
  HIGHEST WIND SPEED    15   HIGHEST WIND DIRECTION    SE (150)
  HIGHEST GUST SPEED    22   HIGHEST GUST DIRECTION    SE (140)
  AVERAGE WIND SPEED     7.9


SKY COVER
  AVERAGE SKY COVER 0.7


WEATHER CONDITIONS
 THE FOLLOWING WEATHER WAS RECORDED YESTERDAY.
  NO SIGNIFICANT WEATHER WAS OBSERVED.


RELATIVE HUMIDITY (PERCENT)
 HIGHEST    89          1200 AM
 LOWEST     35           200 PM
 AVERAGE    62

..........................................................


THE BUFFALO NY CLIMATE NORMALS FOR TODAY
                         NORMAL    RECORD    YEAR
 MAXIMUM TEMPERATURE (F)   42        68      2006
 MINIMUM TEMPERATURE (F)   30         4      1875


SUNRISE AND SUNSET
NOVEMBER 29 2016......SUNRISE   725 AM EST   SUNSET   442 PM EST
NOVEMBER 30 2016......SUNRISE   726 AM EST   SUNSET   442 PM EST


-  INDICATES NEGATIVE NUMBERS.
R  INDICATES RECORD WAS SET OR TIED.
MM INDICATES DATA IS MISSING.
T  INDICATES TRACE AMOUNT.




$$
