000
CDUS41 KBUF 080705
CLIBUF


CLIMATE REPORT
NATIONAL WEATHER SERVICE BUFFALO NY
205 AM EST FRI DEC 8 2017


...................................

...THE BUFFALO NY CLIMATE SUMMARY FOR DECEMBER 7 2017...

CLIMATE NORMAL PERIOD 1981 TO 2010
CLIMATE RECORD PERIOD 1871 TO 2017


WEATHER ITEM   OBSERVED TIME   RECORD YEAR NORMAL DEPARTURE LAST
                VALUE   (LST)  VALUE       VALUE  FROM      YEAR
                                                  NORMAL
..................................................................
TEMPERATURE (F)
 YESTERDAY
  MAXIMUM         34    105 AM  69    1998  39     -5       41
  MINIMUM         27   1038 PM   5    1906  27      0       34
                                      1885
  AVERAGE         31                        33     -2       38

PRECIPITATION (IN)
  YESTERDAY        T             1.06 1957   0.12  -0.12     0.08
  MONTH TO DATE    0.70                      0.87  -0.17     0.89
  SINCE DEC 1      0.70                      0.87  -0.17     0.89
  SINCE JAN 1     46.25                     37.46   8.79    30.70

SNOWFALL (IN)
  YESTERDAY       MM             7.2  1959   0.7   MM         T
  MONTH TO DATE    1.7                       4.5   -2.8      0.3
  SINCE DEC 1      1.7                       4.5   -2.8      0.3
  SINCE JUL 1      1.9                      13.3  -11.4      1.2
  SNOW DEPTH       0

DEGREE DAYS
 HEATING
  YESTERDAY       34                        32      2       27
  MONTH TO DATE  185                       218    -33      186
  SINCE DEC 1    185                       218    -33      186
  SINCE JUL 1   1300                      1551   -251     1156

 COOLING
  YESTERDAY        0                         0      0        0
  MONTH TO DATE    0                         0      0        0
  SINCE DEC 1      0                         0      0        0
  SINCE JAN 1    603                       544     59      939
..................................................................


WIND (MPH)
  HIGHEST WIND SPEED    22   HIGHEST WIND DIRECTION     W (260)
  HIGHEST GUST SPEED    29   HIGHEST GUST DIRECTION     W (280)
  AVERAGE WIND SPEED    12.8


SKY COVER
  AVERAGE SKY COVER 0.9


WEATHER CONDITIONS
 THE FOLLOWING WEATHER WAS RECORDED YESTERDAY.
  LIGHT SNOW


RELATIVE HUMIDITY (PERCENT)
 HIGHEST    78          1100 AM
 LOWEST     50          1100 PM
 AVERAGE    64

..........................................................


THE BUFFALO NY CLIMATE NORMALS FOR TODAY
                         NORMAL    RECORD    YEAR
 MAXIMUM TEMPERATURE (F)   38        66      1966
                                             1916
 MINIMUM TEMPERATURE (F)   26         2      1906


SUNRISE AND SUNSET
DECEMBER  8 2017......SUNRISE   733 AM EST   SUNSET   440 PM EST
DECEMBER  9 2017......SUNRISE   734 AM EST   SUNSET   440 PM EST


-  INDICATES NEGATIVE NUMBERS.
R  INDICATES RECORD WAS SET OR TIED.
MM INDICATES DATA IS MISSING.
T  INDICATES TRACE AMOUNT.




$$
