000
CDUS41 KBUF 100705
CLIBUF


CLIMATE REPORT
NATIONAL WEATHER SERVICE BUFFALO NY
305 AM EDT TUE OCT 10 2017


...................................

...THE BUFFALO NY CLIMATE SUMMARY FOR OCTOBER 9 2017...

CLIMATE NORMAL PERIOD 1981 TO 2010
CLIMATE RECORD PERIOD 1871 TO 2017


WEATHER ITEM   OBSERVED TIME   RECORD YEAR NORMAL DEPARTURE LAST
                VALUE   (LST)  VALUE       VALUE  FROM      YEAR
                                                  NORMAL
..................................................................
TEMPERATURE (F)
 YESTERDAY
  MAXIMUM         68    254 PM  81    1909  62      6       57
  MINIMUM         59    240 AM  31    1925  45     14       45
  AVERAGE         64                        53     11       51

PRECIPITATION (IN)
  YESTERDAY        1.81R         1.70 1906   0.12   1.69     0.05
  MONTH TO DATE    2.06                      1.11   0.95     0.74
  SINCE SEP 1      5.23                      5.01   0.22     4.27
  SINCE JAN 1     37.51                     30.17   7.34    22.79

SNOWFALL (IN)
  YESTERDAY        0.0           0.4  1925   0.1   -0.1      0.0
  MONTH TO DATE    0.0                       0.2   -0.2      0.0
  SINCE SEP 1      0.0                       0.2   -0.2      0.0
  SINCE JUL 1      0.0                       0.2   -0.2      0.0
  SNOW DEPTH       0

DEGREE DAYS
 HEATING
  YESTERDAY        1                        12    -11       14
  MONTH TO DATE   26                        96    -70       34
  SINCE SEP 1    119                       231   -112       78
  SINCE JUL 1    135                       258   -123       78

 COOLING
  YESTERDAY        0                         0      0        0
  MONTH TO DATE   16                         0     16        0
  SINCE SEP 1    132                        53     79      109
  SINCE JAN 1    602                       540     62      927
..................................................................


WIND (MPH)
  HIGHEST WIND SPEED    21   HIGHEST WIND DIRECTION    NE (60)
  HIGHEST GUST SPEED    28   HIGHEST GUST DIRECTION    NE (30)
  AVERAGE WIND SPEED     9.2


SKY COVER
  AVERAGE SKY COVER 1.0


WEATHER CONDITIONS
 THE FOLLOWING WEATHER WAS RECORDED YESTERDAY.
  HEAVY RAIN
  RAIN
  LIGHT RAIN
  FOG


RELATIVE HUMIDITY (PERCENT)
 HIGHEST    93           100 AM
 LOWEST     81           300 PM
 AVERAGE    87

..........................................................


THE BUFFALO NY CLIMATE NORMALS FOR TODAY
                         NORMAL    RECORD    YEAR
 MAXIMUM TEMPERATURE (F)   61        85      1949
 MINIMUM TEMPERATURE (F)   44        29      1972
                                             1925


SUNRISE AND SUNSET
OCTOBER 10 2017.......SUNRISE   723 AM EDT   SUNSET   640 PM EDT
OCTOBER 11 2017.......SUNRISE   724 AM EDT   SUNSET   639 PM EDT


-  INDICATES NEGATIVE NUMBERS.
R  INDICATES RECORD WAS SET OR TIED.
MM INDICATES DATA IS MISSING.
T  INDICATES TRACE AMOUNT.




$$
