000
CDUS41 KBUF 201022
CLIBUF


CLIMATE REPORT
NATIONAL WEATHER SERVICE BUFFALO NY
621 AM EDT MON MAR 20 2017


...................................

...THE BUFFALO NY CLIMATE SUMMARY FOR MARCH 19 2017...

CLIMATE NORMAL PERIOD 1981 TO 2010
CLIMATE RECORD PERIOD 1871 TO 2017


WEATHER ITEM   OBSERVED TIME   RECORD YEAR NORMAL DEPARTURE LAST
                VALUE   (LST)  VALUE       VALUE  FROM      YEAR
                                                  NORMAL
..................................................................
TEMPERATURE (F)
 YESTERDAY
  MAXIMUM         41    154 PM  74    2012  43     -2       37
  MINIMUM         31   1159 PM  -1    1993  27      4       24
                                      1967
  AVERAGE         36                        35      1       31

PRECIPITATION (IN)
  YESTERDAY        T             0.97 1951   0.09  -0.09     0.00
  MONTH TO DATE    2.23                      1.71   0.52     1.53
  SINCE MAR 1      2.23                      1.71   0.52     1.53
  SINCE JAN 1      7.41                      7.38   0.03     6.81

SNOWFALL (IN)
  YESTERDAY        0.0           6.4  1906   0.3   -0.3      0.0
  MONTH TO DATE   26.8                       9.2   17.6      0.9
  SINCE MAR 1     26.8                       9.2   17.6      0.9
  SINCE JUL 1     73.8                      88.0  -14.2     48.0
  SNOW DEPTH       5

DEGREE DAYS
 HEATING
  YESTERDAY       29                        30     -1       34
  MONTH TO DATE  686                       630     56      499
  SINCE MAR 1    686                       630     56      499
  SINCE JUL 1   4578                      5374   -796     4437

 COOLING
  YESTERDAY        0                         0      0        0
  MONTH TO DATE    0                         0      0        0
  SINCE MAR 1      0                         0      0        0
  SINCE JAN 1      0                         0      0        0
..................................................................


WIND (MPH)
  HIGHEST WIND SPEED    10   HIGHEST WIND DIRECTION    NE (30)
  HIGHEST GUST SPEED    14   HIGHEST GUST DIRECTION     N (10)
  AVERAGE WIND SPEED     6.0


SKY COVER
  AVERAGE SKY COVER 0.8


WEATHER CONDITIONS
 THE FOLLOWING WEATHER WAS RECORDED YESTERDAY.
  LIGHT RAIN
  FOG
  HAZE


RELATIVE HUMIDITY (PERCENT)
 HIGHEST    89          1200 AM
 LOWEST     55           200 PM
 AVERAGE    72

..........................................................


THE BUFFALO NY CLIMATE NORMALS FOR TODAY
                         NORMAL    RECORD    YEAR
 MAXIMUM TEMPERATURE (F)   43        80      2012
 MINIMUM TEMPERATURE (F)   27         2      1885


SUNRISE AND SUNSET
MARCH 20 2017.........SUNRISE   718 AM EDT   SUNSET   728 PM EDT
MARCH 21 2017.........SUNRISE   716 AM EDT   SUNSET   729 PM EDT


-  INDICATES NEGATIVE NUMBERS.
R  INDICATES RECORD WAS SET OR TIED.
MM INDICATES DATA IS MISSING.
T  INDICATES TRACE AMOUNT.




$$
