987
CDUS41 KBUF 300705
CLIBUF


CLIMATE REPORT
NATIONAL WEATHER SERVICE BUFFALO NY
205 AM EST WED NOV 30 2016


...................................

...THE BUFFALO NY CLIMATE SUMMARY FOR NOVEMBER 29 2016...

CLIMATE NORMAL PERIOD 1981 TO 2010
CLIMATE RECORD PERIOD 1871 TO 2016


WEATHER ITEM   OBSERVED TIME   RECORD YEAR NORMAL DEPARTURE LAST
                VALUE   (LST)  VALUE       VALUE  FROM      YEAR
                                                  NORMAL
..................................................................
TEMPERATURE (F)
 YESTERDAY
  MAXIMUM         60    125 PM  68    2006  42     18       38
  MINIMUM         44   1230 AM   4    1875  30     14       27
  AVERAGE         52                        36     16       33

PRECIPITATION (IN)
  YESTERDAY        0.06          1.62 1963   0.13  -0.07     0.00
  MONTH TO DATE    2.52                      3.88  -1.36     1.32
  SINCE SEP 1     10.46                     11.30  -0.84     9.42
  SINCE JAN 1     28.98                     36.46  -7.48    33.89

SNOWFALL (IN)
  YESTERDAY       MM            13.2  1955   0.4   MM        0.0
  MONTH TO DATE    0.9                       7.4   -6.5       T
  SINCE SEP 1      0.9                       8.3   -7.4       T
  SINCE JUL 1      0.9                       8.3   -7.4       T
  SNOW DEPTH       0

DEGREE DAYS
 HEATING
  YESTERDAY       13                        29    -16       32
  MONTH TO DATE  578                       699   -121      530
  SINCE SEP 1    957                      1277   -320     1001
  SINCE JUL 1    957                      1304   -347     1016

 COOLING
  YESTERDAY        0                         0      0        0
  MONTH TO DATE    0                         0      0        0
  SINCE SEP 1    121                        57     64      132
  SINCE JAN 1    939                       544    395      657
..................................................................


WIND (MPH)
  HIGHEST WIND SPEED    26   HIGHEST WIND DIRECTION     S (180)
  HIGHEST GUST SPEED    36   HIGHEST GUST DIRECTION     S (180)
  AVERAGE WIND SPEED    13.3


SKY COVER
  AVERAGE SKY COVER 0.8


WEATHER CONDITIONS
 THE FOLLOWING WEATHER WAS RECORDED YESTERDAY.
  RAIN


RELATIVE HUMIDITY (PERCENT)
 HIGHEST    89          1100 PM
 LOWEST     45          1200 AM
 AVERAGE    67

..........................................................


THE BUFFALO NY CLIMATE NORMALS FOR TODAY
                         NORMAL    RECORD    YEAR
 MAXIMUM TEMPERATURE (F)   42        67      1998
 MINIMUM TEMPERATURE (F)   29         2      1875


SUNRISE AND SUNSET
NOVEMBER 30 2016......SUNRISE   726 AM EST   SUNSET   442 PM EST
DECEMBER  1 2016......SUNRISE   727 AM EST   SUNSET   441 PM EST


-  INDICATES NEGATIVE NUMBERS.
R  INDICATES RECORD WAS SET OR TIED.
MM INDICATES DATA IS MISSING.
T  INDICATES TRACE AMOUNT.




$$
