000
CDUS41 KBUF 091027
CLIBUF


CLIMATE REPORT
NATIONAL WEATHER SERVICE BUFFALO NY
626 AM EDT WED APR 9 2014


...................................

...THE BUFFALO NY CLIMATE SUMMARY FOR APRIL 8 2014...

CLIMATE NORMAL PERIOD 1981 TO 2010
CLIMATE RECORD PERIOD 1871 TO 2014


WEATHER ITEM   OBSERVED TIME   RECORD YEAR NORMAL DEPARTURE LAST
                VALUE   (LST)  VALUE       VALUE  FROM      YEAR
                                                  NORMAL
..................................................................
TEMPERATURE (F)
 YESTERDAY
  MAXIMUM         40    532 PM  75    1991  52    -12       64
                                      1921
  MINIMUM         34    958 PM  13    1972  34      0       34
  AVERAGE         37                        43     -6       49

PRECIPITATION (IN)
  YESTERDAY        0.39          0.92 2000   0.11   0.28     0.10
  MONTH TO DATE    1.67                      0.84   0.83     0.11
  SINCE MAR 1      4.22                      3.71   0.51     1.17
  SINCE JAN 1     11.00                      9.38   1.62     6.72

SNOWFALL (IN)
  YESTERDAY        T             3.4  1957   0.1   -0.1      0.0
  MONTH TO DATE    0.2                       1.3   -1.1      0.3
  SINCE MAR 1     24.7                      14.2   10.5     10.1
  SINCE JUL 1    128.9                      93.0   35.9     58.8
  SNOW DEPTH       0

DEGREE DAYS
 HEATING
  YESTERDAY       28                        22      6       16
  MONTH TO DATE  199                       189     10      212
  SINCE MAR 1   1377                      1150    227     1198
  SINCE JUL 1   6483                      5894    589     5518

 COOLING
  YESTERDAY        0                         0      0        0
  MONTH TO DATE    0                         0      0        0
  SINCE MAR 1      0                         0      0        0
  SINCE JAN 1      0                         0      0        0
..................................................................


WIND (MPH)
  HIGHEST WIND SPEED    23   HIGHEST WIND DIRECTION    SW (240)
  HIGHEST GUST SPEED    29   HIGHEST GUST DIRECTION    SW (230)
  AVERAGE WIND SPEED    12.4


SKY COVER
  POSSIBLE SUNSHINE  28 PERCENT
  AVERAGE SKY COVER 0.8


WEATHER CONDITIONS
 THE FOLLOWING WEATHER WAS RECORDED YESTERDAY.
  RAIN
  LIGHT RAIN
  SNOW
  FOG


RELATIVE HUMIDITY (PERCENT)
 HIGHEST   100           900 AM
 LOWEST     79           600 PM
 AVERAGE    90

..........................................................


THE BUFFALO NY CLIMATE NORMALS FOR TODAY
                         NORMAL    RECORD    YEAR
 MAXIMUM TEMPERATURE (F)   52        80      1969
 MINIMUM TEMPERATURE (F)   34        17      1972


SUNRISE AND SUNSET
APRIL  9 2014.........SUNRISE   643 AM EDT   SUNSET   750 PM EDT
APRIL 10 2014.........SUNRISE   642 AM EDT   SUNSET   752 PM EDT


-  INDICATES NEGATIVE NUMBERS.
R  INDICATES RECORD WAS SET OR TIED.
MM INDICATES DATA IS MISSING.
T  INDICATES TRACE AMOUNT.




$$
