000
CDUS41 KBUF 151018
CLIBUF


CLIMATE REPORT
NATIONAL WEATHER SERVICE BUFFALO NY
517 AM EST SAT NOV 15 2014


...................................

...THE BUFFALO NY CLIMATE SUMMARY FOR NOVEMBER 14 2014...

CLIMATE NORMAL PERIOD 1981 TO 2010
CLIMATE RECORD PERIOD 1871 TO 2014


WEATHER ITEM   OBSERVED TIME   RECORD YEAR NORMAL DEPARTURE LAST
                VALUE   (LST)  VALUE       VALUE  FROM      YEAR
                                                  NORMAL
..................................................................
TEMPERATURE (F)
 YESTERDAY
  MAXIMUM         35   1251 PM  69    1994  48    -13       49
  MINIMUM         26    629 AM  15    1986  35     -9       37
  AVERAGE         31                        41    -10       43

PRECIPITATION (IN)
  YESTERDAY        T             1.93 1871   0.14  -0.14     0.00
  MONTH TO DATE    0.65                      1.84  -1.19     1.50
  SINCE SEP 1      8.38                      9.26  -0.88    12.03
  SINCE JAN 1     38.32                     34.42   3.90    39.66

SNOWFALL (IN)
  YESTERDAY        T             9.5  1997   0.3   -0.3      0.0
  MONTH TO DATE    0.2                       2.4   -2.2      0.7
  SINCE SEP 1      0.2                       3.3   -3.1      0.7
  SINCE JUL 1      0.2                       3.3   -3.1      0.7
  SNOW DEPTH       T

DEGREE DAYS
 HEATING
  YESTERDAY       34                        24     10       22
  MONTH TO DATE  305                       301      4      322
  SINCE SEP 1    772                       879   -107      811
  SINCE JUL 1    794                       906   -112      827

 COOLING
  YESTERDAY        0                         0      0        0
  MONTH TO DATE    0                         0      0        0
  SINCE SEP 1     70                        57     13       59
  SINCE JAN 1    516                       544    -28      611
..................................................................


WIND (MPH)
  HIGHEST WIND SPEED    17   HIGHEST WIND DIRECTION     W (280)
  HIGHEST GUST SPEED    24   HIGHEST GUST DIRECTION    NW (310)
  AVERAGE WIND SPEED    10.8


SKY COVER
  AVERAGE SKY COVER 0.6


WEATHER CONDITIONS
 THE FOLLOWING WEATHER WAS RECORDED YESTERDAY.
  LIGHT SNOW


RELATIVE HUMIDITY (PERCENT)
 HIGHEST    78           600 PM
 LOWEST     56           100 PM
 AVERAGE    67

..........................................................


THE BUFFALO NY CLIMATE NORMALS FOR TODAY
                         NORMAL    RECORD    YEAR
 MAXIMUM TEMPERATURE (F)   48        70      1927
 MINIMUM TEMPERATURE (F)   34         8      1933


SUNRISE AND SUNSET
NOVEMBER 15 2014......SUNRISE   707 AM EST   SUNSET   452 PM EST
NOVEMBER 16 2014......SUNRISE   708 AM EST   SUNSET   451 PM EST


-  INDICATES NEGATIVE NUMBERS.
R  INDICATES RECORD WAS SET OR TIED.
MM INDICATES DATA IS MISSING.
T  INDICATES TRACE AMOUNT.




$$
