000
CDUS41 KBUF 161013
CLIBUF


CLIMATE REPORT
NATIONAL WEATHER SERVICE BUFFALO NY
613 AM EDT TUE MAY 16 2017


...................................

...THE BUFFALO NY CLIMATE SUMMARY FOR MAY 15 2017...

CLIMATE NORMAL PERIOD 1981 TO 2010
CLIMATE RECORD PERIOD 1871 TO 2017


WEATHER ITEM   OBSERVED TIME   RECORD YEAR NORMAL DEPARTURE LAST
                VALUE   (LST)  VALUE       VALUE  FROM      YEAR
                                                  NORMAL
..................................................................
TEMPERATURE (F)
 YESTERDAY
  MAXIMUM         61   1234 PM  87    1961  66     -5       47
  MINIMUM         44    515 AM  34    1920  47     -3       38
  AVERAGE         53                        57     -4       43

PRECIPITATION (IN)
  YESTERDAY        0.00          1.33 2011   0.11  -0.11      T
  MONTH TO DATE    3.70                      1.56   2.14     1.14
  SINCE MAR 1     14.44                      7.44   7.00     5.89
  SINCE JAN 1     19.62                     13.11   6.51    11.17

SNOWFALL (IN)
  YESTERDAY        0.0           T    2016   0.0    0.0       T
                                      1959
  MONTH TO DATE    0.0                       0.2   -0.2       T
  SINCE MAR 1     29.1                      15.8   13.3      8.0
  SINCE JUL 1     76.1                      94.6  -18.5     55.1
  SNOW DEPTH       0

DEGREE DAYS
 HEATING
  YESTERDAY       12                         9      3       22
  MONTH TO DATE  230                       165     65      174
  SINCE MAR 1   1646                      1702    -56     1594
  SINCE JUL 1   5538                      6446   -908     5532

 COOLING
  YESTERDAY        0                         1     -1        0
  MONTH TO DATE    0                         3     -3        2
  SINCE MAR 1      6                         6      0        2
  SINCE JAN 1      6                         6      0        2
..................................................................


WIND (MPH)
  HIGHEST WIND SPEED    23   HIGHEST WIND DIRECTION    SW (240)
  HIGHEST GUST SPEED    29   HIGHEST GUST DIRECTION    SW (230)
  AVERAGE WIND SPEED    12.0


SKY COVER
  AVERAGE SKY COVER 0.2


WEATHER CONDITIONS
 THE FOLLOWING WEATHER WAS RECORDED YESTERDAY.
  NO SIGNIFICANT WEATHER WAS OBSERVED.


RELATIVE HUMIDITY (PERCENT)
 HIGHEST    77          1000 PM
 LOWEST     49          1200 PM
 AVERAGE    63

..........................................................


THE BUFFALO NY CLIMATE NORMALS FOR TODAY
                         NORMAL    RECORD    YEAR
 MAXIMUM TEMPERATURE (F)   67        89      1991
 MINIMUM TEMPERATURE (F)   47        32      1936


SUNRISE AND SUNSET
MAY 16 2017...........SUNRISE   551 AM EDT   SUNSET   833 PM EDT
MAY 17 2017...........SUNRISE   550 AM EDT   SUNSET   834 PM EDT


-  INDICATES NEGATIVE NUMBERS.
R  INDICATES RECORD WAS SET OR TIED.
MM INDICATES DATA IS MISSING.
T  INDICATES TRACE AMOUNT.




$$
