000
CDUS41 KBUF 260706
CLIBUF


CLIMATE REPORT
NATIONAL WEATHER SERVICE BUFFALO NY
305 AM EDT TUE APR 26 2016


...................................

...THE BUFFALO NY CLIMATE SUMMARY FOR APRIL 25 2016...

CLIMATE NORMAL PERIOD 1981 TO 2010
CLIMATE RECORD PERIOD 1871 TO 2016


WEATHER ITEM   OBSERVED TIME   RECORD YEAR NORMAL DEPARTURE LAST
                VALUE   (LST)  VALUE       VALUE  FROM      YEAR
                                                  NORMAL
..................................................................
TEMPERATURE (F)
 YESTERDAY
  MAXIMUM         56    213 PM  87    1957  59     -3       51
  MINIMUM         40   1151 PM  21    1919  40      0       27
  AVERAGE         48                        50     -2       39

PRECIPITATION (IN)
  YESTERDAY        0.15          1.51 1976   0.09   0.06     0.00
  MONTH TO DATE    1.51                      2.52  -1.01     2.67
  SINCE MAR 1      4.36                      5.39  -1.03     4.11
  SINCE JAN 1      9.64                     11.06  -1.42     9.10

SNOWFALL (IN)
  YESTERDAY       MM             0.4  1971   0.0   MM        0.0
  MONTH TO DATE    7.1                       2.6    4.5      0.3
  SINCE MAR 1      8.0                      15.5   -7.5      9.9
  SINCE JUL 1     55.1                      94.3  -39.2    112.9
  SNOW DEPTH       0

DEGREE DAYS
 HEATING
  YESTERDAY       17                        15      2       26
  MONTH TO DATE  544                       503     41      481
  SINCE MAR 1   1316                      1464   -148     1583
  SINCE JUL 1   5254                      6208   -954     6731

 COOLING
  YESTERDAY        0                         0      0        0
  MONTH TO DATE    0                         0      0        0
  SINCE MAR 1      0                         0      0        0
  SINCE JAN 1      0                         0      0        0
..................................................................


WIND (MPH)
  HIGHEST WIND SPEED    22   HIGHEST WIND DIRECTION    NE (60)
  HIGHEST GUST SPEED    27   HIGHEST GUST DIRECTION    NE (50)
  AVERAGE WIND SPEED    12.3


SKY COVER
  AVERAGE SKY COVER 0.9


WEATHER CONDITIONS
 THE FOLLOWING WEATHER WAS RECORDED YESTERDAY.
  RAIN
  LIGHT RAIN
  FOG


RELATIVE HUMIDITY (PERCENT)
 HIGHEST    86          1100 PM
 LOWEST     43           200 PM
 AVERAGE    65

..........................................................


THE BUFFALO NY CLIMATE NORMALS FOR TODAY
                         NORMAL    RECORD    YEAR
 MAXIMUM TEMPERATURE (F)   60        84      1921
 MINIMUM TEMPERATURE (F)   41        23      1919


SUNRISE AND SUNSET
APRIL 26 2016.........SUNRISE   615 AM EDT   SUNSET   811 PM EDT
APRIL 27 2016.........SUNRISE   614 AM EDT   SUNSET   812 PM EDT


-  INDICATES NEGATIVE NUMBERS.
R  INDICATES RECORD WAS SET OR TIED.
MM INDICATES DATA IS MISSING.
T  INDICATES TRACE AMOUNT.




$$
