000
CDUS41 KBUF 051016
CLIBUF


CLIMATE REPORT
NATIONAL WEATHER SERVICE BUFFALO NY
514 AM EST TUE DEC 5 2017


...................................

...THE BUFFALO NY CLIMATE SUMMARY FOR DECEMBER 4 2017...

CLIMATE NORMAL PERIOD 1981 TO 2010
CLIMATE RECORD PERIOD 1871 TO 2017


WEATHER ITEM   OBSERVED TIME   RECORD YEAR NORMAL DEPARTURE LAST
                VALUE   (LST)  VALUE       VALUE  FROM      YEAR
                                                  NORMAL
..................................................................
TEMPERATURE (F)
 YESTERDAY
  MAXIMUM         52   1159 PM  70    1941  40     12       41
  MINIMUM         32    501 AM  -2    1966  28      4       36
  AVERAGE         42                        34      8       39

PRECIPITATION (IN)
  YESTERDAY        T             0.95 1891   0.12  -0.12     0.00
  MONTH TO DATE    T                         0.50  -0.50     0.39
  SINCE DEC 1      T                         0.50  -0.50     0.39
  SINCE JAN 1     45.55                     37.09   8.46    30.20

SNOWFALL (IN)
  YESTERDAY        0.0           5.4  2006   0.7   -0.7      0.0
  MONTH TO DATE    0.0                       2.5   -2.5       T
  SINCE DEC 1      0.0                       2.5   -2.5       T
  SINCE JUL 1      0.2                      11.3  -11.1      0.9
  SNOW DEPTH       0

DEGREE DAYS
 HEATING
  YESTERDAY       23                        31     -8       26
  MONTH TO DATE  100                       122    -22      102
  SINCE DEC 1    100                       122    -22      102
  SINCE JUL 1   1215                      1455   -240     1072

 COOLING
  YESTERDAY        0                         0      0        0
  MONTH TO DATE    0                         0      0        0
  SINCE DEC 1      0                         0      0        0
  SINCE JAN 1    603                       544     59      939
..................................................................


WIND (MPH)
  HIGHEST WIND SPEED    22   HIGHEST WIND DIRECTION     S (170)
  HIGHEST GUST SPEED    28   HIGHEST GUST DIRECTION     S (180)
  AVERAGE WIND SPEED     9.6


SKY COVER
  AVERAGE SKY COVER 0.7


WEATHER CONDITIONS
 THE FOLLOWING WEATHER WAS RECORDED YESTERDAY.
  FOG


RELATIVE HUMIDITY (PERCENT)
 HIGHEST   100          1200 AM
 LOWEST     44           700 PM
 AVERAGE    72

..........................................................


THE BUFFALO NY CLIMATE NORMALS FOR TODAY
                         NORMAL    RECORD    YEAR
 MAXIMUM TEMPERATURE (F)   40        67      1982
 MINIMUM TEMPERATURE (F)   27        -3      1886


SUNRISE AND SUNSET
DECEMBER  5 2017......SUNRISE   731 AM EST   SUNSET   441 PM EST
DECEMBER  6 2017......SUNRISE   732 AM EST   SUNSET   440 PM EST


-  INDICATES NEGATIVE NUMBERS.
R  INDICATES RECORD WAS SET OR TIED.
MM INDICATES DATA IS MISSING.
T  INDICATES TRACE AMOUNT.




$$
