000
CDUS41 KBUF 160705
CLIBUF


CLIMATE REPORT
NATIONAL WEATHER SERVICE BUFFALO NY
205 AM EST TUE DEC 16 2014


...................................

...THE BUFFALO NY CLIMATE SUMMARY FOR DECEMBER 15 2014...

CLIMATE NORMAL PERIOD 1981 TO 2010
CLIMATE RECORD PERIOD 1871 TO 2014


WEATHER ITEM   OBSERVED TIME   RECORD YEAR NORMAL DEPARTURE LAST
                VALUE   (LST)  VALUE       VALUE  FROM      YEAR
                                                  NORMAL
..................................................................
TEMPERATURE (F)
 YESTERDAY
  MAXIMUM         40    339 PM  65    1971  36      4       25
  MINIMUM         34   1159 PM  -4    1943  24     10       16
  AVERAGE         37                        30      7       21

PRECIPITATION (IN)
  YESTERDAY        T             1.26 1945   0.13  -0.13     0.19
  MONTH TO DATE    0.90                      1.90  -1.00     1.08
  SINCE DEC 1      0.90                      1.90  -1.00     1.08
  SINCE JAN 1     41.15                     38.49   2.66    42.17

SNOWFALL (IN)
  YESTERDAY       MM            18.3  1945   1.0   MM        2.9
  MONTH TO DATE    9.4                      11.4   -2.0     16.6
  SINCE DEC 1      9.4                      11.4   -2.0     16.6
  SINCE JUL 1     29.9                      20.2    9.7     26.6
  SNOW DEPTH       0

DEGREE DAYS
 HEATING
  YESTERDAY       28                        35     -7       44
  MONTH TO DATE  480                       489     -9      543
  SINCE DEC 1    480                       489     -9      543
  SINCE JUL 1   1778                      1822    -44     1861

 COOLING
  YESTERDAY        0                         0      0        0
  MONTH TO DATE    0                         0      0        0
  SINCE DEC 1      0                         0      0        0
  SINCE JAN 1    516                       544    -28      611
..................................................................


WIND (MPH)
  HIGHEST WIND SPEED    12   HIGHEST WIND DIRECTION    SE (140)
  HIGHEST GUST SPEED    13   HIGHEST GUST DIRECTION    SE (140)
  AVERAGE WIND SPEED     5.5


SKY COVER
  AVERAGE SKY COVER 1.0


WEATHER CONDITIONS
 THE FOLLOWING WEATHER WAS RECORDED YESTERDAY.
  LIGHT RAIN
  FOG
  FOG W/VISIBILITY <= 1/4 MILE


RELATIVE HUMIDITY (PERCENT)
 HIGHEST   100           600 PM
 LOWEST     85          1200 AM
 AVERAGE    93

..........................................................


THE BUFFALO NY CLIMATE NORMALS FOR TODAY
                         NORMAL    RECORD    YEAR
 MAXIMUM TEMPERATURE (F)   36        64      1984
 MINIMUM TEMPERATURE (F)   24         0      1876


SUNRISE AND SUNSET
DECEMBER 16 2014......SUNRISE   740 AM EST   SUNSET   441 PM EST
DECEMBER 17 2014......SUNRISE   740 AM EST   SUNSET   442 PM EST


-  INDICATES NEGATIVE NUMBERS.
R  INDICATES RECORD WAS SET OR TIED.
MM INDICATES DATA IS MISSING.
T  INDICATES TRACE AMOUNT.




$$
