000
CDUS41 KBUF 171009
CLIBUF


CLIMATE REPORT
NATIONAL WEATHER SERVICE BUFFALO NY
609 AM EDT TUE MAY 17 2016


...................................

...THE BUFFALO NY CLIMATE SUMMARY FOR MAY 16 2016...

CLIMATE NORMAL PERIOD 1981 TO 2010
CLIMATE RECORD PERIOD 1871 TO 2016


WEATHER ITEM   OBSERVED TIME   RECORD YEAR NORMAL DEPARTURE LAST
                VALUE   (LST)  VALUE       VALUE  FROM      YEAR
                                                  NORMAL
..................................................................
TEMPERATURE (F)
 YESTERDAY
  MAXIMUM         57    450 PM  89    1991  67    -10       67
  MINIMUM         38    526 AM  32    1936  47     -9       59
  AVERAGE         48                        57     -9       63

PRECIPITATION (IN)
  YESTERDAY        0.01          1.36 1893   0.11  -0.10      T
  MONTH TO DATE    1.15                      1.67  -0.52     0.68
  SINCE MAR 1      5.90                      7.55  -1.65     4.82
  SINCE JAN 1     11.18                     13.22  -2.04     9.81

SNOWFALL (IN)
  YESTERDAY        0.0           T    1959   0.0    0.0      0.0
  MONTH TO DATE    T                         0.2   -0.2      0.0
  SINCE MAR 1      8.0                      15.8   -7.8      9.9
  SINCE JUL 1     55.1                      94.6  -39.5    112.9
  SNOW DEPTH       0

DEGREE DAYS
 HEATING
  YESTERDAY       17                         9      8        2
  MONTH TO DATE  191                       174     17       75
  SINCE MAR 1   1611                      1711   -100     1747
  SINCE JUL 1   5549                      6455   -906     6895

 COOLING
  YESTERDAY        0                         1     -1        0
  MONTH TO DATE    2                         4     -2       40
  SINCE MAR 1      2                         7     -5       40
  SINCE JAN 1      2                         7     -5       40
..................................................................


WIND (MPH)
  HIGHEST WIND SPEED    28   HIGHEST WIND DIRECTION    SW (240)
  HIGHEST GUST SPEED    38   HIGHEST GUST DIRECTION     W (260)
  AVERAGE WIND SPEED    15.2


SKY COVER
  AVERAGE SKY COVER 0.4


WEATHER CONDITIONS
 THE FOLLOWING WEATHER WAS RECORDED YESTERDAY.
  LIGHT RAIN


RELATIVE HUMIDITY (PERCENT)
 HIGHEST    80          1100 PM
 LOWEST     38           500 PM
 AVERAGE    59

..........................................................


THE BUFFALO NY CLIMATE NORMALS FOR TODAY
                         NORMAL    RECORD    YEAR
 MAXIMUM TEMPERATURE (F)   67        87      1949
 MINIMUM TEMPERATURE (F)   48        32      1983
                                             1956


SUNRISE AND SUNSET
MAY 17 2016...........SUNRISE   549 AM EDT   SUNSET   834 PM EDT
MAY 18 2016...........SUNRISE   548 AM EDT   SUNSET   835 PM EDT


-  INDICATES NEGATIVE NUMBERS.
R  INDICATES RECORD WAS SET OR TIED.
MM INDICATES DATA IS MISSING.
T  INDICATES TRACE AMOUNT.




$$
