000
CDUS41 KBUF 261004
CLIBUF


CLIMATE REPORT
NATIONAL WEATHER SERVICE BUFFALO NY
601 AM EDT SUN JUL 26 2015


...................................

...THE BUFFALO NY CLIMATE SUMMARY FOR JULY 25 2015...

CLIMATE NORMAL PERIOD 1981 TO 2010
CLIMATE RECORD PERIOD 1871 TO 2015


WEATHER ITEM   OBSERVED TIME   RECORD YEAR NORMAL DEPARTURE LAST
                VALUE   (LST)  VALUE       VALUE  FROM      YEAR
                                                  NORMAL
..................................................................
TEMPERATURE (F)
 YESTERDAY
  MAXIMUM         83    352 PM  93    1917  80      3       74
  MINIMUM         63    650 AM  48    1953  63      0       53
  AVERAGE         73                        71      2       64

PRECIPITATION (IN)
  YESTERDAY        0.07          1.56 1979   0.11  -0.04     0.00
  MONTH TO DATE    2.39                      2.54  -0.15     3.83
  SINCE JUN 1      7.42                      6.20   1.22     7.63
  SINCE JAN 1     20.05                     21.21  -1.16    25.16

SNOWFALL (IN)
  YESTERDAY        0.0           T    2009   0.0    0.0      0.0
  MONTH TO DATE    0.0                       0.0    0.0      0.0
  SINCE JUN 1      0.0                       0.0    0.0      0.0
  SINCE JUL 1      0.0                       0.0    0.0      0.0
  SNOW DEPTH       0

DEGREE DAYS
 HEATING
  YESTERDAY        0                         0      0        1
  MONTH TO DATE    7                         2      5        4
  SINCE JUN 1     57                        66     -9       32
  SINCE JUL 1      7                         2      5        4

 COOLING
  YESTERDAY        8                         7      1        0
  MONTH TO DATE  126                       164    -38      117
  SINCE JUN 1    202                       267    -65      265
  SINCE JAN 1    293                       293      0      288
..................................................................


WIND (MPH)
  HIGHEST WIND SPEED    21   HIGHEST WIND DIRECTION     W (250)
  HIGHEST GUST SPEED    26   HIGHEST GUST DIRECTION    SW (240)
  AVERAGE WIND SPEED    11.2


SKY COVER
  AVERAGE SKY COVER 0.7


WEATHER CONDITIONS
 THE FOLLOWING WEATHER WAS RECORDED YESTERDAY.
  LIGHT RAIN
  FOG


RELATIVE HUMIDITY (PERCENT)
 HIGHEST    76           800 AM
 LOWEST     47           200 PM
 AVERAGE    62

..........................................................


THE BUFFALO NY CLIMATE NORMALS FOR TODAY
                         NORMAL    RECORD    YEAR
 MAXIMUM TEMPERATURE (F)   80        92      1960
 MINIMUM TEMPERATURE (F)   63        48      1876


SUNRISE AND SUNSET
JULY 26 2015..........SUNRISE   600 AM EDT   SUNSET   843 PM EDT
JULY 27 2015..........SUNRISE   601 AM EDT   SUNSET   842 PM EDT


-  INDICATES NEGATIVE NUMBERS.
R  INDICATES RECORD WAS SET OR TIED.
MM INDICATES DATA IS MISSING.
T  INDICATES TRACE AMOUNT.




$$
