000
CDUS41 KBUF 291020
CLIBUF


CLIMATE REPORT
NATIONAL WEATHER SERVICE BUFFALO NY
620 AM EDT WED MAR 29 2017


...................................

...THE BUFFALO NY CLIMATE SUMMARY FOR MARCH 28 2017...

CLIMATE NORMAL PERIOD 1981 TO 2010
CLIMATE RECORD PERIOD 1871 TO 2017


WEATHER ITEM   OBSERVED TIME   RECORD YEAR NORMAL DEPARTURE LAST
                VALUE   (LST)  VALUE       VALUE  FROM      YEAR
                                                  NORMAL
..................................................................
TEMPERATURE (F)
 YESTERDAY
  MAXIMUM         48    711 AM  77    1998  47      1       57
                                      1945
  MINIMUM         41   1159 PM   5    1923  30     11       37
  AVERAGE         45                        38      7       47

PRECIPITATION (IN)
  YESTERDAY        T             1.03 1931   0.10  -0.10     0.32
  MONTH TO DATE    3.26                      2.58   0.68     2.39
  SINCE MAR 1      3.26                      2.58   0.68     2.39
  SINCE JAN 1      8.44                      8.25   0.19     7.67

SNOWFALL (IN)
  YESTERDAY        0.0           2.2  1911   0.3   -0.3       T
  MONTH TO DATE   26.8                      12.2   14.6      0.9
  SINCE MAR 1     26.8                      12.2   14.6      0.9
  SINCE JUL 1     73.8                      91.0  -17.2     48.0
  SNOW DEPTH       0

DEGREE DAYS
 HEATING
  YESTERDAY       20                        27     -7       18
  MONTH TO DATE  913                       884     29      720
  SINCE MAR 1    913                       884     29      720
  SINCE JUL 1   4805                      5628   -823     4658

 COOLING
  YESTERDAY        0                         0      0        0
  MONTH TO DATE    0                         0      0        0
  SINCE MAR 1      0                         0      0        0
  SINCE JAN 1      0                         0      0        0
..................................................................


WIND (MPH)
  HIGHEST WIND SPEED    14   HIGHEST WIND DIRECTION     N (340)
  HIGHEST GUST SPEED    18   HIGHEST GUST DIRECTION     N (340)
  AVERAGE WIND SPEED     7.0


SKY COVER
  AVERAGE SKY COVER 1.0


WEATHER CONDITIONS
 THE FOLLOWING WEATHER WAS RECORDED YESTERDAY.
  FOG
  FOG W/VISIBILITY <= 1/4 MILE


RELATIVE HUMIDITY (PERCENT)
 HIGHEST    93           300 AM
 LOWEST     76          1000 AM
 AVERAGE    85

..........................................................


THE BUFFALO NY CLIMATE NORMALS FOR TODAY
                         NORMAL    RECORD    YEAR
 MAXIMUM TEMPERATURE (F)   47        79      1905
 MINIMUM TEMPERATURE (F)   30         5      1923


SUNRISE AND SUNSET
MARCH 29 2017.........SUNRISE   702 AM EDT   SUNSET   738 PM EDT
MARCH 30 2017.........SUNRISE   700 AM EDT   SUNSET   739 PM EDT


-  INDICATES NEGATIVE NUMBERS.
R  INDICATES RECORD WAS SET OR TIED.
MM INDICATES DATA IS MISSING.
T  INDICATES TRACE AMOUNT.




$$
