467
CDUS41 KBUF 161019
CLIBUF


CLIMATE REPORT
NATIONAL WEATHER SERVICE BUFFALO NY
518 AM EST MON JAN 16 2017


...................................

...THE BUFFALO NY CLIMATE SUMMARY FOR JANUARY 15 2017...

CLIMATE NORMAL PERIOD 1981 TO 2010
CLIMATE RECORD PERIOD 1871 TO 2017


WEATHER ITEM   OBSERVED TIME   RECORD YEAR NORMAL DEPARTURE LAST
                VALUE   (LST)  VALUE       VALUE  FROM      YEAR
                                                  NORMAL
..................................................................
TEMPERATURE (F)
 YESTERDAY
  MAXIMUM         31    223 PM  67    1995  31      0       48
  MINIMUM         21   1159 PM -12    1957  18      3       25
  AVERAGE         26                        25      1       37

PRECIPITATION (IN)
  YESTERDAY        0.00          1.15 1918   0.10  -0.10      T
  MONTH TO DATE    1.38                      1.65  -0.27     1.24
  SINCE DEC 1      5.44                      5.54  -0.10     4.14
  SINCE JAN 1      1.38                      1.65  -0.27     1.24

SNOWFALL (IN)
  YESTERDAY        0.0           8.6  1918   0.8   -0.8      0.0
  MONTH TO DATE    2.9                      13.1  -10.2     17.6
  SINCE DEC 1     33.0                      40.5   -7.5     18.6
  SINCE JUL 1     33.9                      49.3  -15.4     18.6
  SNOW DEPTH       0

DEGREE DAYS
 HEATING
  YESTERDAY       39                        40     -1       28
  MONTH TO DATE  563                       595    -32      569
  SINCE DEC 1   1603                      1677    -74     1272
  SINCE JUL 1   2573                      3010   -437     2316

 COOLING
  YESTERDAY        0                         0      0        0
  MONTH TO DATE    0                         0      0        0
  SINCE DEC 1      0                         0      0        0
  SINCE JAN 1      0                         0      0        0
..................................................................


WIND (MPH)
  HIGHEST WIND SPEED    12   HIGHEST WIND DIRECTION    SW (220)
  HIGHEST GUST SPEED    14   HIGHEST GUST DIRECTION    SW (220)
  AVERAGE WIND SPEED     5.8


SKY COVER
  AVERAGE SKY COVER 0.5


WEATHER CONDITIONS
 THE FOLLOWING WEATHER WAS RECORDED YESTERDAY.
  NO SIGNIFICANT WEATHER WAS OBSERVED.


RELATIVE HUMIDITY (PERCENT)
 HIGHEST    84           600 AM
 LOWEST     58          1200 PM
 AVERAGE    71

..........................................................


THE BUFFALO NY CLIMATE NORMALS FOR TODAY
                         NORMAL    RECORD    YEAR
 MAXIMUM TEMPERATURE (F)   31        57      1953
 MINIMUM TEMPERATURE (F)   18       -10      1984
                                             1982


SUNRISE AND SUNSET
JANUARY 16 2017.......SUNRISE   742 AM EST   SUNSET   507 PM EST
JANUARY 17 2017.......SUNRISE   742 AM EST   SUNSET   509 PM EST


-  INDICATES NEGATIVE NUMBERS.
R  INDICATES RECORD WAS SET OR TIED.
MM INDICATES DATA IS MISSING.
T  INDICATES TRACE AMOUNT.




$$
