000
CDUS41 KBUF 070705
CLIBUF


CLIMATE REPORT
NATIONAL WEATHER SERVICE BUFFALO NY
305 AM EDT TUE JUL 7 2015


...................................

...THE BUFFALO NY CLIMATE SUMMARY FOR JULY 6 2015...

CLIMATE NORMAL PERIOD 1981 TO 2010
CLIMATE RECORD PERIOD 1871 TO 2015


WEATHER ITEM   OBSERVED TIME   RECORD YEAR NORMAL DEPARTURE LAST
                VALUE   (LST)  VALUE       VALUE  FROM      YEAR
                                                  NORMAL
..................................................................
TEMPERATURE (F)
 YESTERDAY
  MAXIMUM         87    420 PM  97    1988  80      7       80
  MINIMUM         64    537 AM  47    1965  62      2       59
                                      1963
  AVERAGE         76                        71      5       70

PRECIPITATION (IN)
  YESTERDAY        0.43          1.46 1901   0.10   0.33     0.00
  MONTH TO DATE    0.52                      0.60  -0.08     0.12
  SINCE JUN 1      5.55                      4.26   1.29     3.92
  SINCE JAN 1     18.18                     19.27  -1.09    21.45

SNOWFALL (IN)
  YESTERDAY        0.0           0.0    MM   0.0    0.0      0.0
  MONTH TO DATE    0.0                       0.0    0.0      0.0
  SINCE JUN 1      0.0                       0.0    0.0      0.0
  SINCE JUL 1      0.0                       0.0    0.0      0.0
  SNOW DEPTH       0

DEGREE DAYS
 HEATING
  YESTERDAY        0                         0      0        0
  MONTH TO DATE    2                         2      0        1
  SINCE JUN 1     52                        66    -14       29
  SINCE JUL 1      2                         2      0        1

 COOLING
  YESTERDAY       11                         6      5        5
  MONTH TO DATE   18                        36    -18       32
  SINCE JUN 1     94                       139    -45      180
  SINCE JAN 1    185                       165     20      203
..................................................................


WIND (MPH)
  HIGHEST WIND SPEED    26   HIGHEST WIND DIRECTION     S (190)
  HIGHEST GUST SPEED    33   HIGHEST GUST DIRECTION     S (200)
  AVERAGE WIND SPEED     6.8


SKY COVER
  AVERAGE SKY COVER 0.5


WEATHER CONDITIONS
 THE FOLLOWING WEATHER WAS RECORDED YESTERDAY.
  THUNDERSTORM
  HEAVY RAIN
  RAIN
  LIGHT RAIN
  FOG


RELATIVE HUMIDITY (PERCENT)
 HIGHEST    90          1000 PM
 LOWEST     48           100 PM
 AVERAGE    69

..........................................................


THE BUFFALO NY CLIMATE NORMALS FOR TODAY
                         NORMAL    RECORD    YEAR
 MAXIMUM TEMPERATURE (F)   80        94      1988
 MINIMUM TEMPERATURE (F)   62        50      1990
                                             1972


SUNRISE AND SUNSET
JULY  7 2015..........SUNRISE   543 AM EDT   SUNSET   856 PM EDT
JULY  8 2015..........SUNRISE   544 AM EDT   SUNSET   856 PM EDT


-  INDICATES NEGATIVE NUMBERS.
R  INDICATES RECORD WAS SET OR TIED.
MM INDICATES DATA IS MISSING.
T  INDICATES TRACE AMOUNT.




$$
