000
CDUS41 KBUF 171024
CLIBUF


CLIMATE REPORT
NATIONAL WEATHER SERVICE BUFFALO NY
524 AM EST SUN DEC 17 2017


...................................

...THE BUFFALO NY CLIMATE SUMMARY FOR DECEMBER 16 2017...

CLIMATE NORMAL PERIOD 1981 TO 2010
CLIMATE RECORD PERIOD 1871 TO 2017


WEATHER ITEM   OBSERVED TIME   RECORD YEAR NORMAL DEPARTURE LAST
                VALUE   (LST)  VALUE       VALUE  FROM      YEAR
                                                  NORMAL
..................................................................
TEMPERATURE (F)
 YESTERDAY
  MAXIMUM         26   1134 AM  64    1984  36    -10       22
  MINIMUM         21   1159 PM   0    1876  24     -3        9
  AVERAGE         24                        30     -6       16

PRECIPITATION (IN)
  YESTERDAY        0.03          1.50 1926   0.13  -0.10     0.22
  MONTH TO DATE    1.62                      2.03  -0.41     2.39
  SINCE DEC 1      1.62                      2.03  -0.41     2.39
  SINCE JAN 1     47.17                     38.62   8.55    32.20

SNOWFALL (IN)
  YESTERDAY        1.8          15.0  1926   0.9    0.9      6.3
  MONTH TO DATE   19.9                      12.3    7.6     21.5
  SINCE DEC 1     19.9                      12.3    7.6     21.5
  SINCE JUL 1     20.1                      21.1   -1.0     22.4
  SNOW DEPTH       7

DEGREE DAYS
 HEATING
  YESTERDAY       41                        35      6       49
  MONTH TO DATE  566                       524     42      542
  SINCE DEC 1    566                       524     42      542
  SINCE JUL 1   1681                      1857   -176     1512

 COOLING
  YESTERDAY        0                         0      0        0
  MONTH TO DATE    0                         0      0        0
  SINCE DEC 1      0                         0      0        0
  SINCE JAN 1    603                       544     59      939
..................................................................


WIND (MPH)
  HIGHEST WIND SPEED    21   HIGHEST WIND DIRECTION     W (270)
  HIGHEST GUST SPEED    28   HIGHEST GUST DIRECTION     W (270)
  AVERAGE WIND SPEED     8.3


SKY COVER
  AVERAGE SKY COVER 0.9


WEATHER CONDITIONS
 THE FOLLOWING WEATHER WAS RECORDED YESTERDAY.
  SNOW
  LIGHT SNOW
  HAZE


RELATIVE HUMIDITY (PERCENT)
 HIGHEST    88           100 PM
 LOWEST     62           100 AM
 AVERAGE    75

..........................................................


THE BUFFALO NY CLIMATE NORMALS FOR TODAY
                         NORMAL    RECORD    YEAR
 MAXIMUM TEMPERATURE (F)   35        61      1984
 MINIMUM TEMPERATURE (F)   24        -3      1919


SUNRISE AND SUNSET
DECEMBER 17 2017......SUNRISE   741 AM EST   SUNSET   442 PM EST
DECEMBER 18 2017......SUNRISE   741 AM EST   SUNSET   442 PM EST


-  INDICATES NEGATIVE NUMBERS.
R  INDICATES RECORD WAS SET OR TIED.
MM INDICATES DATA IS MISSING.
T  INDICATES TRACE AMOUNT.




$$
