000
CDUS41 KBUF 270705
CLIBUF


CLIMATE REPORT
NATIONAL WEATHER SERVICE BUFFALO NY
305 AM EDT FRI MAY 27 2016


...................................

...THE BUFFALO NY CLIMATE SUMMARY FOR MAY 26 2016...

CLIMATE NORMAL PERIOD 1981 TO 2010
CLIMATE RECORD PERIOD 1871 TO 2016


WEATHER ITEM   OBSERVED TIME   RECORD YEAR NORMAL DEPARTURE LAST
                VALUE   (LST)  VALUE       VALUE  FROM      YEAR
                                                  NORMAL
..................................................................
TEMPERATURE (F)
 YESTERDAY
  MAXIMUM         84    129 PM  88    1944  70     14       79
  MINIMUM         61    344 AM  37    1997  51     10       62
                                      1961
  AVERAGE         73                        60     13       71

PRECIPITATION (IN)
  YESTERDAY        T             1.09 1907   0.12  -0.12      T
                                      1905
  MONTH TO DATE    1.15                      2.86  -1.71     0.75
  SINCE MAR 1      5.90                      8.74  -2.84     4.89
  SINCE JAN 1     11.18                     14.41  -3.23     9.88

SNOWFALL (IN)
  YESTERDAY        0.0           0.0    MM   0.0    0.0      0.0
  MONTH TO DATE    T                         0.3   -0.3      0.0
  SINCE MAR 1      8.0                      15.9   -7.9      9.9
  SINCE JUL 1     55.1                      94.7  -39.6    112.9
  SNOW DEPTH       0

DEGREE DAYS
 HEATING
  YESTERDAY        0                         6     -6        0
  MONTH TO DATE  237                       246     -9      147
  SINCE MAR 1   1657                      1783   -126     1819
  SINCE JUL 1   5595                      6527   -932     6967

 COOLING
  YESTERDAY        8                         1      7        6
  MONTH TO DATE   12                        14     -2       67
  SINCE MAR 1     12                        17     -5       67
  SINCE JAN 1     12                        17     -5       67
..................................................................


WIND (MPH)
  HIGHEST WIND SPEED    21   HIGHEST WIND DIRECTION     S (200)
  HIGHEST GUST SPEED    25   HIGHEST GUST DIRECTION     S (190)
  AVERAGE WIND SPEED     8.3


SKY COVER
  AVERAGE SKY COVER 0.6


WEATHER CONDITIONS
 THE FOLLOWING WEATHER WAS RECORDED YESTERDAY.
  LIGHT RAIN


RELATIVE HUMIDITY (PERCENT)
 HIGHEST    79          1100 PM
 LOWEST     47           100 PM
 AVERAGE    63

..........................................................


THE BUFFALO NY CLIMATE NORMALS FOR TODAY
                         NORMAL    RECORD    YEAR
 MAXIMUM TEMPERATURE (F)   70        89      1978
 MINIMUM TEMPERATURE (F)   51        36      1969
                                             1930


SUNRISE AND SUNSET
MAY 27 2016...........SUNRISE   541 AM EDT   SUNSET   843 PM EDT
MAY 28 2016...........SUNRISE   541 AM EDT   SUNSET   844 PM EDT


-  INDICATES NEGATIVE NUMBERS.
R  INDICATES RECORD WAS SET OR TIED.
MM INDICATES DATA IS MISSING.
T  INDICATES TRACE AMOUNT.




$$
