000
CDUS41 KBUF 211017
CLIBUF


CLIMATE REPORT
NATIONAL WEATHER SERVICE BUFFALO NY
517 AM EST TUE FEB 21 2017


...................................

...THE BUFFALO NY CLIMATE SUMMARY FOR FEBRUARY 20 2017...

CLIMATE NORMAL PERIOD 1981 TO 2010
CLIMATE RECORD PERIOD 1871 TO 2017


WEATHER ITEM   OBSERVED TIME   RECORD YEAR NORMAL DEPARTURE LAST
                VALUE   (LST)  VALUE       VALUE  FROM      YEAR
                                                  NORMAL
..................................................................
TEMPERATURE (F)
 YESTERDAY
  MAXIMUM         46    339 PM  64    1955  34     12       54
  MINIMUM         28    549 AM -10    1934  20      8       36
  AVERAGE         37                        27     10       45

PRECIPITATION (IN)
  YESTERDAY        0.00          1.13 2014   0.09  -0.09     0.06
  MONTH TO DATE    1.36                      1.75  -0.39     2.18
  SINCE DEC 1      8.34                      8.82  -0.48     6.89
  SINCE JAN 1      4.28                      4.93  -0.65     3.99

SNOWFALL (IN)
  YESTERDAY        0.0           6.9  1927   0.6   -0.6      0.0
  MONTH TO DATE    4.6                      12.7   -8.1     18.7
  SINCE DEC 1     45.7                      65.4  -19.7     45.3
  SINCE JUL 1     46.6                      74.2  -27.6     45.3
  SNOW DEPTH       0

DEGREE DAYS
 HEATING
  YESTERDAY       28                        38    -10       20
  MONTH TO DATE  687                       788   -101      737
  SINCE DEC 1   2772                      3114   -342     2613
  SINCE JUL 1   3742                      4447   -705     3657

 COOLING
  YESTERDAY        0                         0      0        0
  MONTH TO DATE    0                         0      0        0
  SINCE DEC 1      0                         0      0        0
  SINCE JAN 1      0                         0      0        0
..................................................................


WIND (MPH)
  HIGHEST WIND SPEED    14   HIGHEST WIND DIRECTION     E (100)
  HIGHEST GUST SPEED    17   HIGHEST GUST DIRECTION     E (100)
  AVERAGE WIND SPEED     6.8


SKY COVER
  AVERAGE SKY COVER 0.3


WEATHER CONDITIONS
 THE FOLLOWING WEATHER WAS RECORDED YESTERDAY.
  FOG


RELATIVE HUMIDITY (PERCENT)
 HIGHEST    92           500 AM
 LOWEST     37           300 PM
 AVERAGE    65

..........................................................


THE BUFFALO NY CLIMATE NORMALS FOR TODAY
                         NORMAL    RECORD    YEAR
 MAXIMUM TEMPERATURE (F)   35        70      1997
 MINIMUM TEMPERATURE (F)   20        -4      1918


SUNRISE AND SUNSET
FEBRUARY 21 2017......SUNRISE   703 AM EST   SUNSET   554 PM EST
FEBRUARY 22 2017......SUNRISE   702 AM EST   SUNSET   556 PM EST


-  INDICATES NEGATIVE NUMBERS.
R  INDICATES RECORD WAS SET OR TIED.
MM INDICATES DATA IS MISSING.
T  INDICATES TRACE AMOUNT.




$$
