000
CDUS41 KBUF 010705
CLIBUF


CLIMATE REPORT
NATIONAL WEATHER SERVICE BUFFALO NY
305 AM EDT SUN MAY 1 2016


...................................

...THE BUFFALO NY CLIMATE SUMMARY FOR APRIL 30 2016...

CLIMATE NORMAL PERIOD 1981 TO 2010
CLIMATE RECORD PERIOD 1871 TO 2016


WEATHER ITEM   OBSERVED TIME   RECORD YEAR NORMAL DEPARTURE LAST
                VALUE   (LST)  VALUE       VALUE  FROM      YEAR
                                                  NORMAL
..................................................................
TEMPERATURE (F)
 YESTERDAY
  MAXIMUM         61    338 PM  84    1899  61      0       70
  MINIMUM         43    325 AM  28    1978  42      1       42
                                      1931
                                      1876
  AVERAGE         52                        52      0       56

PRECIPITATION (IN)
  YESTERDAY        T             0.84 1909   0.10  -0.10     0.00
  MONTH TO DATE    1.90                      3.01  -1.11     2.70
  SINCE MAR 1      4.75                      5.88  -1.13     4.14
  SINCE JAN 1     10.03                     11.55  -1.52     9.13

SNOWFALL (IN)
  YESTERDAY       MM             4.2  1908   0.0   MM        0.0
  MONTH TO DATE    7.1                       2.7    4.4      0.3
  SINCE MAR 1      8.0                      15.6   -7.6      9.9
  SINCE JUL 1     55.1                      94.4  -39.3    112.9
  SNOW DEPTH       0

DEGREE DAYS
 HEATING
  YESTERDAY       13                        14     -1        9
  MONTH TO DATE  648                       575     73      570
  SINCE MAR 1   1420                      1537   -117     1672
  SINCE JUL 1   5358                      6281   -923     6820

 COOLING
  YESTERDAY        0                         0      0        0
  MONTH TO DATE    0                         3     -3        0
  SINCE MAR 1      0                         3     -3        0
  SINCE JAN 1      0                         3     -3        0
..................................................................


WIND (MPH)
  HIGHEST WIND SPEED    16   HIGHEST WIND DIRECTION     E (100)
  HIGHEST GUST SPEED    22   HIGHEST GUST DIRECTION     E (100)
  AVERAGE WIND SPEED     8.2


SKY COVER
  AVERAGE SKY COVER 0.9


WEATHER CONDITIONS
 THE FOLLOWING WEATHER WAS RECORDED YESTERDAY.
  LIGHT RAIN


RELATIVE HUMIDITY (PERCENT)
 HIGHEST    76           500 AM
 LOWEST     43          1100 AM
 AVERAGE    60

..........................................................


THE BUFFALO NY CLIMATE NORMALS FOR TODAY
                         NORMAL    RECORD    YEAR
 MAXIMUM TEMPERATURE (F)   62        87      1970
 MINIMUM TEMPERATURE (F)   42        28      1978
                                             1943


SUNRISE AND SUNSET
MAY  1 2016...........SUNRISE   608 AM EDT   SUNSET   816 PM EDT
MAY  2 2016...........SUNRISE   607 AM EDT   SUNSET   818 PM EDT


-  INDICATES NEGATIVE NUMBERS.
R  INDICATES RECORD WAS SET OR TIED.
MM INDICATES DATA IS MISSING.
T  INDICATES TRACE AMOUNT.




$$
