000
CDUS41 KBUF 200706
CLIBUF


CLIMATE REPORT
NATIONAL WEATHER SERVICE BUFFALO NY
205 AM EST TUE JAN 20 2015


...................................

...THE BUFFALO NY CLIMATE SUMMARY FOR JANUARY 19 2015...

CLIMATE NORMAL PERIOD 1981 TO 2010
CLIMATE RECORD PERIOD 1871 TO 2015


WEATHER ITEM   OBSERVED TIME   RECORD YEAR NORMAL DEPARTURE LAST
                VALUE   (LST)  VALUE       VALUE  FROM      YEAR
                                                  NORMAL
..................................................................
TEMPERATURE (F)
 YESTERDAY
  MAXIMUM         33   1224 AM  62    1907  31      2       29
  MINIMUM         22   1159 PM -10    1994  18      4       16
  AVERAGE         28                        24      4       23

PRECIPITATION (IN)
  YESTERDAY        T             1.14 1996   0.10  -0.10     0.04
  MONTH TO DATE    2.16                      2.06   0.10     2.60
  SINCE DEC 1      4.31                      5.95  -1.64     7.53
  SINCE JAN 1      2.16                      2.06   0.10     2.60

SNOWFALL (IN)
  YESTERDAY       MM            15.6  1985   0.7   MM        0.9
  MONTH TO DATE   19.8                      16.3    3.5     28.4
  SINCE DEC 1     31.1                      43.7  -12.6     56.9
  SINCE JUL 1     51.6                      52.5   -0.9     66.9
  SNOW DEPTH       0

DEGREE DAYS
 HEATING
  YESTERDAY       37                        41     -4       42
  MONTH TO DATE  832                       757     75      771
  SINCE DEC 1   1800                      1839    -39     1911
  SINCE JUL 1   3098                      3172    -74     3229

 COOLING
  YESTERDAY        0                         0      0        0
  MONTH TO DATE    0                         0      0        0
  SINCE DEC 1      0                         0      0        0
  SINCE JAN 1      0                         0      0        0
..................................................................


WIND (MPH)
  HIGHEST WIND SPEED    20   HIGHEST WIND DIRECTION     W (290)
  HIGHEST GUST SPEED    24   HIGHEST GUST DIRECTION     W (280)
  AVERAGE WIND SPEED    12.4


SKY COVER
  AVERAGE SKY COVER 1.0


WEATHER CONDITIONS
 THE FOLLOWING WEATHER WAS RECORDED YESTERDAY.
  LIGHT SNOW
  FOG


RELATIVE HUMIDITY (PERCENT)
 HIGHEST    89          1200 AM
 LOWEST     68           600 PM
 AVERAGE    79

..........................................................


THE BUFFALO NY CLIMATE NORMALS FOR TODAY
                         NORMAL    RECORD    YEAR
 MAXIMUM TEMPERATURE (F)   31        62      1951
                                             1907
 MINIMUM TEMPERATURE (F)   18        -5      1994
                                             1983


SUNRISE AND SUNSET
JANUARY 20 2015.......SUNRISE   740 AM EST   SUNSET   512 PM EST
JANUARY 21 2015.......SUNRISE   740 AM EST   SUNSET   513 PM EST


-  INDICATES NEGATIVE NUMBERS.
R  INDICATES RECORD WAS SET OR TIED.
MM INDICATES DATA IS MISSING.
T  INDICATES TRACE AMOUNT.




$$
