000
CDUS41 KBUF 132056
CLIBUF


CLIMATE REPORT
NATIONAL WEATHER SERVICE BUFFALO NY
456 PM EDT SUN APR 13 2014


...................................

...THE BUFFALO NY CLIMATE SUMMARY FOR APRIL 13 2014...
VALID TODAY AS OF 0400 PM LOCAL TIME.

CLIMATE NORMAL PERIOD 1981 TO 2010
CLIMATE RECORD PERIOD 1871 TO 2014


WEATHER ITEM   OBSERVED TIME   RECORD YEAR NORMAL DEPARTURE LAST
                VALUE   (LST)  VALUE       VALUE  FROM      YEAR
                                                  NORMAL
..................................................................
TEMPERATURE (F)
 TODAY
  MAXIMUM         75    234 PM  82    1945  54     21       42
  MINIMUM         46    543 AM  16    1940  36     10       37
  AVERAGE         61                        45     16       40

PRECIPITATION (IN)
  TODAY            0.06          1.14 1909   0.11  -0.05      T
  MONTH TO DATE    2.11                      1.38   0.73     3.15
  SINCE MAR 1      4.66                      4.25   0.41     4.21
  SINCE JAN 1     11.44                      9.92   1.52     9.76

SNOWFALL (IN)
  TODAY            0.0           3.2  1932   0.1   -0.1      0.0
  MONTH TO DATE    0.2                       1.9   -1.7      0.3
  SINCE MAR 1     24.7                      14.8    9.9     10.1
  SINCE JUL 1    128.9                      93.6   35.3     58.8
  SNOW DEPTH       0

DEGREE DAYS
 HEATING
  TODAY            4                        20    -16       25
  MONTH TO DATE  271                       293    -22      322
  SINCE MAR 1   1449                      1254    195     1308
  SINCE JUL 1   6555                      5998    557     5628

 COOLING
  TODAY            0                         0      0        0
  MONTH TO DATE    0                         0      0        0
  SINCE MAR 1      0                         0      0        0
  SINCE JAN 1      0                         0      0        0
..................................................................


WIND (MPH)
  HIGHEST WIND SPEED    25   HIGHEST WIND DIRECTION    SW (240)
  HIGHEST GUST SPEED    36   HIGHEST GUST DIRECTION    SW (210)
  AVERAGE WIND SPEED    13.0


SKY COVER
  AVERAGE SKY COVER 0.7


WEATHER CONDITIONS
 THE FOLLOWING WEATHER WAS RECORDED TODAY.
  RAIN


RELATIVE HUMIDITY (PERCENT)
 HIGHEST    86           300 AM
 LOWEST     46          1200 PM
 AVERAGE    66

..........................................................


THE BUFFALO NY CLIMATE NORMALS FOR TOMORROW
                         NORMAL    RECORD    YEAR
 MAXIMUM TEMPERATURE (F)   54        83      1883
 MINIMUM TEMPERATURE (F)   36        20      1950
                                             1885


SUNRISE AND SUNSET
APRIL 13 2014.........SUNRISE   637 AM EDT   SUNSET   755 PM EDT
APRIL 14 2014.........SUNRISE   635 AM EDT   SUNSET   756 PM EDT


-  INDICATES NEGATIVE NUMBERS.
R  INDICATES RECORD WAS SET OR TIED.
MM INDICATES DATA IS MISSING.
T  INDICATES TRACE AMOUNT.




$$
