800
CDUS41 KBUF 171014
CLIBUF


CLIMATE REPORT
NATIONAL WEATHER SERVICE BUFFALO NY
514 AM EST WED JAN 17 2018


...................................

...THE BUFFALO NY CLIMATE SUMMARY FOR JANUARY 16 2018...

CLIMATE NORMAL PERIOD 1981 TO 2010
CLIMATE RECORD PERIOD 1871 TO 2018


WEATHER ITEM   OBSERVED TIME   RECORD YEAR NORMAL DEPARTURE LAST
                VALUE   (LST)  VALUE       VALUE  FROM      YEAR
                                                  NORMAL
..................................................................
TEMPERATURE (F)
 YESTERDAY
  MAXIMUM         27   1142 AM  57    1953  31     -4       37
  MINIMUM         16   1159 PM -10    1984  18     -2       19
                                      1982
  AVERAGE         22                        25     -3       28

PRECIPITATION (IN)
  YESTERDAY        0.03          0.72 1959   0.10  -0.07      T
  MONTH TO DATE    2.48                      1.75   0.73     1.38
  SINCE DEC 1      5.41                      5.64  -0.23     5.44
  SINCE JAN 1      2.48                      1.75   0.73     1.38

SNOWFALL (IN)
  YESTERDAY        1.7           6.9  1959   0.8    0.9      0.0
  MONTH TO DATE   17.7                      13.9    3.8      2.9
  SINCE DEC 1     51.4                      41.3   10.1     33.0
  SINCE JUL 1     51.6                      50.1    1.5     33.9
  SNOW DEPTH       6

DEGREE DAYS
 HEATING
  YESTERDAY       43                        40      3       37
  MONTH TO DATE  733                       635     98      600
  SINCE DEC 1   1954                      1717    237     1640
  SINCE JUL 1   3069                      3050     19     2610

 COOLING
  YESTERDAY        0                         0      0        0
  MONTH TO DATE    0                         0      0        0
  SINCE DEC 1      0                         0      0        0
  SINCE JAN 1      0                         0      0        0
..................................................................


WIND (MPH)
  HIGHEST WIND SPEED    18   HIGHEST WIND DIRECTION    SW (240)
  HIGHEST GUST SPEED    22   HIGHEST GUST DIRECTION     W (250)
  AVERAGE WIND SPEED     9.3


SKY COVER
  AVERAGE SKY COVER 0.9


WEATHER CONDITIONS
 THE FOLLOWING WEATHER WAS RECORDED YESTERDAY.
  LIGHT SNOW
  FOG


RELATIVE HUMIDITY (PERCENT)
 HIGHEST    92           300 AM
 LOWEST     68          1200 PM
 AVERAGE    80

..........................................................


THE BUFFALO NY CLIMATE NORMALS FOR TODAY
                         NORMAL    RECORD    YEAR
 MAXIMUM TEMPERATURE (F)   31        56      1952
 MINIMUM TEMPERATURE (F)   18       -16      1982


SUNRISE AND SUNSET
JANUARY 17 2018.......SUNRISE   742 AM EST   SUNSET   508 PM EST
JANUARY 18 2018.......SUNRISE   742 AM EST   SUNSET   510 PM EST


-  INDICATES NEGATIVE NUMBERS.
R  INDICATES RECORD WAS SET OR TIED.
MM INDICATES DATA IS MISSING.
T  INDICATES TRACE AMOUNT.




$$
