000
CDUS41 KBUF 131031
CLIBUF


CLIMATE REPORT
NATIONAL WEATHER SERVICE BUFFALO NY
530 AM EST FRI JAN 13 2017


...................................

...THE BUFFALO NY CLIMATE SUMMARY FOR JANUARY 12 2017...

CLIMATE NORMAL PERIOD 1981 TO 2010
CLIMATE RECORD PERIOD 1871 TO 2017


WEATHER ITEM   OBSERVED TIME   RECORD YEAR NORMAL DEPARTURE LAST
                VALUE   (LST)  VALUE       VALUE  FROM      YEAR
                                                  NORMAL
..................................................................
TEMPERATURE (F)
 YESTERDAY
  MAXIMUM         57    557 AM  61    2005  31     26       31
  MINIMUM         33   1159 PM -11    1968  19     14       13
  AVERAGE         45                        25     20       22

PRECIPITATION (IN)
  YESTERDAY        0.34          0.76 2012   0.10   0.24     0.04
  MONTH TO DATE    1.38                      1.35   0.03     0.86
  SINCE DEC 1      5.44                      5.24   0.20     3.76
  SINCE JAN 1      1.38                      1.35   0.03     0.86

SNOWFALL (IN)
  YESTERDAY        0.0           7.3  1909   0.8   -0.8      1.3
  MONTH TO DATE    2.9                      10.7   -7.8      6.9
  SINCE DEC 1     33.0                      38.1   -5.1      7.9
  SINCE JUL 1     33.9                      46.9  -13.0      7.9
  SNOW DEPTH       0

DEGREE DAYS
 HEATING
  YESTERDAY       20                        40    -20       43
  MONTH TO DATE  446                       475    -29      450
  SINCE DEC 1   1486                      1557    -71     1153
  SINCE JUL 1   2456                      2890   -434     2197

 COOLING
  YESTERDAY        0                         0      0        0
  MONTH TO DATE    0                         0      0        0
  SINCE DEC 1      0                         0      0        0
  SINCE JAN 1      0                         0      0        0
..................................................................


WIND (MPH)
  HIGHEST WIND SPEED    30   HIGHEST WIND DIRECTION     S (200)
  HIGHEST GUST SPEED    41   HIGHEST GUST DIRECTION    SW (220)
  AVERAGE WIND SPEED    15.0


SKY COVER
  AVERAGE SKY COVER 0.8


WEATHER CONDITIONS
 THE FOLLOWING WEATHER WAS RECORDED YESTERDAY.
  HEAVY RAIN
  RAIN
  LIGHT RAIN
  FOG
  FOG W/VISIBILITY <= 1/4 MILE


RELATIVE HUMIDITY (PERCENT)
 HIGHEST    96          1100 AM
 LOWEST     82          1000 PM
 AVERAGE    89

..........................................................


THE BUFFALO NY CLIMATE NORMALS FOR TODAY
                         NORMAL    RECORD    YEAR
 MAXIMUM TEMPERATURE (F)   31        68      2005
 MINIMUM TEMPERATURE (F)   19       -10      1914


SUNRISE AND SUNSET
JANUARY 13 2017.......SUNRISE   744 AM EST   SUNSET   504 PM EST
JANUARY 14 2017.......SUNRISE   743 AM EST   SUNSET   505 PM EST


-  INDICATES NEGATIVE NUMBERS.
R  INDICATES RECORD WAS SET OR TIED.
MM INDICATES DATA IS MISSING.
T  INDICATES TRACE AMOUNT.




$$
