000
CDUS41 KBUF 141013
CLIBUF


CLIMATE REPORT
NATIONAL WEATHER SERVICE BUFFALO NY
611 AM EDT THU SEP 14 2017


...................................

...THE BUFFALO NY CLIMATE SUMMARY FOR SEPTEMBER 13 2017...

CLIMATE NORMAL PERIOD 1981 TO 2010
CLIMATE RECORD PERIOD 1871 TO 2017


WEATHER ITEM   OBSERVED TIME   RECORD YEAR NORMAL DEPARTURE LAST
                VALUE   (LST)  VALUE       VALUE  FROM      YEAR
                                                  NORMAL
..................................................................
TEMPERATURE (F)
 YESTERDAY
  MAXIMUM         80    312 PM  91    1952  72      8       79
  MINIMUM         55    413 AM  38    1964  55      0       57
  AVERAGE         68                        63      5       68

PRECIPITATION (IN)
  YESTERDAY        T             1.85 1925   0.12  -0.12     0.00
  MONTH TO DATE    2.43                      1.51   0.92     1.00
  SINCE SEP 1      2.43                      1.51   0.92     1.00
  SINCE JAN 1     34.71                     26.67   8.04    19.52

SNOWFALL (IN)
  YESTERDAY        0.0           0.0    MM   0.0    0.0      0.0
  MONTH TO DATE    0.0                       0.0    0.0      0.0
  SINCE SEP 1      0.0                       0.0    0.0      0.0
  SINCE JUL 1      0.0                       0.0    0.0      0.0
  SNOW DEPTH       0

DEGREE DAYS
 HEATING
  YESTERDAY        0                         4     -4        0
  MONTH TO DATE   62                        31     31        3
  SINCE SEP 1     62                        31     31        3
  SINCE JUL 1     78                        58     20        3

 COOLING
  YESTERDAY        3                         2      1        3
  MONTH TO DATE    9                        35    -26       74
  SINCE SEP 1      9                        35    -26       74
  SINCE JAN 1    479                       522    -43      892
..................................................................


WIND (MPH)
  HIGHEST WIND SPEED    13   HIGHEST WIND DIRECTION     W (260)
  HIGHEST GUST SPEED    16   HIGHEST GUST DIRECTION    SW (230)
  AVERAGE WIND SPEED     5.0


SKY COVER
  AVERAGE SKY COVER 0.4


WEATHER CONDITIONS
 THE FOLLOWING WEATHER WAS RECORDED YESTERDAY.
  NO SIGNIFICANT WEATHER WAS OBSERVED.


RELATIVE HUMIDITY (PERCENT)
 HIGHEST    93           100 AM
 LOWEST     54          1200 PM
 AVERAGE    74

..........................................................


THE BUFFALO NY CLIMATE NORMALS FOR TODAY
                         NORMAL    RECORD    YEAR
 MAXIMUM TEMPERATURE (F)   72        91      1952
 MINIMUM TEMPERATURE (F)   54        36      1963


SUNRISE AND SUNSET
SEPTEMBER 14 2017.....SUNRISE   654 AM EDT   SUNSET   726 PM EDT
SEPTEMBER 15 2017.....SUNRISE   655 AM EDT   SUNSET   724 PM EDT


-  INDICATES NEGATIVE NUMBERS.
R  INDICATES RECORD WAS SET OR TIED.
MM INDICATES DATA IS MISSING.
T  INDICATES TRACE AMOUNT.




$$
