000
CDUS41 KBUF 230705
CLIBUF


CLIMATE REPORT
NATIONAL WEATHER SERVICE BUFFALO NY
305 AM EDT THU MAR 23 2017


...................................

...THE BUFFALO NY CLIMATE SUMMARY FOR MARCH 22 2017...

CLIMATE NORMAL PERIOD 1981 TO 2010
CLIMATE RECORD PERIOD 1871 TO 2017


WEATHER ITEM   OBSERVED TIME   RECORD YEAR NORMAL DEPARTURE LAST
                VALUE   (LST)  VALUE       VALUE  FROM      YEAR
                                                  NORMAL
..................................................................
TEMPERATURE (F)
 YESTERDAY
  MAXIMUM         32   1211 AM  80    2012  44    -12       54
  MINIMUM         19    710 AM  -3    1885  28     -9       26
  AVERAGE         26                        36    -10       40

PRECIPITATION (IN)
  YESTERDAY        T             0.61 1949   0.09  -0.09     0.04
  MONTH TO DATE    2.23                      2.00   0.23     1.57
  SINCE MAR 1      2.23                      2.00   0.23     1.57
  SINCE JAN 1      7.41                      7.67  -0.26     6.85

SNOWFALL (IN)
  YESTERDAY       MM             6.8  1977   0.3   MM        0.0
  MONTH TO DATE   26.8                      10.3   16.5      0.9
  SINCE MAR 1     26.8                      10.3   16.5      0.9
  SINCE JUL 1     73.8                      89.1  -15.3     48.0
  SNOW DEPTH       0

DEGREE DAYS
 HEATING
  YESTERDAY       39                        29     10       25
  MONTH TO DATE  782                       718     64      592
  SINCE MAR 1    782                       718     64      592
  SINCE JUL 1   4674                      5462   -788     4530

 COOLING
  YESTERDAY        0                         0      0        0
  MONTH TO DATE    0                         0      0        0
  SINCE MAR 1      0                         0      0        0
  SINCE JAN 1      0                         0      0        0
..................................................................


WIND (MPH)
  HIGHEST WIND SPEED    26   HIGHEST WIND DIRECTION    NW (320)
  HIGHEST GUST SPEED    33   HIGHEST GUST DIRECTION     N (340)
  AVERAGE WIND SPEED    13.3


SKY COVER
  AVERAGE SKY COVER 0.3


WEATHER CONDITIONS
 THE FOLLOWING WEATHER WAS RECORDED YESTERDAY.
  LIGHT SNOW


RELATIVE HUMIDITY (PERCENT)
 HIGHEST    54          1000 PM
 LOWEST     36           100 PM
 AVERAGE    45

..........................................................


THE BUFFALO NY CLIMATE NORMALS FOR TODAY
                         NORMAL    RECORD    YEAR
 MAXIMUM TEMPERATURE (F)   45        78      1966
 MINIMUM TEMPERATURE (F)   28         2      1885


SUNRISE AND SUNSET
MARCH 23 2017.........SUNRISE   712 AM EDT   SUNSET   731 PM EDT
MARCH 24 2017.........SUNRISE   711 AM EDT   SUNSET   732 PM EDT


-  INDICATES NEGATIVE NUMBERS.
R  INDICATES RECORD WAS SET OR TIED.
MM INDICATES DATA IS MISSING.
T  INDICATES TRACE AMOUNT.




$$
