000
CDUS41 KBUF 120705
CLIBUF


CLIMATE REPORT
NATIONAL WEATHER SERVICE BUFFALO NY
205 AM EST SUN FEB 12 2017


...................................

...THE BUFFALO NY CLIMATE SUMMARY FOR FEBRUARY 11 2017...

CLIMATE NORMAL PERIOD 1981 TO 2010
CLIMATE RECORD PERIOD 1871 TO 2017


WEATHER ITEM   OBSERVED TIME   RECORD YEAR NORMAL DEPARTURE LAST
                VALUE   (LST)  VALUE       VALUE  FROM      YEAR
                                                  NORMAL
..................................................................
TEMPERATURE (F)
 YESTERDAY
  MAXIMUM         40    123 PM  68    1932  32      8       15
  MINIMUM         30    517 AM -13    1885  19     11        7
  AVERAGE         35                        26      9       11

PRECIPITATION (IN)
  YESTERDAY        0.00          1.49 1876   0.09  -0.09      T
  MONTH TO DATE    0.79                      0.97  -0.18     0.94
  SINCE DEC 1      7.77                      8.04  -0.27     5.65
  SINCE JAN 1      3.71                      4.15  -0.44     2.75

SNOWFALL (IN)
  YESTERDAY        0.0           5.8  1921   0.6   -0.6       T
  MONTH TO DATE    2.6                       7.3   -4.7      3.2
  SINCE DEC 1     43.7                      60.0  -16.3     29.8
  SINCE JUL 1     44.6                      68.8  -24.2     29.8
  SNOW DEPTH       1

DEGREE DAYS
 HEATING
  YESTERDAY       30                        40    -10       54
  MONTH TO DATE  400                       440    -40      336
  SINCE DEC 1   2485                      2766   -281     2212
  SINCE JUL 1   3455                      4099   -644     3256

 COOLING
  YESTERDAY        0                         0      0        0
  MONTH TO DATE    0                         0      0        0
  SINCE DEC 1      0                         0      0        0
  SINCE JAN 1      0                         0      0        0
..................................................................


WIND (MPH)
  HIGHEST WIND SPEED    13   HIGHEST WIND DIRECTION    SW (210)
  HIGHEST GUST SPEED    15   HIGHEST GUST DIRECTION     W (260)
  AVERAGE WIND SPEED     6.3


SKY COVER
  AVERAGE SKY COVER 0.9


WEATHER CONDITIONS
 THE FOLLOWING WEATHER WAS RECORDED YESTERDAY.
  NO SIGNIFICANT WEATHER WAS OBSERVED.


RELATIVE HUMIDITY (PERCENT)
 HIGHEST    82           800 PM
 LOWEST     53          1200 AM
 AVERAGE    68

..........................................................


THE BUFFALO NY CLIMATE NORMALS FOR TODAY
                         NORMAL    RECORD    YEAR
 MAXIMUM TEMPERATURE (F)   33        63      1999
 MINIMUM TEMPERATURE (F)   19       -10      1979


SUNRISE AND SUNSET
FEBRUARY 12 2017......SUNRISE   716 AM EST   SUNSET   543 PM EST
FEBRUARY 13 2017......SUNRISE   715 AM EST   SUNSET   544 PM EST


-  INDICATES NEGATIVE NUMBERS.
R  INDICATES RECORD WAS SET OR TIED.
MM INDICATES DATA IS MISSING.
T  INDICATES TRACE AMOUNT.




$$
