000
CDUS41 KBUF 120705
CLIBUF


CLIMATE REPORT
NATIONAL WEATHER SERVICE BUFFALO NY
205 AM EST THU JAN 12 2017


...................................

...THE BUFFALO NY CLIMATE SUMMARY FOR JANUARY 11 2017...

CLIMATE NORMAL PERIOD 1981 TO 2010
CLIMATE RECORD PERIOD 1871 TO 2017


WEATHER ITEM   OBSERVED TIME   RECORD YEAR NORMAL DEPARTURE LAST
                VALUE   (LST)  VALUE       VALUE  FROM      YEAR
                                                  NORMAL
..................................................................
TEMPERATURE (F)
 YESTERDAY
  MAXIMUM         51   1131 PM  59    2006  31     20       22
                                      1975
  MINIMUM         35    742 AM  -8    1968  19     16       14
  AVERAGE         43                        25     18       18

PRECIPITATION (IN)
  YESTERDAY        0.10          1.83 1982   0.11  -0.01     0.05
  MONTH TO DATE    1.04                      1.25  -0.21     0.82
  SINCE DEC 1      5.10                      5.14  -0.04     3.72
  SINCE JAN 1      1.04                      1.25  -0.21     0.82

SNOWFALL (IN)
  YESTERDAY       MM            18.3  1982   0.8   MM        2.2
  MONTH TO DATE    2.9                       9.9   -7.0      5.6
  SINCE DEC 1     33.0                      37.3   -4.3      6.6
  SINCE JUL 1     33.9                      46.1  -12.2      6.6
  SNOW DEPTH       0

DEGREE DAYS
 HEATING
  YESTERDAY       22                        40    -18       47
  MONTH TO DATE  426                       435     -9      407
  SINCE DEC 1   1466                      1517    -51     1110
  SINCE JUL 1   2436                      2850   -414     2154

 COOLING
  YESTERDAY        0                         0      0        0
  MONTH TO DATE    0                         0      0        0
  SINCE DEC 1      0                         0      0        0
  SINCE JAN 1      0                         0      0        0
..................................................................


WIND (MPH)
  HIGHEST WIND SPEED    46   HIGHEST WIND DIRECTION    SW (240)
  HIGHEST GUST SPEED    60   HIGHEST GUST DIRECTION    SW (230)
  AVERAGE WIND SPEED    18.7


SKY COVER
  AVERAGE SKY COVER 0.8


WEATHER CONDITIONS
 THE FOLLOWING WEATHER WAS RECORDED YESTERDAY.
  RAIN
  LIGHT RAIN
  FOG


RELATIVE HUMIDITY (PERCENT)
 HIGHEST    82           500 AM
 LOWEST     36           300 PM
 AVERAGE    59

..........................................................


THE BUFFALO NY CLIMATE NORMALS FOR TODAY
                         NORMAL    RECORD    YEAR
 MAXIMUM TEMPERATURE (F)   31        61      2005
 MINIMUM TEMPERATURE (F)   19       -11      1968


SUNRISE AND SUNSET
JANUARY 12 2017.......SUNRISE   744 AM EST   SUNSET   503 PM EST
JANUARY 13 2017.......SUNRISE   744 AM EST   SUNSET   504 PM EST


-  INDICATES NEGATIVE NUMBERS.
R  INDICATES RECORD WAS SET OR TIED.
MM INDICATES DATA IS MISSING.
T  INDICATES TRACE AMOUNT.




$$
