582
CDUS41 KBUF 200705
CLIBUF


CLIMATE REPORT
NATIONAL WEATHER SERVICE BUFFALO NY
305 AM EDT SAT AUG 20 2016


...................................

...THE BUFFALO NY CLIMATE SUMMARY FOR AUGUST 19 2016...

CLIMATE NORMAL PERIOD 1981 TO 2010
CLIMATE RECORD PERIOD 1871 TO 2016


WEATHER ITEM   OBSERVED TIME   RECORD YEAR NORMAL DEPARTURE LAST
                VALUE   (LST)  VALUE       VALUE  FROM      YEAR
                                                  NORMAL
..................................................................
TEMPERATURE (F)
 YESTERDAY
  MAXIMUM         86    511 PM  90    1995  78      8       89
  MINIMUM         70    627 AM  46    1977  61      9       69
                                      1963
  AVERAGE         78                        70      8       79

PRECIPITATION (IN)
  YESTERDAY        0.00          1.97 1880   0.11  -0.11      T
  MONTH TO DATE    1.46                      2.03  -0.57     3.49
  SINCE JUN 1      4.57                      8.92  -4.35    10.94
  SINCE JAN 1     15.81                     23.93  -8.12    23.57

SNOWFALL (IN)
  YESTERDAY        0.0           0.0    MM   0.0    0.0      0.0
  MONTH TO DATE    0.0                       0.0    0.0      0.0
  SINCE JUN 1      0.0                       0.0    0.0      0.0
  SINCE JUL 1      0.0                       0.0    0.0      0.0
  SNOW DEPTH       0

DEGREE DAYS
 HEATING
  YESTERDAY        0                         1     -1        0
  MONTH TO DATE    0                         4     -4        1
  SINCE JUN 1     42                        77    -35       58
  SINCE JUL 1      0                        13    -13        8

 COOLING
  YESTERDAY       13                         5      8       14
  MONTH TO DATE  235                       109    126      121
  SINCE JUN 1    656                       409    247      395
  SINCE JAN 1    715                       435    280      486
..................................................................


WIND (MPH)
  HIGHEST WIND SPEED    14   HIGHEST WIND DIRECTION    SW (220)
  HIGHEST GUST SPEED    17   HIGHEST GUST DIRECTION    SW (210)
  AVERAGE WIND SPEED     6.7


SKY COVER
  AVERAGE SKY COVER 0.4


WEATHER CONDITIONS
 THE FOLLOWING WEATHER WAS RECORDED YESTERDAY.
  NO SIGNIFICANT WEATHER WAS OBSERVED.


RELATIVE HUMIDITY (PERCENT)
 HIGHEST    90           100 AM
 LOWEST     42           400 PM
 AVERAGE    66

..........................................................


THE BUFFALO NY CLIMATE NORMALS FOR TODAY
                         NORMAL    RECORD    YEAR
 MAXIMUM TEMPERATURE (F)   78        90      1959
 MINIMUM TEMPERATURE (F)   61        47      2000
                                             1984
                                             1977


SUNRISE AND SUNSET
AUGUST 20 2016........SUNRISE   627 AM EDT   SUNSET   809 PM EDT
AUGUST 21 2016........SUNRISE   628 AM EDT   SUNSET   807 PM EDT


-  INDICATES NEGATIVE NUMBERS.
R  INDICATES RECORD WAS SET OR TIED.
MM INDICATES DATA IS MISSING.
T  INDICATES TRACE AMOUNT.




$$
