000
CDUS41 KBUF 250705
CLIBUF


CLIMATE REPORT
NATIONAL WEATHER SERVICE BUFFALO NY
205 AM EST SUN JAN 25 2015


...................................

...THE BUFFALO NY CLIMATE SUMMARY FOR JANUARY 24 2015...

CLIMATE NORMAL PERIOD 1981 TO 2010
CLIMATE RECORD PERIOD 1871 TO 2015


WEATHER ITEM   OBSERVED TIME   RECORD YEAR NORMAL DEPARTURE LAST
                VALUE   (LST)  VALUE       VALUE  FROM      YEAR
                                                  NORMAL
..................................................................
TEMPERATURE (F)
 YESTERDAY
  MAXIMUM         32   1159 PM  60    1950  31      1       18
  MINIMUM         24    936 AM -11    1963  18      6        1
  AVERAGE         28                        24      4       10

PRECIPITATION (IN)
  YESTERDAY        0.04          1.69 1896   0.10  -0.06     0.01
  MONTH TO DATE    2.20                      2.55  -0.35     2.74
  SINCE DEC 1      4.35                      6.44  -2.09     7.67
  SINCE JAN 1      2.20                      2.55  -0.35     2.74

SNOWFALL (IN)
  YESTERDAY       MM             4.9  1918   0.8   MM        0.3
  MONTH TO DATE   19.9                      20.2   -0.3     31.4
  SINCE DEC 1     31.2                      47.6  -16.4     59.9
  SINCE JUL 1     51.7                      56.4   -4.7     69.9
  SNOW DEPTH       2

DEGREE DAYS
 HEATING
  YESTERDAY       37                        41     -4       55
  MONTH TO DATE 1042                       962     80     1046
  SINCE DEC 1   2010                      2044    -34     2186
  SINCE JUL 1   3308                      3377    -69     3504

 COOLING
  YESTERDAY        0                         0      0        0
  MONTH TO DATE    0                         0      0        0
  SINCE DEC 1      0                         0      0        0
  SINCE JAN 1      0                         0      0        0
..................................................................


WIND (MPH)
  HIGHEST WIND SPEED    24   HIGHEST WIND DIRECTION     W (250)
  HIGHEST GUST SPEED    30   HIGHEST GUST DIRECTION     W (250)
  AVERAGE WIND SPEED    14.0


SKY COVER
  AVERAGE SKY COVER 1.0


WEATHER CONDITIONS
 THE FOLLOWING WEATHER WAS RECORDED YESTERDAY.
  MIXED PRECIP
  LT FREEZING RAIN
  SNOW
  LIGHT SNOW
  FOG
  HAZE


RELATIVE HUMIDITY (PERCENT)
 HIGHEST    92           900 PM
 LOWEST     81           200 AM
 AVERAGE    87

..........................................................


THE BUFFALO NY CLIMATE NORMALS FOR TODAY
                         NORMAL    RECORD    YEAR
 MAXIMUM TEMPERATURE (F)   31        72      1950
 MINIMUM TEMPERATURE (F)   18       -14      1884


SUNRISE AND SUNSET
JANUARY 25 2015.......SUNRISE   737 AM EST   SUNSET   518 PM EST
JANUARY 26 2015.......SUNRISE   736 AM EST   SUNSET   520 PM EST


-  INDICATES NEGATIVE NUMBERS.
R  INDICATES RECORD WAS SET OR TIED.
MM INDICATES DATA IS MISSING.
T  INDICATES TRACE AMOUNT.




$$
