180
CDUS41 KBUF 160705
CLIBUF


CLIMATE REPORT
NATIONAL WEATHER SERVICE BUFFALO NY
205 AM EST TUE JAN 16 2018


...................................

...THE BUFFALO NY CLIMATE SUMMARY FOR JANUARY 15 2018...

CLIMATE NORMAL PERIOD 1981 TO 2010
CLIMATE RECORD PERIOD 1871 TO 2018


WEATHER ITEM   OBSERVED TIME   RECORD YEAR NORMAL DEPARTURE LAST
                VALUE   (LST)  VALUE       VALUE  FROM      YEAR
                                                  NORMAL
..................................................................
TEMPERATURE (F)
 YESTERDAY
  MAXIMUM         22    225 PM  67    1995  31     -9       31
  MINIMUM          3    338 AM -12    1957  18    -15       21
  AVERAGE         13                        25    -12       26

PRECIPITATION (IN)
  YESTERDAY        0.05          1.15 1918   0.10  -0.05     0.00
  MONTH TO DATE    2.45                      1.65   0.80     1.38
  SINCE DEC 1      5.38                      5.54  -0.16     5.44
  SINCE JAN 1      2.45                      1.65   0.80     1.38

SNOWFALL (IN)
  YESTERDAY       MM             8.6  1918   0.8   MM        0.0
  MONTH TO DATE   15.1                      13.1    2.0      2.9
  SINCE DEC 1     48.8                      40.5    8.3     33.0
  SINCE JUL 1     49.0                      49.3   -0.3     33.9
  SNOW DEPTH       5

DEGREE DAYS
 HEATING
  YESTERDAY       52                        40     12       39
  MONTH TO DATE  690                       595     95      563
  SINCE DEC 1   1911                      1677    234     1603
  SINCE JUL 1   3026                      3010     16     2573

 COOLING
  YESTERDAY        0                         0      0        0
  MONTH TO DATE    0                         0      0        0
  SINCE DEC 1      0                         0      0        0
  SINCE JAN 1      0                         0      0        0
..................................................................


WIND (MPH)
  HIGHEST WIND SPEED    14   HIGHEST WIND DIRECTION    SE (150)
  HIGHEST GUST SPEED    16   HIGHEST GUST DIRECTION    SE (150)
  AVERAGE WIND SPEED     6.8


SKY COVER
  AVERAGE SKY COVER 0.7


WEATHER CONDITIONS
 THE FOLLOWING WEATHER WAS RECORDED YESTERDAY.
  LIGHT SNOW
  FOG


RELATIVE HUMIDITY (PERCENT)
 HIGHEST    91           900 PM
 LOWEST     47           200 PM
 AVERAGE    69

..........................................................


THE BUFFALO NY CLIMATE NORMALS FOR TODAY
                         NORMAL    RECORD    YEAR
 MAXIMUM TEMPERATURE (F)   31        57      1953
 MINIMUM TEMPERATURE (F)   18       -10      1984
                                             1982


SUNRISE AND SUNSET
JANUARY 16 2018.......SUNRISE   743 AM EST   SUNSET   507 PM EST
JANUARY 17 2018.......SUNRISE   742 AM EST   SUNSET   508 PM EST


-  INDICATES NEGATIVE NUMBERS.
R  INDICATES RECORD WAS SET OR TIED.
MM INDICATES DATA IS MISSING.
T  INDICATES TRACE AMOUNT.




$$
