000
CDUS41 KBUF 131024
CLIBUF


CLIMATE REPORT
NATIONAL WEATHER SERVICE BUFFALO NY
623 AM EDT MON MAR 13 2017


...................................

...THE BUFFALO NY CLIMATE SUMMARY FOR MARCH 12 2017...

CLIMATE NORMAL PERIOD 1981 TO 2010
CLIMATE RECORD PERIOD 1871 TO 2017


WEATHER ITEM   OBSERVED TIME   RECORD YEAR NORMAL DEPARTURE LAST
                VALUE   (LST)  VALUE       VALUE  FROM      YEAR
                                                  NORMAL
..................................................................
TEMPERATURE (F)
 YESTERDAY
  MAXIMUM         22    546 PM  69    2012  40    -18       52
  MINIMUM         12    835 AM  -2    1960  25    -13       27
                                      1885
  AVERAGE         17                        32    -15       40

PRECIPITATION (IN)
  YESTERDAY        0.04          0.95 2014   0.09  -0.05     0.00
  MONTH TO DATE    1.07                      1.08  -0.01     1.14
  SINCE MAR 1      1.07                      1.08  -0.01     1.14
  SINCE JAN 1      6.25                      6.75  -0.50     6.42

SNOWFALL (IN)
  YESTERDAY        0.9          13.8  2014   0.5    0.4      0.0
  MONTH TO DATE    5.9                       6.3   -0.4      0.9
  SINCE MAR 1      5.9                       6.3   -0.4      0.9
  SINCE JUL 1     52.9                      85.1  -32.2     48.0
  SNOW DEPTH       2

DEGREE DAYS
 HEATING
  YESTERDAY       48                        33     15       25
  MONTH TO DATE  413                       412      1      343
  SINCE MAR 1    413                       412      1      343
  SINCE JUL 1   4305                      5156   -851     4281

 COOLING
  YESTERDAY        0                         0      0        0
  MONTH TO DATE    0                         0      0        0
  SINCE MAR 1      0                         0      0        0
  SINCE JAN 1      0                         0      0        0
..................................................................


WIND (MPH)
  HIGHEST WIND SPEED    18   HIGHEST WIND DIRECTION     W (250)
  HIGHEST GUST SPEED    23   HIGHEST GUST DIRECTION     W (280)
  AVERAGE WIND SPEED     8.0


SKY COVER
  AVERAGE SKY COVER 0.8


WEATHER CONDITIONS
 THE FOLLOWING WEATHER WAS RECORDED YESTERDAY.
  LIGHT SNOW
  FOG
  HAZE


RELATIVE HUMIDITY (PERCENT)
 HIGHEST    80          1200 AM
 LOWEST     45           100 PM
 AVERAGE    63

..........................................................


THE BUFFALO NY CLIMATE NORMALS FOR TODAY
                         NORMAL    RECORD    YEAR
 MAXIMUM TEMPERATURE (F)   41        69      1927
 MINIMUM TEMPERATURE (F)   25        -4      1885


SUNRISE AND SUNSET
MARCH 13 2017.........SUNRISE   730 AM EDT   SUNSET   719 PM EDT
MARCH 14 2017.........SUNRISE   728 AM EDT   SUNSET   720 PM EDT


-  INDICATES NEGATIVE NUMBERS.
R  INDICATES RECORD WAS SET OR TIED.
MM INDICATES DATA IS MISSING.
T  INDICATES TRACE AMOUNT.

$$
