000
CDUS41 KBUF 240705
CLIBUF


CLIMATE REPORT
NATIONAL WEATHER SERVICE BUFFALO NY
205 AM EST THU NOV 24 2016


...................................

...THE BUFFALO NY CLIMATE SUMMARY FOR NOVEMBER 23 2016...

CLIMATE NORMAL PERIOD 1981 TO 2010
CLIMATE RECORD PERIOD 1871 TO 2016


WEATHER ITEM   OBSERVED TIME   RECORD YEAR NORMAL DEPARTURE LAST
                VALUE   (LST)  VALUE       VALUE  FROM      YEAR
                                                  NORMAL
..................................................................
TEMPERATURE (F)
 YESTERDAY
  MAXIMUM         37    323 PM  70    2003  45     -8       37
                                      1979
  MINIMUM         24    441 AM   6    1880  32     -8       23
  AVERAGE         31                        38     -7       30

PRECIPITATION (IN)
  YESTERDAY        0.10          1.36 1886   0.13  -0.03      T
  MONTH TO DATE    2.17                      3.09  -0.92     0.95
  SINCE SEP 1     10.11                     10.51  -0.40     9.05
  SINCE JAN 1     28.63                     35.67  -7.04    33.52

SNOWFALL (IN)
  YESTERDAY       MM             9.0  1945   0.4   MM         T
  MONTH TO DATE    0.9                       5.0   -4.1       T
  SINCE SEP 1      0.9                       5.9   -5.0       T
  SINCE JUL 1      0.9                       5.9   -5.0       T
  SNOW DEPTH       0

DEGREE DAYS
 HEATING
  YESTERDAY       34                        27      7       35
  MONTH TO DATE  446                       530    -84      386
  SINCE SEP 1    825                      1108   -283      857
  SINCE JUL 1    825                      1135   -310      872

 COOLING
  YESTERDAY        0                         0      0        0
  MONTH TO DATE    0                         0      0        0
  SINCE SEP 1    121                        57     64      132
  SINCE JAN 1    939                       544    395      657
..................................................................


WIND (MPH)
  HIGHEST WIND SPEED    14   HIGHEST WIND DIRECTION     E (100)
  HIGHEST GUST SPEED    17   HIGHEST GUST DIRECTION     E (100)
  AVERAGE WIND SPEED     5.1


SKY COVER
  AVERAGE SKY COVER 0.9


WEATHER CONDITIONS
 THE FOLLOWING WEATHER WAS RECORDED YESTERDAY.
  LIGHT RAIN
  LT FREEZING RAIN
  LIGHT SNOW
  SLEET
  FOG


RELATIVE HUMIDITY (PERCENT)
 HIGHEST    88           500 AM
 LOWEST     56           100 PM
 AVERAGE    72

..........................................................


THE BUFFALO NY CLIMATE NORMALS FOR TODAY
                         NORMAL    RECORD    YEAR
 MAXIMUM TEMPERATURE (F)   44        68      1931
 MINIMUM TEMPERATURE (F)   31         3      1880


SUNRISE AND SUNSET
NOVEMBER 24 2016......SUNRISE   719 AM EST   SUNSET   444 PM EST
NOVEMBER 25 2016......SUNRISE   720 AM EST   SUNSET   444 PM EST


-  INDICATES NEGATIVE NUMBERS.
R  INDICATES RECORD WAS SET OR TIED.
MM INDICATES DATA IS MISSING.
T  INDICATES TRACE AMOUNT.




$$
