000
CDUS41 KBUF 111021
CLIBUF


CLIMATE REPORT
NATIONAL WEATHER SERVICE BUFFALO NY
621 AM EDT WED OCT 11 2017


...................................

...THE BUFFALO NY CLIMATE SUMMARY FOR OCTOBER 10 2017...

CLIMATE NORMAL PERIOD 1981 TO 2010
CLIMATE RECORD PERIOD 1871 TO 2017


WEATHER ITEM   OBSERVED TIME   RECORD YEAR NORMAL DEPARTURE LAST
                VALUE   (LST)  VALUE       VALUE  FROM      YEAR
                                                  NORMAL
..................................................................
TEMPERATURE (F)
 YESTERDAY
  MAXIMUM         73    252 PM  85    1949  61     12       58
  MINIMUM         57    523 AM  29    1972  44     13       39
                                      1925
  AVERAGE         65                        53     12       49

PRECIPITATION (IN)
  YESTERDAY        0.00          1.32 1922   0.13  -0.13     0.00
  MONTH TO DATE    2.06                      1.24   0.82     0.74
  SINCE SEP 1      5.23                      5.14   0.09     4.27
  SINCE JAN 1     37.51                     30.30   7.21    22.79

SNOWFALL (IN)
  YESTERDAY        0.0           1.6  1906   0.0    0.0      0.0
  MONTH TO DATE    0.0                       0.2   -0.2      0.0
  SINCE SEP 1      0.0                       0.2   -0.2      0.0
  SINCE JUL 1      0.0                       0.2   -0.2      0.0
  SNOW DEPTH       0

DEGREE DAYS
 HEATING
  YESTERDAY        0                        12    -12       16
  MONTH TO DATE   26                       108    -82       50
  SINCE SEP 1    119                       243   -124       94
  SINCE JUL 1    135                       270   -135       94

 COOLING
  YESTERDAY        0                         0      0        0
  MONTH TO DATE   16                         0     16        0
  SINCE SEP 1    132                        53     79      109
  SINCE JAN 1    602                       540     62      927
..................................................................


WIND (MPH)
  HIGHEST WIND SPEED    14   HIGHEST WIND DIRECTION    SW (210)
  HIGHEST GUST SPEED    16   HIGHEST GUST DIRECTION    SW (220)
  AVERAGE WIND SPEED     6.5


SKY COVER
  AVERAGE SKY COVER 0.5


WEATHER CONDITIONS
 THE FOLLOWING WEATHER WAS RECORDED YESTERDAY.
  FOG


RELATIVE HUMIDITY (PERCENT)
 HIGHEST   100           700 AM
 LOWEST     61          1100 AM
 AVERAGE    81

..........................................................


THE BUFFALO NY CLIMATE NORMALS FOR TODAY
                         NORMAL    RECORD    YEAR
 MAXIMUM TEMPERATURE (F)   61        82      1949
 MINIMUM TEMPERATURE (F)   44        29      1964
                                             1881


SUNRISE AND SUNSET
OCTOBER 11 2017.......SUNRISE   724 AM EDT   SUNSET   639 PM EDT
OCTOBER 12 2017.......SUNRISE   725 AM EDT   SUNSET   637 PM EDT


-  INDICATES NEGATIVE NUMBERS.
R  INDICATES RECORD WAS SET OR TIED.
MM INDICATES DATA IS MISSING.
T  INDICATES TRACE AMOUNT.




$$
