000
CDUS41 KBUF 130705
CLIBUF


CLIMATE REPORT
NATIONAL WEATHER SERVICE BUFFALO NY
205 AM EST THU NOV 13 2014


...................................

...THE BUFFALO NY CLIMATE SUMMARY FOR NOVEMBER 12 2014...

CLIMATE NORMAL PERIOD 1981 TO 2010
CLIMATE RECORD PERIOD 1871 TO 2014


WEATHER ITEM   OBSERVED TIME   RECORD YEAR NORMAL DEPARTURE LAST
                VALUE   (LST)  VALUE       VALUE  FROM      YEAR
                                                  NORMAL
..................................................................
TEMPERATURE (F)
 YESTERDAY
  MAXIMUM         54   1227 AM  70    2012  49      5       33
  MINIMUM         34   1159 PM  22    1921  35     -1       26
                                      1911
                                      1894
  AVERAGE         44                        42      2       30

PRECIPITATION (IN)
  YESTERDAY        0.02          1.08 1879   0.13  -0.11      T
  MONTH TO DATE    0.60                      1.56  -0.96     1.50
  SINCE SEP 1      8.33                      8.98  -0.65    12.03
  SINCE JAN 1     38.27                     34.14   4.13    39.66

SNOWFALL (IN)
  YESTERDAY       MM             8.2  1932   0.2   MM         T
  MONTH TO DATE    T                         1.9   -1.9      0.7
  SINCE SEP 1      T                         2.8   -2.8      0.7
  SINCE JUL 1      T                         2.8   -2.8      0.7
  SNOW DEPTH       0

DEGREE DAYS
 HEATING
  YESTERDAY       21                        23     -2       35
  MONTH TO DATE  237                       254    -17      267
  SINCE SEP 1    704                       832   -128      756
  SINCE JUL 1    726                       859   -133      772

 COOLING
  YESTERDAY        0                         0      0        0
  MONTH TO DATE    0                         0      0        0
  SINCE SEP 1     70                        57     13       59
  SINCE JAN 1    516                       544    -28      611
..................................................................


WIND (MPH)
  HIGHEST WIND SPEED    25   HIGHEST WIND DIRECTION     W (270)
  HIGHEST GUST SPEED    35   HIGHEST GUST DIRECTION     W (270)
  AVERAGE WIND SPEED    15.0


SKY COVER
  AVERAGE SKY COVER 0.9


WEATHER CONDITIONS
 THE FOLLOWING WEATHER WAS RECORDED YESTERDAY.
  LIGHT RAIN
  FOG


RELATIVE HUMIDITY (PERCENT)
 HIGHEST    93           300 AM
 LOWEST     52           500 PM
 AVERAGE    73

..........................................................


THE BUFFALO NY CLIMATE NORMALS FOR TODAY
                         NORMAL    RECORD    YEAR
 MAXIMUM TEMPERATURE (F)   49        68      1989
 MINIMUM TEMPERATURE (F)   35        16      1986


SUNRISE AND SUNSET
NOVEMBER 13 2014......SUNRISE   705 AM EST   SUNSET   453 PM EST
NOVEMBER 14 2014......SUNRISE   706 AM EST   SUNSET   452 PM EST


-  INDICATES NEGATIVE NUMBERS.
R  INDICATES RECORD WAS SET OR TIED.
MM INDICATES DATA IS MISSING.
T  INDICATES TRACE AMOUNT.




$$
