000
CDUS41 KBUF 121028
CLIBUF


CLIMATE REPORT
NATIONAL WEATHER SERVICE BUFFALO NY
527 AM EST MON FEB 12 2018


...................................

...THE BUFFALO NY CLIMATE SUMMARY FOR FEBRUARY 11 2018...

CLIMATE NORMAL PERIOD 1981 TO 2010
CLIMATE RECORD PERIOD 1871 TO 2018


WEATHER ITEM   OBSERVED TIME   RECORD YEAR NORMAL DEPARTURE LAST
                VALUE   (LST)  VALUE       VALUE  FROM      YEAR
                                                  NORMAL
..................................................................
TEMPERATURE (F)
 YESTERDAY
  MAXIMUM         42    226 PM  68    1932  32     10       40
  MINIMUM         25    618 AM -13    1885  19      6       30
  AVERAGE         34                        26      8       35

PRECIPITATION (IN)
  YESTERDAY        0.06          1.49 1876   0.09  -0.03     0.00
  MONTH TO DATE    1.39                      0.97   0.42     0.79
  SINCE DEC 1      8.05                      8.04   0.01     7.77
  SINCE JAN 1      5.12                      4.15   0.97     3.71

SNOWFALL (IN)
  YESTERDAY        T             5.8  1921   0.6   -0.6      0.0
  MONTH TO DATE   18.0                       7.3   10.7      2.6
  SINCE DEC 1     82.9                      60.0   22.9     43.7
  SINCE JUL 1     83.1                      68.8   14.3     44.6
  SNOW DEPTH       9

DEGREE DAYS
 HEATING
  YESTERDAY       31                        40     -9       30
  MONTH TO DATE  467                       440     27      400
  SINCE DEC 1   2943                      2766    177     2485
  SINCE JUL 1   4058                      4099    -41     3455

 COOLING
  YESTERDAY        0                         0      0        0
  MONTH TO DATE    0                         0      0        0
  SINCE DEC 1      0                         0      0        0
  SINCE JAN 1      0                         0      0        0
..................................................................


WIND (MPH)
  HIGHEST WIND SPEED    30   HIGHEST WIND DIRECTION    SW (240)
  HIGHEST GUST SPEED    38   HIGHEST GUST DIRECTION    SW (230)
  AVERAGE WIND SPEED    12.7


SKY COVER
  AVERAGE SKY COVER 1.0


WEATHER CONDITIONS
 THE FOLLOWING WEATHER WAS RECORDED YESTERDAY.
  LIGHT RAIN
  LT FREEZING RAIN
  LIGHT SNOW
  FOG


RELATIVE HUMIDITY (PERCENT)
 HIGHEST   100           400 AM
 LOWEST     73           200 PM
 AVERAGE    87

..........................................................


THE BUFFALO NY CLIMATE NORMALS FOR TODAY
                         NORMAL    RECORD    YEAR
 MAXIMUM TEMPERATURE (F)   33        63      1999
 MINIMUM TEMPERATURE (F)   19       -10      1979


SUNRISE AND SUNSET
FEBRUARY 12 2018......SUNRISE   716 AM EST   SUNSET   542 PM EST
FEBRUARY 13 2018......SUNRISE   715 AM EST   SUNSET   544 PM EST


-  INDICATES NEGATIVE NUMBERS.
R  INDICATES RECORD WAS SET OR TIED.
MM INDICATES DATA IS MISSING.
T  INDICATES TRACE AMOUNT.

$$
