000
CDUS41 KBUF 240705
CLIBUF


CLIMATE REPORT
NATIONAL WEATHER SERVICE BUFFALO NY
305 AM EDT SUN APR 24 2016


...................................

...THE BUFFALO NY CLIMATE SUMMARY FOR APRIL 23 2016...

CLIMATE NORMAL PERIOD 1981 TO 2010
CLIMATE RECORD PERIOD 1871 TO 2016


WEATHER ITEM   OBSERVED TIME   RECORD YEAR NORMAL DEPARTURE LAST
                VALUE   (LST)  VALUE       VALUE  FROM      YEAR
                                                  NORMAL
..................................................................
TEMPERATURE (F)
 YESTERDAY
  MAXIMUM         54    502 PM  88    1985  58     -4       37
  MINIMUM         39    648 AM  23    1930  40     -1       31
  AVERAGE         47                        49     -2       34

PRECIPITATION (IN)
  YESTERDAY        T             1.34 1996   0.10  -0.10      T
  MONTH TO DATE    1.36                      2.34  -0.98     2.67
  SINCE MAR 1      4.21                      5.21  -1.00     4.11
  SINCE JAN 1      9.49                     10.88  -1.39     9.10

SNOWFALL (IN)
  YESTERDAY       MM             0.9  2012   0.0   MM         T
  MONTH TO DATE    7.1                       2.5    4.6      0.3
  SINCE MAR 1      8.0                      15.4   -7.4      9.9
  SINCE JUL 1     55.1                      94.2  -39.1    112.9
  SNOW DEPTH       0

DEGREE DAYS
 HEATING
  YESTERDAY       18                        16      2       31
  MONTH TO DATE  510                       472     38      426
  SINCE MAR 1   1282                      1433   -151     1528
  SINCE JUL 1   5220                      6177   -957     6676

 COOLING
  YESTERDAY        0                         0      0        0
  MONTH TO DATE    0                         0      0        0
  SINCE MAR 1      0                         0      0        0
  SINCE JAN 1      0                         0      0        0
..................................................................


WIND (MPH)
  HIGHEST WIND SPEED    17   HIGHEST WIND DIRECTION     N (20)
  HIGHEST GUST SPEED    22   HIGHEST GUST DIRECTION     N (20)
  AVERAGE WIND SPEED     8.7


SKY COVER
  AVERAGE SKY COVER 0.5


WEATHER CONDITIONS
 THE FOLLOWING WEATHER WAS RECORDED YESTERDAY.
  NO SIGNIFICANT WEATHER WAS OBSERVED.


RELATIVE HUMIDITY (PERCENT)
 HIGHEST    83           300 AM
 LOWEST     24           400 PM
 AVERAGE    54

..........................................................


THE BUFFALO NY CLIMATE NORMALS FOR TODAY
                         NORMAL    RECORD    YEAR
 MAXIMUM TEMPERATURE (F)   59        87      1957
 MINIMUM TEMPERATURE (F)   40        23      1919


SUNRISE AND SUNSET
APRIL 24 2016.........SUNRISE   618 AM EDT   SUNSET   808 PM EDT
APRIL 25 2016.........SUNRISE   617 AM EDT   SUNSET   810 PM EDT


-  INDICATES NEGATIVE NUMBERS.
R  INDICATES RECORD WAS SET OR TIED.
MM INDICATES DATA IS MISSING.
T  INDICATES TRACE AMOUNT.




$$
