000
CDUS41 KBUF 221026
CLIBUF


CLIMATE REPORT
NATIONAL WEATHER SERVICE BUFFALO NY
625 AM EDT MON AUG 22 2016


...................................

...THE BUFFALO NY CLIMATE SUMMARY FOR AUGUST 21 2016...

CLIMATE NORMAL PERIOD 1981 TO 2010
CLIMATE RECORD PERIOD 1871 TO 2016


WEATHER ITEM   OBSERVED TIME   RECORD YEAR NORMAL DEPARTURE LAST
                VALUE   (LST)  VALUE       VALUE  FROM      YEAR
                                                  NORMAL
..................................................................
TEMPERATURE (F)
 YESTERDAY
  MAXIMUM         79    210 AM  88    1901  78      1       73
  MINIMUM         66   1159 PM  45    1950  60      6       61
  AVERAGE         73                        69      4       67

PRECIPITATION (IN)
  YESTERDAY        0.27          1.86 1885   0.11   0.16     0.00
  MONTH TO DATE    1.73                      2.24  -0.51     4.30
  SINCE JUN 1      4.84                      9.13  -4.29    11.75
  SINCE JAN 1     16.08                     24.14  -8.06    24.38

SNOWFALL (IN)
  YESTERDAY        0.0           0.0    MM   0.0    0.0      0.0
  MONTH TO DATE    0.0                       0.0    0.0      0.0
  SINCE JUN 1      0.0                       0.0    0.0      0.0
  SINCE JUL 1      0.0                       0.0    0.0      0.0
  SNOW DEPTH       0

DEGREE DAYS
 HEATING
  YESTERDAY        0                         1     -1        0
  MONTH TO DATE    0                         6     -6        1
  SINCE JUN 1     42                        79    -37       58
  SINCE JUL 1      0                        15    -15        8

 COOLING
  YESTERDAY        8                         5      3        2
  MONTH TO DATE  258                       119    139      132
  SINCE JUN 1    679                       419    260      406
  SINCE JAN 1    738                       445    293      497
..................................................................


WIND (MPH)
  HIGHEST WIND SPEED    26   HIGHEST WIND DIRECTION    SW (240)
  HIGHEST GUST SPEED    33   HIGHEST GUST DIRECTION    SW (240)
  AVERAGE WIND SPEED    14.4


SKY COVER
  AVERAGE SKY COVER 0.8


WEATHER CONDITIONS
 THE FOLLOWING WEATHER WAS RECORDED YESTERDAY.
  LIGHT RAIN
  FOG
  HAZE


RELATIVE HUMIDITY (PERCENT)
 HIGHEST    87           800 AM
 LOWEST     57           100 PM
 AVERAGE    72

..........................................................


THE BUFFALO NY CLIMATE NORMALS FOR TODAY
                         NORMAL    RECORD    YEAR
 MAXIMUM TEMPERATURE (F)   78        88      2008
 MINIMUM TEMPERATURE (F)   60        42      1982


SUNRISE AND SUNSET
AUGUST 22 2016........SUNRISE   629 AM EDT   SUNSET   805 PM EDT
AUGUST 23 2016........SUNRISE   630 AM EDT   SUNSET   804 PM EDT


-  INDICATES NEGATIVE NUMBERS.
R  INDICATES RECORD WAS SET OR TIED.
MM INDICATES DATA IS MISSING.
T  INDICATES TRACE AMOUNT.

$$
