000
CDUS41 KBUF 301024
CLIBUF


CLIMATE REPORT
NATIONAL WEATHER SERVICE BUFFALO NY
623 AM EDT SUN AUG 30 2015


...................................

...THE BUFFALO NY CLIMATE SUMMARY FOR AUGUST 29 2015...

CLIMATE NORMAL PERIOD 1981 TO 2010
CLIMATE RECORD PERIOD 1871 TO 2015


WEATHER ITEM   OBSERVED TIME   RECORD YEAR NORMAL DEPARTURE LAST
                VALUE   (LST)  VALUE       VALUE  FROM      YEAR
                                                  NORMAL
..................................................................
TEMPERATURE (F)
 YESTERDAY
  MAXIMUM         77    439 PM  90    1951  77      0       77
  MINIMUM         57    558 AM  38    1982  59     -2       51
  AVERAGE         67                        68     -1       64

PRECIPITATION (IN)
  YESTERDAY        0.01          3.38 1893   0.10  -0.09     0.00
  MONTH TO DATE    4.39                      3.05   1.34     2.45
  SINCE JUN 1     11.84                      9.94   1.90    11.70
  SINCE JAN 1     24.47                     24.95  -0.48    29.23

SNOWFALL (IN)
  YESTERDAY        0.0           0.0    MM   0.0    0.0      0.0
  MONTH TO DATE    0.0                       0.0    0.0      0.0
  SINCE JUN 1      0.0                       0.0    0.0      0.0
  SINCE JUL 1      0.0                       0.0    0.0      0.0
  SNOW DEPTH       0

DEGREE DAYS
 HEATING
  YESTERDAY        0                         1     -1        1
  MONTH TO DATE    8                        14     -6       12
  SINCE JUN 1     65                        87    -22       50
  SINCE JUL 1     15                        23     -8       22

 COOLING
  YESTERDAY        2                         4     -2        0
  MONTH TO DATE  145                       153     -8      128
  SINCE JUN 1    419                       453    -34      406
  SINCE JAN 1    510                       479     31      429
..................................................................


WIND (MPH)
  HIGHEST WIND SPEED    12   HIGHEST WIND DIRECTION    SW (220)
  HIGHEST GUST SPEED    14   HIGHEST GUST DIRECTION    SW (220)
  AVERAGE WIND SPEED     4.6


SKY COVER
  AVERAGE SKY COVER 0.8


WEATHER CONDITIONS
 THE FOLLOWING WEATHER WAS RECORDED YESTERDAY.
  LIGHT RAIN


RELATIVE HUMIDITY (PERCENT)
 HIGHEST    87           100 AM
 LOWEST     46           200 PM
 AVERAGE    67

..........................................................


THE BUFFALO NY CLIMATE NORMALS FOR TODAY
                         NORMAL    RECORD    YEAR
 MAXIMUM TEMPERATURE (F)   77        91      1959
                                             1951
 MINIMUM TEMPERATURE (F)   59        38      1965


SUNRISE AND SUNSET
AUGUST 30 2015........SUNRISE   637 AM EDT   SUNSET   753 PM EDT
AUGUST 31 2015........SUNRISE   638 AM EDT   SUNSET   752 PM EDT


-  INDICATES NEGATIVE NUMBERS.
R  INDICATES RECORD WAS SET OR TIED.
MM INDICATES DATA IS MISSING.
T  INDICATES TRACE AMOUNT.




$$
