000
CDUS41 KBUF 090705
CLIBUF


CLIMATE REPORT
NATIONAL WEATHER SERVICE BUFFALO NY
205 AM EST TUE JAN 9 2018


...................................

...THE BUFFALO NY CLIMATE SUMMARY FOR JANUARY 8 2018...

CLIMATE NORMAL PERIOD 1981 TO 2010
CLIMATE RECORD PERIOD 1871 TO 2018


WEATHER ITEM   OBSERVED TIME   RECORD YEAR NORMAL DEPARTURE LAST
                VALUE   (LST)  VALUE       VALUE  FROM      YEAR
                                                  NORMAL
..................................................................
TEMPERATURE (F)
 YESTERDAY
  MAXIMUM         34   1119 PM  66    2008  32      2       17
  MINIMUM         29   1214 AM  -6    1968  19     10       11
  AVERAGE         32                        25      7       14

PRECIPITATION (IN)
  YESTERDAY        0.09          1.17 1930   0.11  -0.02      T
  MONTH TO DATE    0.36                      0.93  -0.57     0.72
  SINCE DEC 1      3.29                      4.82  -1.53     4.78
  SINCE JAN 1      0.36                      0.93  -0.57     0.72

SNOWFALL (IN)
  YESTERDAY       MM             7.6  2014   0.9   MM         T
  MONTH TO DATE    6.9                       7.4   -0.5      2.9
  SINCE DEC 1     40.6                      34.8    5.8     33.0
  SINCE JUL 1     40.8                      43.6   -2.8     33.9
  SNOW DEPTH       0

DEGREE DAYS
 HEATING
  YESTERDAY       33                        40     -7       51
  MONTH TO DATE  426                       315    111      326
  SINCE DEC 1   1647                      1397    250     1366
  SINCE JUL 1   2762                      2730     32     2336

 COOLING
  YESTERDAY        0                         0      0        0
  MONTH TO DATE    0                         0      0        0
  SINCE DEC 1      0                         0      0        0
  SINCE JAN 1      0                         0      0        0
..................................................................


WIND (MPH)
  HIGHEST WIND SPEED    30   HIGHEST WIND DIRECTION    SW (240)
  HIGHEST GUST SPEED    43   HIGHEST GUST DIRECTION    SW (230)
  AVERAGE WIND SPEED    20.4


SKY COVER
  AVERAGE SKY COVER 1.0


WEATHER CONDITIONS
 THE FOLLOWING WEATHER WAS RECORDED YESTERDAY.
  LIGHT RAIN
  HEAVY SNOW
  SNOW
  LIGHT SNOW
  FOG
  FOG W/VISIBILITY <= 1/4 MILE
  BLOWING SNOW


RELATIVE HUMIDITY (PERCENT)
 HIGHEST   100           900 AM
 LOWEST     49           600 AM
 AVERAGE    75

..........................................................


THE BUFFALO NY CLIMATE NORMALS FOR TODAY
                         NORMAL    RECORD    YEAR
 MAXIMUM TEMPERATURE (F)   31        64      2008
 MINIMUM TEMPERATURE (F)   19        -9      1968


SUNRISE AND SUNSET
JANUARY  9 2018.......SUNRISE   745 AM EST   SUNSET   459 PM EST
JANUARY 10 2018.......SUNRISE   745 AM EST   SUNSET   500 PM EST


-  INDICATES NEGATIVE NUMBERS.
R  INDICATES RECORD WAS SET OR TIED.
MM INDICATES DATA IS MISSING.
T  INDICATES TRACE AMOUNT.




$$
