000
CDUS41 KBUF 151011
CLIBUF


CLIMATE REPORT
NATIONAL WEATHER SERVICE BUFFALO NY
510 AM EST MON DEC 15 2014


...................................

...THE BUFFALO NY CLIMATE SUMMARY FOR DECEMBER 14 2014...

CLIMATE NORMAL PERIOD 1981 TO 2010
CLIMATE RECORD PERIOD 1871 TO 2014


WEATHER ITEM   OBSERVED TIME   RECORD YEAR NORMAL DEPARTURE LAST
                VALUE   (LST)  VALUE       VALUE  FROM      YEAR
                                                  NORMAL
..................................................................
TEMPERATURE (F)
 YESTERDAY
  MAXIMUM         38   1159 PM  64    1901  36      2       17
  MINIMUM         35    707 AM   2    1989  25     10       12
  AVERAGE         37                        30      7       15

PRECIPITATION (IN)
  YESTERDAY        T             1.53 1901   0.13  -0.13     0.41
  MONTH TO DATE    0.90                      1.77  -0.87     0.89
  SINCE DEC 1      0.90                      1.77  -0.87     0.89
  SINCE JAN 1     41.15                     38.36   2.79    41.98

SNOWFALL (IN)
  YESTERDAY        0.0          10.1  1907   1.0   -1.0      4.5
  MONTH TO DATE    9.4                      10.4   -1.0     13.7
  SINCE DEC 1      9.4                      10.4   -1.0     13.7
  SINCE JUL 1     29.9                      19.2   10.7     23.7
  SNOW DEPTH       2

DEGREE DAYS
 HEATING
  YESTERDAY       28                        35     -7       50
  MONTH TO DATE  452                       454     -2      499
  SINCE DEC 1    452                       454     -2      499
  SINCE JUL 1   1750                      1787    -37     1817

 COOLING
  YESTERDAY        0                         0      0        0
  MONTH TO DATE    0                         0      0        0
  SINCE DEC 1      0                         0      0        0
  SINCE JAN 1    516                       544    -28      611
..................................................................


WIND (MPH)
  HIGHEST WIND SPEED    15   HIGHEST WIND DIRECTION     W (270)
  HIGHEST GUST SPEED    19   HIGHEST GUST DIRECTION    NW (300)
  AVERAGE WIND SPEED     8.3


SKY COVER
  AVERAGE SKY COVER 1.0


WEATHER CONDITIONS
 THE FOLLOWING WEATHER WAS RECORDED YESTERDAY.
  LIGHT RAIN
  FOG


RELATIVE HUMIDITY (PERCENT)
 HIGHEST    92          1200 AM
 LOWEST     92          1200 AM
 AVERAGE    92

..........................................................


THE BUFFALO NY CLIMATE NORMALS FOR TODAY
                         NORMAL    RECORD    YEAR
 MAXIMUM TEMPERATURE (F)   36        65      1971
 MINIMUM TEMPERATURE (F)   24        -4      1943


SUNRISE AND SUNSET
DECEMBER 15 2014......SUNRISE   739 AM EST   SUNSET   441 PM EST
DECEMBER 16 2014......SUNRISE   740 AM EST   SUNSET   441 PM EST


-  INDICATES NEGATIVE NUMBERS.
R  INDICATES RECORD WAS SET OR TIED.
MM INDICATES DATA IS MISSING.
T  INDICATES TRACE AMOUNT.

$$
