000
CDUS41 KBUF 062132
CLIBUF


CLIMATE REPORT
NATIONAL WEATHER SERVICE BUFFALO NY
430 PM EST MON NOV 6 2017


...................................

...THE BUFFALO NY CLIMATE SUMMARY FOR NOVEMBER 6 2017...
VALID TODAY AS OF 0400 PM LOCAL TIME.

CLIMATE NORMAL PERIOD 1981 TO 2010
CLIMATE RECORD PERIOD 1871 TO 2017


WEATHER ITEM   OBSERVED TIME   RECORD YEAR NORMAL DEPARTURE LAST
                VALUE   (LST)  VALUE       VALUE  FROM      YEAR
                                                  NORMAL
..................................................................
TEMPERATURE (F)
 TODAY
  MAXIMUM         60    122 AM  73    1956  52      8       57
                                      1948
  MINIMUM         44   1054 AM  12    1951  37      7       38
  AVERAGE         52                        44      8       48

PRECIPITATION (IN)
  TODAY            0.16          1.01 2007   0.13   0.03     0.00
  MONTH TO DATE    3.39                      0.79   2.60     1.16
  SINCE SEP 1     11.57                      8.21   3.36     9.10
  SINCE JAN 1     43.85                     33.37  10.48    27.62

SNOWFALL (IN)
  TODAY            0.0           7.0  1967   0.2   -0.2      0.0
  MONTH TO DATE    0.0                       0.8   -0.8      0.0
  SINCE SEP 1      0.1                       1.7   -1.6       T
  SINCE JUL 1      0.1                       1.7   -1.6       T
  SNOW DEPTH       0

DEGREE DAYS
 HEATING
  TODAY           13                        21     -8       17
  MONTH TO DATE   97                       121    -24       79
  SINCE SEP 1    449                       699   -250      458
  SINCE JUL 1    465                       726   -261      458

 COOLING
  TODAY            0                         0      0        0
  MONTH TO DATE    0                         0      0        0
  SINCE SEP 1    133                        57     76      121
  SINCE JAN 1    603                       544     59      939
..................................................................


WIND (MPH)
  HIGHEST WIND SPEED    20   HIGHEST WIND DIRECTION    NW (320)
  HIGHEST GUST SPEED    23   HIGHEST GUST DIRECTION    NW (330)
  AVERAGE WIND SPEED    11.3


SKY COVER
  AVERAGE SKY COVER 0.8


WEATHER CONDITIONS
 THE FOLLOWING WEATHER WAS RECORDED TODAY.
  RAIN
  LIGHT RAIN
  FOG


RELATIVE HUMIDITY (PERCENT)
 HIGHEST    93           300 AM
 LOWEST     65          1200 PM
 AVERAGE    79

..........................................................


THE BUFFALO NY CLIMATE NORMALS FOR TOMORROW
                         NORMAL    RECORD    YEAR
 MAXIMUM TEMPERATURE (F)   51        73      2008
 MINIMUM TEMPERATURE (F)   37        22      1992
                                             1967


SUNRISE AND SUNSET
NOVEMBER  6 2017......SUNRISE   656 AM EST   SUNSET   501 PM EST
NOVEMBER  7 2017......SUNRISE   657 AM EST   SUNSET   459 PM EST


-  INDICATES NEGATIVE NUMBERS.
R  INDICATES RECORD WAS SET OR TIED.
MM INDICATES DATA IS MISSING.
T  INDICATES TRACE AMOUNT.

$$
