000
CDUS41 KBUF 142031
CLIBUF


CLIMATE REPORT
NATIONAL WEATHER SERVICE BUFFALO NY
430 PM EDT SAT MAY 14 2016


...................................

...THE BUFFALO NY CLIMATE SUMMARY FOR MAY 14 2016...
VALID TODAY AS OF 0400 PM LOCAL TIME.

CLIMATE NORMAL PERIOD 1981 TO 2010
CLIMATE RECORD PERIOD 1871 TO 2016


WEATHER ITEM   OBSERVED TIME   RECORD YEAR NORMAL DEPARTURE LAST
                VALUE   (LST)  VALUE       VALUE  FROM      YEAR
                                                  NORMAL
..................................................................
TEMPERATURE (F)
 TODAY
  MAXIMUM         59   1126 AM  88    1974  66     -7       67
  MINIMUM         48    259 PM  33    1878  47      1       38
  AVERAGE         54                        56     -2       53

PRECIPITATION (IN)
  TODAY            0.04          1.03 2011   0.10  -0.06     0.00
                                      1978
  MONTH TO DATE    1.14                      1.45  -0.31     0.67
  SINCE MAR 1      5.89                      7.33  -1.44     4.81
  SINCE JAN 1     11.17                     13.00  -1.83     9.80

SNOWFALL (IN)
  TODAY            0.0           0.0    MM   0.0    0.0      0.0
  MONTH TO DATE    0.0                       0.2   -0.2      0.0
  SINCE MAR 1      8.0                      15.8   -7.8      9.9
  SINCE JUL 1     55.1                      94.6  -39.5    112.9
  SNOW DEPTH       0

DEGREE DAYS
 HEATING
  TODAY           11                         9      2       12
  MONTH TO DATE  149                       156     -7       67
  SINCE MAR 1   1569                      1693   -124     1739
  SINCE JUL 1   5507                      6437   -930     6887

 COOLING
  TODAY            0                         1     -1        0
  MONTH TO DATE    2                         2      0       40
  SINCE MAR 1      2                         5     -3       40
  SINCE JAN 1      2                         5     -3       40
..................................................................


WIND (MPH)
  HIGHEST WIND SPEED    35   HIGHEST WIND DIRECTION    SW (230)
  HIGHEST GUST SPEED    47   HIGHEST GUST DIRECTION    SW (230)
  AVERAGE WIND SPEED    13.7


SKY COVER
  AVERAGE SKY COVER 0.8


WEATHER CONDITIONS
 THE FOLLOWING WEATHER WAS RECORDED TODAY.
  LIGHT RAIN


RELATIVE HUMIDITY (PERCENT)
 HIGHEST    83           400 AM
 LOWEST     71           100 AM
 AVERAGE    77

..........................................................


THE BUFFALO NY CLIMATE NORMALS FOR TOMORROW
                         NORMAL    RECORD    YEAR
 MAXIMUM TEMPERATURE (F)   66        87      1961
 MINIMUM TEMPERATURE (F)   47        34      1920


SUNRISE AND SUNSET
MAY 14 2016...........SUNRISE   552 AM EDT   SUNSET   831 PM EDT
MAY 15 2016...........SUNRISE   551 AM EDT   SUNSET   832 PM EDT


-  INDICATES NEGATIVE NUMBERS.
R  INDICATES RECORD WAS SET OR TIED.
MM INDICATES DATA IS MISSING.
T  INDICATES TRACE AMOUNT.




$$
