000
CDUS41 KBUF 202151
CLIBUF


CLIMATE REPORT
NATIONAL WEATHER SERVICE BUFFALO NY
450 PM EST SUN NOV 20 2016


...................................

...THE BUFFALO NY CLIMATE SUMMARY FOR NOVEMBER 20 2016...
VALID TODAY AS OF 0400 PM LOCAL TIME.

CLIMATE NORMAL PERIOD 1981 TO 2010
CLIMATE RECORD PERIOD 1871 TO 2016


WEATHER ITEM   OBSERVED TIME   RECORD YEAR NORMAL DEPARTURE LAST
                VALUE   (LST)  VALUE       VALUE  FROM      YEAR
                                                  NORMAL
..................................................................
TEMPERATURE (F)
 TODAY
  MAXIMUM         35   1200 AM  72    1953  46    -11       45
  MINIMUM         31    157 PM  11    1880  33     -2       33
  AVERAGE         33                        39     -6       39

PRECIPITATION (IN)
  TODAY            0.09          2.31 2000   0.13  -0.04      T
  MONTH TO DATE    2.05                      2.68  -0.63     0.93
  SINCE SEP 1      9.99                     10.10  -0.11     9.03
  SINCE JAN 1     28.51                     35.26  -6.75    33.50

SNOWFALL (IN)
  TODAY            0.9          24.9  2000   0.3    0.6       T
  MONTH TO DATE    0.9                       4.0   -3.1       T
  SINCE SEP 1      0.9                       4.9   -4.0       T
  SINCE JUL 1      0.9                       4.9   -4.0       T
  SNOW DEPTH       0

DEGREE DAYS
 HEATING
  TODAY           32                        26      6       26
  MONTH TO DATE  346                       450   -104      296
  SINCE SEP 1    725                      1028   -303      767
  SINCE JUL 1    725                      1055   -330      782

 COOLING
  TODAY            0                         0      0        0
  MONTH TO DATE    0                         0      0        0
  SINCE SEP 1    121                        57     64      132
  SINCE JAN 1    939                       544    395      657
..................................................................


WIND (MPH)
  HIGHEST WIND SPEED    31   HIGHEST WIND DIRECTION     W (290)
  HIGHEST GUST SPEED    40   HIGHEST GUST DIRECTION    NW (300)
  AVERAGE WIND SPEED    17.8


SKY COVER
  AVERAGE SKY COVER 0.9


WEATHER CONDITIONS
 THE FOLLOWING WEATHER WAS RECORDED TODAY.
  LIGHT SNOW
  FOG


RELATIVE HUMIDITY (PERCENT)
 HIGHEST    89           600 AM
 LOWEST     69           100 AM
 AVERAGE    79

..........................................................


THE BUFFALO NY CLIMATE NORMALS FOR TOMORROW
                         NORMAL    RECORD    YEAR
 MAXIMUM TEMPERATURE (F)   45        71      1913
 MINIMUM TEMPERATURE (F)   32         7      1880


SUNRISE AND SUNSET
NOVEMBER 20 2016......SUNRISE   714 AM EST   SUNSET   447 PM EST
NOVEMBER 21 2016......SUNRISE   715 AM EST   SUNSET   446 PM EST


-  INDICATES NEGATIVE NUMBERS.
R  INDICATES RECORD WAS SET OR TIED.
MM INDICATES DATA IS MISSING.
T  INDICATES TRACE AMOUNT.




$$
