004
CDUS41 KBUF 100705
CLIBUF


CLIMATE REPORT
NATIONAL WEATHER SERVICE BUFFALO NY
305 AM EDT SUN MAY 10 2015


...................................

...THE BUFFALO NY CLIMATE SUMMARY FOR MAY 9 2015...

CLIMATE NORMAL PERIOD 1981 TO 2010
CLIMATE RECORD PERIOD 1871 TO 2015


WEATHER ITEM   OBSERVED TIME   RECORD YEAR NORMAL DEPARTURE LAST
                VALUE   (LST)  VALUE       VALUE  FROM      YEAR
                                                  NORMAL
..................................................................
TEMPERATURE (F)
 YESTERDAY
  MAXIMUM         89R   334 PM  82    2014  64     25       82
                                      2007
  MINIMUM         64    551 AM  29    1947  45     19       59
  AVERAGE         77                        55     22       71

PRECIPITATION (IN)
  YESTERDAY        0.00          1.14 1927   0.10  -0.10     0.07
  MONTH TO DATE    0.08                      0.92  -0.84     0.44
  SINCE MAR 1      4.22                      6.80  -2.58     8.07
  SINCE JAN 1      9.21                     12.47  -3.26    14.85

SNOWFALL (IN)
  YESTERDAY        0.0           0.5  1923   0.1   -0.1      0.0
  MONTH TO DATE    0.0                       0.2   -0.2      0.0
  SINCE MAR 1      9.9                      15.8   -5.9     25.7
  SINCE JUL 1    112.9                      94.6   18.3    129.9
  SNOW DEPTH       0

DEGREE DAYS
 HEATING
  YESTERDAY        0                        11    -11        0
  MONTH TO DATE   31                       108    -77      111
  SINCE MAR 1   1703                      1645     58     1860
  SINCE JUL 1   6851                      6389    462     6966

 COOLING
  YESTERDAY       12                         0     12        6
  MONTH TO DATE   23                         0     23        6
  SINCE MAR 1     23                         3     20        6
  SINCE JAN 1     23                         3     20        6
..................................................................


WIND (MPH)
  HIGHEST WIND SPEED    21   HIGHEST WIND DIRECTION    SW (230)
  HIGHEST GUST SPEED    26   HIGHEST GUST DIRECTION    SW (230)
  AVERAGE WIND SPEED     9.2


SKY COVER
  AVERAGE SKY COVER 0.7


WEATHER CONDITIONS
 THE FOLLOWING WEATHER WAS RECORDED YESTERDAY.
  NO SIGNIFICANT WEATHER WAS OBSERVED.


RELATIVE HUMIDITY (PERCENT)
 HIGHEST    78           400 AM
 LOWEST     34          1100 AM
 AVERAGE    56

..........................................................


THE BUFFALO NY CLIMATE NORMALS FOR TODAY
                         NORMAL    RECORD    YEAR
 MAXIMUM TEMPERATURE (F)   65        86      1993
 MINIMUM TEMPERATURE (F)   45        26      1947
                                             1923


SUNRISE AND SUNSET
MAY 10 2015...........SUNRISE   558 AM EDT   SUNSET   826 PM EDT
MAY 11 2015...........SUNRISE   557 AM EDT   SUNSET   827 PM EDT


-  INDICATES NEGATIVE NUMBERS.
R  INDICATES RECORD WAS SET OR TIED.
MM INDICATES DATA IS MISSING.
T  INDICATES TRACE AMOUNT.




$$
