000
CDUS41 KBUF 061029
CLIBUF


CLIMATE REPORT
NATIONAL WEATHER SERVICE BUFFALO NY
527 AM EST MON NOV 6 2017


...................................

...THE BUFFALO NY CLIMATE SUMMARY FOR NOVEMBER 5 2017...

CLIMATE NORMAL PERIOD 1981 TO 2010
CLIMATE RECORD PERIOD 1871 TO 2017


WEATHER ITEM   OBSERVED TIME   RECORD YEAR NORMAL DEPARTURE LAST
                VALUE   (LST)  VALUE       VALUE  FROM      YEAR
                                                  NORMAL
..................................................................
TEMPERATURE (F)
 YESTERDAY
  MAXIMUM         61    350 PM  76    1948  52      9       57
  MINIMUM         43   1231 AM  12    1951  37      6       46
  AVERAGE         52                        44      8       52

PRECIPITATION (IN)
  YESTERDAY        2.01R         2.01 2017   0.13   1.88     0.00
  MONTH TO DATE    3.23                      0.66   2.57     1.16
  SINCE SEP 1     11.41                      8.08   3.33     9.10
  SINCE JAN 1     43.69                     33.24  10.45    27.62

SNOWFALL (IN)
  YESTERDAY        0.0          12.3  1982   0.1   -0.1      0.0
  MONTH TO DATE    0.0                       0.6   -0.6      0.0
  SINCE SEP 1      0.1                       1.5   -1.4       T
  SINCE JUL 1      0.1                       1.5   -1.4       T
  SNOW DEPTH       0

DEGREE DAYS
 HEATING
  YESTERDAY       13                        21     -8       13
  MONTH TO DATE   84                       100    -16       62
  SINCE SEP 1    436                       678   -242      441
  SINCE JUL 1    452                       705   -253      441

 COOLING
  YESTERDAY        0                         0      0        0
  MONTH TO DATE    0                         0      0        0
  SINCE SEP 1    133                        57     76      121
  SINCE JAN 1    603                       544     59      939
..................................................................


WIND (MPH)
  HIGHEST WIND SPEED    26   HIGHEST WIND DIRECTION     S (170)
  HIGHEST GUST SPEED    35   HIGHEST GUST DIRECTION     S (180)
  AVERAGE WIND SPEED    14.6


SKY COVER
  AVERAGE SKY COVER 0.9


WEATHER CONDITIONS
 THE FOLLOWING WEATHER WAS RECORDED YESTERDAY.
  THUNDERSTORM
  HEAVY RAIN
  RAIN
  LIGHT RAIN
  FOG


RELATIVE HUMIDITY (PERCENT)
 HIGHEST    93           200 AM
 LOWEST     80           200 PM
 AVERAGE    87

..........................................................


THE BUFFALO NY CLIMATE NORMALS FOR TODAY
                         NORMAL    RECORD    YEAR
 MAXIMUM TEMPERATURE (F)   52        73      1956
                                             1948
 MINIMUM TEMPERATURE (F)   37        12      1951


SUNRISE AND SUNSET
NOVEMBER  6 2017......SUNRISE   656 AM EST   SUNSET   501 PM EST
NOVEMBER  7 2017......SUNRISE   657 AM EST   SUNSET   459 PM EST


-  INDICATES NEGATIVE NUMBERS.
R  INDICATES RECORD WAS SET OR TIED.
MM INDICATES DATA IS MISSING.
T  INDICATES TRACE AMOUNT.




$$
