000
CDUS41 KBUF 161007
CLIBUF


CLIMATE REPORT
NATIONAL WEATHER SERVICE BUFFALO NY
605 AM EDT MON MAY 16 2016


...................................

...THE BUFFALO NY CLIMATE SUMMARY FOR MAY 15 2016...

CLIMATE NORMAL PERIOD 1981 TO 2010
CLIMATE RECORD PERIOD 1871 TO 2016


WEATHER ITEM   OBSERVED TIME   RECORD YEAR NORMAL DEPARTURE LAST
                VALUE   (LST)  VALUE       VALUE  FROM      YEAR
                                                  NORMAL
..................................................................
TEMPERATURE (F)
 YESTERDAY
  MAXIMUM         47    344 PM  87    1961  66    -19       68
  MINIMUM         38    813 AM  34    1920  47     -9       50
  AVERAGE         43                        57    -14       59

PRECIPITATION (IN)
  YESTERDAY        T             1.33 2011   0.11  -0.11     0.01
  MONTH TO DATE    1.14                      1.56  -0.42     0.68
  SINCE MAR 1      5.89                      7.44  -1.55     4.82
  SINCE JAN 1     11.17                     13.11  -1.94     9.81

SNOWFALL (IN)
  YESTERDAY        T   R         T    1959   0.0    0.0      0.0
  MONTH TO DATE    T                         0.2   -0.2      0.0
  SINCE MAR 1      8.0                      15.8   -7.8      9.9
  SINCE JUL 1     55.1                      94.6  -39.5    112.9
  SNOW DEPTH       0

DEGREE DAYS
 HEATING
  YESTERDAY       22                         9     13        6
  MONTH TO DATE  174                       165      9       73
  SINCE MAR 1   1594                      1702   -108     1745
  SINCE JUL 1   5532                      6446   -914     6893

 COOLING
  YESTERDAY        0                         1     -1        0
  MONTH TO DATE    2                         3     -1       40
  SINCE MAR 1      2                         6     -4       40
  SINCE JAN 1      2                         6     -4       40
..................................................................


WIND (MPH)
  HIGHEST WIND SPEED    28   HIGHEST WIND DIRECTION     W (270)
  HIGHEST GUST SPEED    39   HIGHEST GUST DIRECTION     W (260)
  AVERAGE WIND SPEED    15.8


SKY COVER
  AVERAGE SKY COVER 0.8


WEATHER CONDITIONS
 THE FOLLOWING WEATHER WAS RECORDED YESTERDAY.
  NO SIGNIFICANT WEATHER WAS OBSERVED.


RELATIVE HUMIDITY (PERCENT)
 HIGHEST    64           200 AM
 LOWEST     39           600 PM
 AVERAGE    52

..........................................................


THE BUFFALO NY CLIMATE NORMALS FOR TODAY
                         NORMAL    RECORD    YEAR
 MAXIMUM TEMPERATURE (F)   67        89      1991
 MINIMUM TEMPERATURE (F)   47        32      1936


SUNRISE AND SUNSET
MAY 16 2016...........SUNRISE   550 AM EDT   SUNSET   833 PM EDT
MAY 17 2016...........SUNRISE   549 AM EDT   SUNSET   834 PM EDT


-  INDICATES NEGATIVE NUMBERS.
R  INDICATES RECORD WAS SET OR TIED.
MM INDICATES DATA IS MISSING.
T  INDICATES TRACE AMOUNT.




$$
