000
CDUS41 KBUF 170705
CLIBUF


CLIMATE REPORT
NATIONAL WEATHER SERVICE BUFFALO NY
305 AM EDT SUN APR 17 2016


...................................

...THE BUFFALO NY CLIMATE SUMMARY FOR APRIL 16 2016...

CLIMATE NORMAL PERIOD 1981 TO 2010
CLIMATE RECORD PERIOD 1871 TO 2016


WEATHER ITEM   OBSERVED TIME   RECORD YEAR NORMAL DEPARTURE LAST
                VALUE   (LST)  VALUE       VALUE  FROM      YEAR
                                                  NORMAL
..................................................................
TEMPERATURE (F)
 YESTERDAY
  MAXIMUM         72    129 PM  82    2012  55     17       71
  MINIMUM         41    552 AM  20    1928  37      4       40
                                      1875
  AVERAGE         57                        46     11       56

PRECIPITATION (IN)
  YESTERDAY        0.00          0.96 1986   0.10  -0.10     0.13
  MONTH TO DATE    1.36                      1.69  -0.33     1.96
  SINCE MAR 1      4.21                      4.56  -0.35     3.40
  SINCE JAN 1      9.49                     10.23  -0.74     8.39

SNOWFALL (IN)
  YESTERDAY        0.0           6.2  1904   0.1   -0.1      0.0
  MONTH TO DATE    7.1                       2.2    4.9      0.3
  SINCE MAR 1      8.0                      15.1   -7.1      9.9
  SINCE JUL 1     55.1                      93.9  -38.8    112.9
  SNOW DEPTH       0

DEGREE DAYS
 HEATING
  YESTERDAY        8                        19    -11        9
  MONTH TO DATE  438                       351     87      306
  SINCE MAR 1   1210                      1312   -102     1408
  SINCE JUL 1   5148                      6056   -908     6556

 COOLING
  YESTERDAY        0                         0      0        0
  MONTH TO DATE    0                         0      0        0
  SINCE MAR 1      0                         0      0        0
  SINCE JAN 1      0                         0      0        0
..................................................................


WIND (MPH)
  HIGHEST WIND SPEED    17   HIGHEST WIND DIRECTION    NE (30)
  HIGHEST GUST SPEED    20   HIGHEST GUST DIRECTION     N (20)
  AVERAGE WIND SPEED     6.0


SKY COVER
  AVERAGE SKY COVER 0.1


WEATHER CONDITIONS
 THE FOLLOWING WEATHER WAS RECORDED YESTERDAY.
  NO SIGNIFICANT WEATHER WAS OBSERVED.


RELATIVE HUMIDITY (PERCENT)
 HIGHEST    53           600 AM
 LOWEST     19           200 PM
 AVERAGE    36

..........................................................


THE BUFFALO NY CLIMATE NORMALS FOR TODAY
                         NORMAL    RECORD    YEAR
 MAXIMUM TEMPERATURE (F)   56        80      1976
 MINIMUM TEMPERATURE (F)   37        15      1875


SUNRISE AND SUNSET
APRIL 17 2016.........SUNRISE   629 AM EDT   SUNSET   800 PM EDT
APRIL 18 2016.........SUNRISE   628 AM EDT   SUNSET   801 PM EDT


-  INDICATES NEGATIVE NUMBERS.
R  INDICATES RECORD WAS SET OR TIED.
MM INDICATES DATA IS MISSING.
T  INDICATES TRACE AMOUNT.




$$
