000
CDUS41 KBUF 051013
CLIBUF


CLIMATE REPORT
NATIONAL WEATHER SERVICE BUFFALO NY
512 AM EST THU MAR 5 2015


...................................

...THE BUFFALO NY CLIMATE SUMMARY FOR MARCH 4 2015...

CLIMATE NORMAL PERIOD 1981 TO 2010
CLIMATE RECORD PERIOD 1871 TO 2015


WEATHER ITEM   OBSERVED TIME   RECORD YEAR NORMAL DEPARTURE LAST
                VALUE   (LST)  VALUE       VALUE  FROM      YEAR
                                                  NORMAL
..................................................................
TEMPERATURE (F)
 YESTERDAY
  MAXIMUM         34    247 AM  63    1974  38     -4       15
  MINIMUM         25   1159 PM  -3    2014  22      3       -3
                                      1943
  AVERAGE         30                        30      0        6

PRECIPITATION (IN)
  YESTERDAY        0.03          1.28 1881   0.09  -0.06     0.01
  MONTH TO DATE    0.50                      0.36   0.14     0.21
  SINCE MAR 1      0.50                      0.36   0.14     0.21
  SINCE JAN 1      5.49                      6.03  -0.54     6.99

SNOWFALL (IN)
  YESTERDAY        0.1           4.9  1991   0.5   -0.4      0.1
  MONTH TO DATE    5.3                       2.1    3.2      2.3
  SINCE MAR 1      5.3                       2.1    3.2      2.3
  SINCE JUL 1    108.3                      80.9   27.4    106.5
  SNOW DEPTH      21

DEGREE DAYS
 HEATING
  YESTERDAY       35                        35      0       59
  MONTH TO DATE  174                       142     32      215
  SINCE MAR 1    174                       142     32      215
  SINCE JUL 1   5322                      4886    436     5321

 COOLING
  YESTERDAY        0                         0      0        0
  MONTH TO DATE    0                         0      0        0
  SINCE MAR 1      0                         0      0        0
  SINCE JAN 1      0                         0      0        0
..................................................................


WIND (MPH)
  HIGHEST WIND SPEED    23   HIGHEST WIND DIRECTION     W (250)
  HIGHEST GUST SPEED    30   HIGHEST GUST DIRECTION     W (250)
  AVERAGE WIND SPEED    14.0


SKY COVER
  AVERAGE SKY COVER 0.9


WEATHER CONDITIONS
 THE FOLLOWING WEATHER WAS RECORDED YESTERDAY.
  LIGHT RAIN
  LIGHT SNOW
  FOG
  HAZE


RELATIVE HUMIDITY (PERCENT)
 HIGHEST    96           100 AM
 LOWEST     63          1100 AM
 AVERAGE    80

..........................................................


THE BUFFALO NY CLIMATE NORMALS FOR TODAY
                         NORMAL    RECORD    YEAR
 MAXIMUM TEMPERATURE (F)   38        68      2004
 MINIMUM TEMPERATURE (F)   23         3      1948
                                             1944
                                             1895


SUNRISE AND SUNSET
MARCH  5 2015.........SUNRISE   645 AM EST   SUNSET   609 PM EST
MARCH  6 2015.........SUNRISE   643 AM EST   SUNSET   610 PM EST


-  INDICATES NEGATIVE NUMBERS.
R  INDICATES RECORD WAS SET OR TIED.
MM INDICATES DATA IS MISSING.
T  INDICATES TRACE AMOUNT.




$$
