000
CDUS41 KBUF 171024
CLIBUF


CLIMATE REPORT
NATIONAL WEATHER SERVICE BUFFALO NY
623 AM EDT TUE OCT 17 2017


...................................

...THE BUFFALO NY CLIMATE SUMMARY FOR OCTOBER 16 2017...

CLIMATE NORMAL PERIOD 1981 TO 2010
CLIMATE RECORD PERIOD 1871 TO 2017


WEATHER ITEM   OBSERVED TIME   RECORD YEAR NORMAL DEPARTURE LAST
                VALUE   (LST)  VALUE       VALUE  FROM      YEAR
                                                  NORMAL
..................................................................
TEMPERATURE (F)
 YESTERDAY
  MAXIMUM         50    256 PM  85    1947  59     -9       74
  MINIMUM         37   1159 PM  31    1994  43     -6       63
                                      1978
                                      1883
  AVERAGE         44                        51     -7       69

PRECIPITATION (IN)
  YESTERDAY        0.00          1.33 2004   0.10  -0.10     0.01
  MONTH TO DATE    2.46                      1.91   0.55     0.85
  SINCE SEP 1      5.63                      5.81  -0.18     4.38
  SINCE JAN 1     37.91                     30.97   6.94    22.90

SNOWFALL (IN)
  YESTERDAY        0.0           T    2015   0.0    0.0      0.0
                                      2009
                                      2004
  MONTH TO DATE    0.0                       0.3   -0.3      0.0
  SINCE SEP 1      0.0                       0.3   -0.3      0.0
  SINCE JUL 1      0.0                       0.3   -0.3      0.0
  SNOW DEPTH       0

DEGREE DAYS
 HEATING
  YESTERDAY       21                        14      7        0
  MONTH TO DATE   70                       189   -119      102
  SINCE SEP 1    163                       324   -161      146
  SINCE JUL 1    179                       351   -172      146

 COOLING
  YESTERDAY        0                         0      0        4
  MONTH TO DATE   16                         0     16        4
  SINCE SEP 1    132                        53     79      113
  SINCE JAN 1    602                       540     62      931
..................................................................


WIND (MPH)
  HIGHEST WIND SPEED    20   HIGHEST WIND DIRECTION    NW (330)
  HIGHEST GUST SPEED    25   HIGHEST GUST DIRECTION    NW (330)
  AVERAGE WIND SPEED     7.9


SKY COVER
  AVERAGE SKY COVER 0.6


WEATHER CONDITIONS
 THE FOLLOWING WEATHER WAS RECORDED YESTERDAY.
  NO SIGNIFICANT WEATHER WAS OBSERVED.


RELATIVE HUMIDITY (PERCENT)
 HIGHEST    85          1100 PM
 LOWEST     50           300 PM
 AVERAGE    68

..........................................................


THE BUFFALO NY CLIMATE NORMALS FOR TODAY
                         NORMAL    RECORD    YEAR
 MAXIMUM TEMPERATURE (F)   59        84      1947
 MINIMUM TEMPERATURE (F)   42        27      1978


SUNRISE AND SUNSET
OCTOBER 17 2017.......SUNRISE   731 AM EDT   SUNSET   629 PM EDT
OCTOBER 18 2017.......SUNRISE   732 AM EDT   SUNSET   627 PM EDT


-  INDICATES NEGATIVE NUMBERS.
R  INDICATES RECORD WAS SET OR TIED.
MM INDICATES DATA IS MISSING.
T  INDICATES TRACE AMOUNT.




$$
