000
CDUS41 KBUF 232035
CLIBUF


CLIMATE REPORT
NATIONAL WEATHER SERVICE BUFFALO NY
435 PM EDT FRI SEP 23 2016


...................................

...THE BUFFALO NY CLIMATE SUMMARY FOR SEPTEMBER 23 2016...
VALID TODAY AS OF 0400 PM LOCAL TIME.

CLIMATE NORMAL PERIOD 1981 TO 2010
CLIMATE RECORD PERIOD 1871 TO 2016


WEATHER ITEM   OBSERVED TIME   RECORD YEAR NORMAL DEPARTURE LAST
                VALUE   (LST)  VALUE       VALUE  FROM      YEAR
                                                  NORMAL
..................................................................
TEMPERATURE (F)
 TODAY
  MAXIMUM         74    819 AM  86    1936  68      6       77
  MINIMUM         60    259 PM  32    1947  51      9       52
  AVERAGE         67                        60      7       65

PRECIPITATION (IN)
  TODAY            0.00          1.32 2000   0.15  -0.15     0.00
  MONTH TO DATE    2.81                      2.92  -0.11     2.77
  SINCE SEP 1      2.81                      2.92  -0.11     2.77
  SINCE JAN 1     21.33                     28.08  -6.75    27.24

SNOWFALL (IN)
  TODAY            0.0           T    1950   0.0    0.0      0.0
  MONTH TO DATE    0.0                       0.0    0.0      0.0
  SINCE SEP 1      0.0                       0.0    0.0      0.0
  SINCE JUL 1      0.0                       0.0    0.0      0.0
  SNOW DEPTH       0

DEGREE DAYS
 HEATING
  TODAY            0                         6     -6        0
  MONTH TO DATE    9                        81    -72       39
  SINCE SEP 1      9                        81    -72       39
  SINCE JUL 1      9                       108    -99       54

 COOLING
  TODAY            2                         1      1        0
  MONTH TO DATE  110                        48     62      125
  SINCE SEP 1    110                        48     62      125
  SINCE JAN 1    928                       535    393      650
..................................................................


WIND (MPH)
  HIGHEST WIND SPEED    18   HIGHEST WIND DIRECTION    NE (40)
  HIGHEST GUST SPEED    24   HIGHEST GUST DIRECTION    NE (30)
  AVERAGE WIND SPEED     7.9


SKY COVER
  AVERAGE SKY COVER 0.8


WEATHER CONDITIONS
 THE FOLLOWING WEATHER WAS RECORDED TODAY.
  NO SIGNIFICANT WEATHER WAS OBSERVED.


RELATIVE HUMIDITY (PERCENT)
 HIGHEST    93          1100 AM
 LOWEST     73          1200 AM
 AVERAGE    83

..........................................................


THE BUFFALO NY CLIMATE NORMALS FOR TOMORROW
                         NORMAL    RECORD    YEAR
 MAXIMUM TEMPERATURE (F)   68        88      2010
                                             1970
 MINIMUM TEMPERATURE (F)   50        32      1963


SUNRISE AND SUNSET
SEPTEMBER 23 2016.....SUNRISE   704 AM EDT   SUNSET   710 PM EDT
SEPTEMBER 24 2016.....SUNRISE   705 AM EDT   SUNSET   708 PM EDT


-  INDICATES NEGATIVE NUMBERS.
R  INDICATES RECORD WAS SET OR TIED.
MM INDICATES DATA IS MISSING.
T  INDICATES TRACE AMOUNT.




$$
