000
CDUS41 KBUF 220705
CLIBUF


CLIMATE REPORT
NATIONAL WEATHER SERVICE BUFFALO NY
305 AM EDT SAT APR 22 2017


...................................

...THE BUFFALO NY CLIMATE SUMMARY FOR APRIL 21 2017...

CLIMATE NORMAL PERIOD 1981 TO 2010
CLIMATE RECORD PERIOD 1871 TO 2017


WEATHER ITEM   OBSERVED TIME   RECORD YEAR NORMAL DEPARTURE LAST
                VALUE   (LST)  VALUE       VALUE  FROM      YEAR
                                                  NORMAL
..................................................................
TEMPERATURE (F)
 YESTERDAY
  MAXIMUM         53    302 AM  84    1954  58     -5       71
  MINIMUM         44   1159 PM  21    1875  39      5       47
  AVERAGE         49                        48      1       59

PRECIPITATION (IN)
  YESTERDAY        T             1.24 1991   0.09  -0.09      T
  MONTH TO DATE    4.86                      2.15   2.71     1.36
  SINCE MAR 1      9.22                      5.02   4.20     4.21
  SINCE JAN 1     14.40                     10.69   3.71     9.49

SNOWFALL (IN)
  YESTERDAY       MM             1.3  1934   0.0   MM        0.0
  MONTH TO DATE    2.3                       2.5   -0.2      7.1
  SINCE MAR 1     29.1                      15.4   13.7      8.0
  SINCE JUL 1     76.1                      94.2  -18.1     55.1
  SNOW DEPTH       0

DEGREE DAYS
 HEATING
  YESTERDAY       16                        17     -1        6
  MONTH TO DATE  337                       439   -102      484
  SINCE MAR 1   1321                      1400    -79     1256
  SINCE JUL 1   5213                      6144   -931     5194

 COOLING
  YESTERDAY        0                         0      0        0
  MONTH TO DATE    2                         0      2        0
  SINCE MAR 1      2                         0      2        0
  SINCE JAN 1      2                         0      2        0
..................................................................


WIND (MPH)
  HIGHEST WIND SPEED    25   HIGHEST WIND DIRECTION     W (250)
  HIGHEST GUST SPEED    35   HIGHEST GUST DIRECTION    SW (240)
  AVERAGE WIND SPEED    12.1


SKY COVER
  AVERAGE SKY COVER 0.9


WEATHER CONDITIONS
 THE FOLLOWING WEATHER WAS RECORDED YESTERDAY.
  LIGHT RAIN
  FOG
  FOG W/VISIBILITY <= 1/4 MILE
  HAZE


RELATIVE HUMIDITY (PERCENT)
 HIGHEST   100           400 AM
 LOWEST     63           300 PM
 AVERAGE    82

..........................................................


THE BUFFALO NY CLIMATE NORMALS FOR TODAY
                         NORMAL    RECORD    YEAR
 MAXIMUM TEMPERATURE (F)   58        77      2008
                                             1985
 MINIMUM TEMPERATURE (F)   39        24      1930


SUNRISE AND SUNSET
APRIL 22 2017.........SUNRISE   622 AM EDT   SUNSET   806 PM EDT
APRIL 23 2017.........SUNRISE   620 AM EDT   SUNSET   807 PM EDT


-  INDICATES NEGATIVE NUMBERS.
R  INDICATES RECORD WAS SET OR TIED.
MM INDICATES DATA IS MISSING.
T  INDICATES TRACE AMOUNT.




$$
