000
CDUS41 KBUF 102137
CLIBUF


CLIMATE REPORT
NATIONAL WEATHER SERVICE BUFFALO NY
437 PM EST FRI MAR 10 2017


...................................

...THE BUFFALO NY CLIMATE SUMMARY FOR MARCH 10 2017...
VALID TODAY AS OF 0400 PM LOCAL TIME.

CLIMATE NORMAL PERIOD 1981 TO 2010
CLIMATE RECORD PERIOD 1871 TO 2017


WEATHER ITEM   OBSERVED TIME   RECORD YEAR NORMAL DEPARTURE LAST
                VALUE   (LST)  VALUE       VALUE  FROM      YEAR
                                                  NORMAL
..................................................................
TEMPERATURE (F)
 TODAY
  MAXIMUM         33   1221 AM  68    1878  40     -7       55
  MINIMUM         21    355 PM   5    1984  24     -3       43
  AVERAGE         27                        32     -5       49

PRECIPITATION (IN)
  TODAY            T             0.89 2011   0.08  -0.08     0.80
  MONTH TO DATE    0.94                      0.90   0.04     1.14
  SINCE MAR 1      0.94                      0.90   0.04     1.14
  SINCE JAN 1      6.12                      6.57  -0.45     6.42

SNOWFALL (IN)
  TODAY            T             7.8  1964   0.5   -0.5      0.0
  MONTH TO DATE    1.2                       5.3   -4.1      0.9
  SINCE MAR 1      1.2                       5.3   -4.1      0.9
  SINCE JUL 1     48.2                      84.1  -35.9     48.0
  SNOW DEPTH       0

DEGREE DAYS
 HEATING
  TODAY           38                        33      5       16
  MONTH TO DATE  314                       346    -32      291
  SINCE MAR 1    314                       346    -32      291
  SINCE JUL 1   4206                      5090   -884     4229

 COOLING
  TODAY            0                         0      0        0
  MONTH TO DATE    0                         0      0        0
  SINCE MAR 1      0                         0      0        0
  SINCE JAN 1      0                         0      0        0
..................................................................


WIND (MPH)
  HIGHEST WIND SPEED    30   HIGHEST WIND DIRECTION    NW (320)
  HIGHEST GUST SPEED    38   HIGHEST GUST DIRECTION    NW (310)
  AVERAGE WIND SPEED    12.0


SKY COVER
  AVERAGE SKY COVER 0.9


WEATHER CONDITIONS
 THE FOLLOWING WEATHER WAS RECORDED TODAY.
  SNOW
  LIGHT SNOW
  BLOWING SNOW


RELATIVE HUMIDITY (PERCENT)
 HIGHEST    69           500 AM
 LOWEST     50           300 PM
 AVERAGE    60

..........................................................


THE BUFFALO NY CLIMATE NORMALS FOR TOMORROW
                         NORMAL    RECORD    YEAR
 MAXIMUM TEMPERATURE (F)   40        69      1977
 MINIMUM TEMPERATURE (F)   24         1      1960


SUNRISE AND SUNSET
MARCH 10 2017.........SUNRISE   635 AM EST   SUNSET   616 PM EST
MARCH 11 2017.........SUNRISE   633 AM EST   SUNSET   617 PM EST


-  INDICATES NEGATIVE NUMBERS.
R  INDICATES RECORD WAS SET OR TIED.
MM INDICATES DATA IS MISSING.
T  INDICATES TRACE AMOUNT.




$$
