000
CDUS41 KBUF 161025
CLIBUF


CLIMATE REPORT
NATIONAL WEATHER SERVICE BUFFALO NY
624 AM EDT SAT MAY 16 2015


...................................

...THE BUFFALO NY CLIMATE SUMMARY FOR MAY 15 2015...

CLIMATE NORMAL PERIOD 1981 TO 2010
CLIMATE RECORD PERIOD 1871 TO 2015


WEATHER ITEM   OBSERVED TIME   RECORD YEAR NORMAL DEPARTURE LAST
                VALUE   (LST)  VALUE       VALUE  FROM      YEAR
                                                  NORMAL
..................................................................
TEMPERATURE (F)
 YESTERDAY
  MAXIMUM         68    753 PM  87    1961  66      2       78
  MINIMUM         50    113 AM  34    1920  47      3       50
  AVERAGE         59                        57      2       64

PRECIPITATION (IN)
  YESTERDAY        0.01          1.33 2011   0.11  -0.10     0.42
  MONTH TO DATE    0.68                      1.56  -0.88     2.26
  SINCE MAR 1      4.82                      7.44  -2.62     9.89
  SINCE JAN 1      9.81                     13.11  -3.30    16.67

SNOWFALL (IN)
  YESTERDAY        0.0           T    1959   0.0    0.0      0.0
  MONTH TO DATE    0.0                       0.2   -0.2      0.0
  SINCE MAR 1      9.9                      15.8   -5.9     25.7
  SINCE JUL 1    112.9                      94.6   18.3    129.9
  SNOW DEPTH       0

DEGREE DAYS
 HEATING
  YESTERDAY        6                         9     -3        1
  MONTH TO DATE   73                       165    -92      129
  SINCE MAR 1   1745                      1702     43     1878
  SINCE JUL 1   6893                      6446    447     6984

 COOLING
  YESTERDAY        0                         1     -1        0
  MONTH TO DATE   40                         3     37       21
  SINCE MAR 1     40                         6     34       21
  SINCE JAN 1     40                         6     34       21
..................................................................


WIND (MPH)
  HIGHEST WIND SPEED    18   HIGHEST WIND DIRECTION    SW (230)
  HIGHEST GUST SPEED    25   HIGHEST GUST DIRECTION    SW (230)
  AVERAGE WIND SPEED     7.2


SKY COVER
  AVERAGE SKY COVER 0.9


WEATHER CONDITIONS
 THE FOLLOWING WEATHER WAS RECORDED YESTERDAY.
  LIGHT RAIN


RELATIVE HUMIDITY (PERCENT)
 HIGHEST    78          1100 PM
 LOWEST     37          1200 PM
 AVERAGE    58

..........................................................


THE BUFFALO NY CLIMATE NORMALS FOR TODAY
                         NORMAL    RECORD    YEAR
 MAXIMUM TEMPERATURE (F)   67        89      1991
 MINIMUM TEMPERATURE (F)   47        32      1936


SUNRISE AND SUNSET
MAY 16 2015...........SUNRISE   551 AM EDT   SUNSET   832 PM EDT
MAY 17 2015...........SUNRISE   550 AM EDT   SUNSET   833 PM EDT


-  INDICATES NEGATIVE NUMBERS.
R  INDICATES RECORD WAS SET OR TIED.
MM INDICATES DATA IS MISSING.
T  INDICATES TRACE AMOUNT.




$$
