000
CDUS41 KBUF 120705
CLIBUF


CLIMATE REPORT
NATIONAL WEATHER SERVICE BUFFALO NY
305 AM EDT FRI MAY 12 2017


...................................

...THE BUFFALO NY CLIMATE SUMMARY FOR MAY 11 2017...

CLIMATE NORMAL PERIOD 1981 TO 2010
CLIMATE RECORD PERIOD 1871 TO 2017


WEATHER ITEM   OBSERVED TIME   RECORD YEAR NORMAL DEPARTURE LAST
                VALUE   (LST)  VALUE       VALUE  FROM      YEAR
                                                  NORMAL
..................................................................
TEMPERATURE (F)
 YESTERDAY
  MAXIMUM         60    321 PM  89    1979  65     -5       75
  MINIMUM         43    147 AM  29    1907  46     -3       46
  AVERAGE         52                        55     -3       61

PRECIPITATION (IN)
  YESTERDAY        0.00          1.20 1989   0.10  -0.10     0.00
  MONTH TO DATE    3.47                      1.13   2.34     0.69
  SINCE MAR 1     14.21                      7.01   7.20     5.44
  SINCE JAN 1     19.39                     12.68   6.71    10.72

SNOWFALL (IN)
  YESTERDAY        0.0           T    1963   0.0    0.0      0.0
  MONTH TO DATE    0.0                       0.2   -0.2      0.0
  SINCE MAR 1     29.1                      15.8   13.3      8.0
  SINCE JUL 1     76.1                      94.6  -18.5     55.1
  SNOW DEPTH       0

DEGREE DAYS
 HEATING
  YESTERDAY       13                        10      3        4
  MONTH TO DATE  189                       128     61      134
  SINCE MAR 1   1605                      1665    -60     1554
  SINCE JUL 1   5497                      6409   -912     5492

 COOLING
  YESTERDAY        0                         0      0        0
  MONTH TO DATE    0                         0      0        0
  SINCE MAR 1      6                         3      3        0
  SINCE JAN 1      6                         3      3        0
..................................................................


WIND (MPH)
  HIGHEST WIND SPEED    21   HIGHEST WIND DIRECTION    NE (50)
  HIGHEST GUST SPEED    27   HIGHEST GUST DIRECTION    NE (50)
  AVERAGE WIND SPEED    10.6


SKY COVER
  AVERAGE SKY COVER 0.8


WEATHER CONDITIONS
 THE FOLLOWING WEATHER WAS RECORDED YESTERDAY.
  NO SIGNIFICANT WEATHER WAS OBSERVED.


RELATIVE HUMIDITY (PERCENT)
 HIGHEST    65           500 AM
 LOWEST     43           200 PM
 AVERAGE    54

..........................................................


THE BUFFALO NY CLIMATE NORMALS FOR TODAY
                         NORMAL    RECORD    YEAR
 MAXIMUM TEMPERATURE (F)   65        86      1992
                                             1953
 MINIMUM TEMPERATURE (F)   46        31      1907


SUNRISE AND SUNSET
MAY 12 2017...........SUNRISE   555 AM EDT   SUNSET   828 PM EDT
MAY 13 2017...........SUNRISE   554 AM EDT   SUNSET   829 PM EDT


-  INDICATES NEGATIVE NUMBERS.
R  INDICATES RECORD WAS SET OR TIED.
MM INDICATES DATA IS MISSING.
T  INDICATES TRACE AMOUNT.




$$
