373
CDUS41 KBUF 191025
CLIBUF


CLIMATE REPORT
NATIONAL WEATHER SERVICE BUFFALO NY
624 AM EDT THU MAY 19 2016


...................................

...THE BUFFALO NY CLIMATE SUMMARY FOR MAY 18 2016...

CLIMATE NORMAL PERIOD 1981 TO 2010
CLIMATE RECORD PERIOD 1871 TO 2016


WEATHER ITEM   OBSERVED TIME   RECORD YEAR NORMAL DEPARTURE LAST
                VALUE   (LST)  VALUE       VALUE  FROM      YEAR
                                                  NORMAL
..................................................................
TEMPERATURE (F)
 YESTERDAY
  MAXIMUM         63    336 PM  89    1889  67     -4       78
  MINIMUM         42    444 AM  33    1981  48     -6       65
  AVERAGE         53                        58     -5       72

PRECIPITATION (IN)
  YESTERDAY        0.00          1.14 2011   0.12  -0.12     0.03
  MONTH TO DATE    1.15                      1.90  -0.75     0.71
  SINCE MAR 1      5.90                      7.78  -1.88     4.85
  SINCE JAN 1     11.18                     13.45  -2.27     9.84

SNOWFALL (IN)
  YESTERDAY        0.0           T    1950   0.0    0.0      0.0
  MONTH TO DATE    T                         0.3   -0.3      0.0
  SINCE MAR 1      8.0                      15.9   -7.9      9.9
  SINCE JUL 1     55.1                      94.7  -39.6    112.9
  SNOW DEPTH       0

DEGREE DAYS
 HEATING
  YESTERDAY       12                         8      4        0
  MONTH TO DATE  212                       190     22       75
  SINCE MAR 1   1632                      1727    -95     1747
  SINCE JUL 1   5570                      6471   -901     6895

 COOLING
  YESTERDAY        0                         1     -1        7
  MONTH TO DATE    2                         6     -4       54
  SINCE MAR 1      2                         9     -7       54
  SINCE JAN 1      2                         9     -7       54
..................................................................


WIND (MPH)
  HIGHEST WIND SPEED    16   HIGHEST WIND DIRECTION    NE (30)
  HIGHEST GUST SPEED    22   HIGHEST GUST DIRECTION     N (20)
  AVERAGE WIND SPEED     6.2


SKY COVER
  AVERAGE SKY COVER 0.3


WEATHER CONDITIONS
 THE FOLLOWING WEATHER WAS RECORDED YESTERDAY.
  NO SIGNIFICANT WEATHER WAS OBSERVED.


RELATIVE HUMIDITY (PERCENT)
 HIGHEST    76           500 AM
 LOWEST     32           600 PM
 AVERAGE    54

..........................................................


THE BUFFALO NY CLIMATE NORMALS FOR TODAY
                         NORMAL    RECORD    YEAR
 MAXIMUM TEMPERATURE (F)   68        86      1962
 MINIMUM TEMPERATURE (F)   48        34      2002


SUNRISE AND SUNSET
MAY 19 2016...........SUNRISE   548 AM EDT   SUNSET   836 PM EDT
MAY 20 2016...........SUNRISE   547 AM EDT   SUNSET   837 PM EDT


-  INDICATES NEGATIVE NUMBERS.
R  INDICATES RECORD WAS SET OR TIED.
MM INDICATES DATA IS MISSING.
T  INDICATES TRACE AMOUNT.




$$
