000
CDUS41 KBUF 072031
CLIBUF


CLIMATE REPORT
NATIONAL WEATHER SERVICE BUFFALO NY
430 PM EDT FRI JUL 7 2017


...................................

...THE BUFFALO NY CLIMATE SUMMARY FOR JULY 7 2017...
VALID TODAY AS OF 0400 PM LOCAL TIME.

CLIMATE NORMAL PERIOD 1981 TO 2010
CLIMATE RECORD PERIOD 1871 TO 2017


WEATHER ITEM   OBSERVED TIME   RECORD YEAR NORMAL DEPARTURE LAST
                VALUE   (LST)  VALUE       VALUE  FROM      YEAR
                                                  NORMAL
..................................................................
TEMPERATURE (F)
 TODAY
  MAXIMUM         79    214 PM  94    1988  80     -1       85
  MINIMUM         67    519 AM  50    1990  62      5       71
                                      1972
  AVERAGE         73                        71      2       78

PRECIPITATION (IN)
  TODAY            T             1.41 1891   0.10  -0.10      T
  MONTH TO DATE    0.02                      0.70  -0.68     0.01
  SINCE JUN 1      2.23                      4.36  -2.13     1.32
  SINCE JAN 1     24.50                     19.37   5.13    12.56

SNOWFALL (IN)
  TODAY            0.0           0.0    MM   0.0    0.0      0.0
  MONTH TO DATE    0.0                       0.0    0.0      0.0
  SINCE JUN 1      0.0                       0.0    0.0      0.0
  SINCE JUL 1      0.0                       0.0    0.0      0.0
  SNOW DEPTH       0

DEGREE DAYS
 HEATING
  TODAY            0                         0      0        0
  MONTH TO DATE    0                         2     -2        0
  SINCE JUN 1     49                        66    -17       42
  SINCE JUL 1      0                         2     -2        0

 COOLING
  TODAY            8                         6      2       13
  MONTH TO DATE   47                        42      5       49
  SINCE JUN 1    170                       145     25      177
  SINCE JAN 1    197                       171     26      236
..................................................................


WIND (MPH)
  HIGHEST WIND SPEED    21   HIGHEST WIND DIRECTION    SW (240)
  HIGHEST GUST SPEED    25   HIGHEST GUST DIRECTION    SW (240)
  AVERAGE WIND SPEED    10.2


SKY COVER
  AVERAGE SKY COVER 0.5


WEATHER CONDITIONS
 THE FOLLOWING WEATHER WAS RECORDED TODAY.
  THUNDERSTORM
  LIGHT RAIN


RELATIVE HUMIDITY (PERCENT)
 HIGHEST    90           900 AM
 LOWEST     66          1200 AM
 AVERAGE    78

..........................................................


THE BUFFALO NY CLIMATE NORMALS FOR TOMORROW
                         NORMAL    RECORD    YEAR
 MAXIMUM TEMPERATURE (F)   80        96      1988
 MINIMUM TEMPERATURE (F)   62        47      1984


SUNRISE AND SUNSET
JULY  7 2017..........SUNRISE   544 AM EDT   SUNSET   856 PM EDT
JULY  8 2017..........SUNRISE   544 AM EDT   SUNSET   855 PM EDT


-  INDICATES NEGATIVE NUMBERS.
R  INDICATES RECORD WAS SET OR TIED.
MM INDICATES DATA IS MISSING.
T  INDICATES TRACE AMOUNT.

$$
