000
CDUS41 KBUF 082141
CLIBUF


CLIMATE REPORT
NATIONAL WEATHER SERVICE BUFFALO NY
440 PM EST THU FEB 8 2018


...................................

...THE BUFFALO NY CLIMATE SUMMARY FOR FEBRUARY 8 2018...
VALID TODAY AS OF 0400 PM LOCAL TIME.

CLIMATE NORMAL PERIOD 1981 TO 2010
CLIMATE RECORD PERIOD 1871 TO 2018


WEATHER ITEM   OBSERVED TIME   RECORD YEAR NORMAL DEPARTURE LAST
                VALUE   (LST)  VALUE       VALUE  FROM      YEAR
                                                  NORMAL
..................................................................
TEMPERATURE (F)
 TODAY
  MAXIMUM         19    306 PM  63    1900  32    -13       52
  MINIMUM          9    133 AM -14    1934  18     -9       21
  AVERAGE         14                        25    -11       37

PRECIPITATION (IN)
  TODAY            T             0.61 1971   0.09  -0.09     0.03
                                      1937
  MONTH TO DATE    0.73                      0.70   0.03     0.69
  SINCE DEC 1      7.39                      7.77  -0.38     7.67
  SINCE JAN 1      4.46                      3.88   0.58     3.61

SNOWFALL (IN)
  TODAY            T             6.7  1971   0.6   -0.6      0.2
  MONTH TO DATE   10.6                       5.4    5.2      1.4
  SINCE DEC 1     75.5                      58.1   17.4     42.5
  SINCE JUL 1     75.7                      66.9    8.8     43.4
  SNOW DEPTH       5

DEGREE DAYS
 HEATING
  TODAY           51                        40     11       28
  MONTH TO DATE  356                       320     36      285
  SINCE DEC 1   2832                      2646    186     2370
  SINCE JUL 1   3947                      3979    -32     3340

 COOLING
  TODAY            0                         0      0        0
  MONTH TO DATE    0                         0      0        0
  SINCE DEC 1      0                         0      0        0
  SINCE JAN 1      0                         0      0        0
..................................................................


WIND (MPH)
  HIGHEST WIND SPEED    22   HIGHEST WIND DIRECTION    SW (240)
  HIGHEST GUST SPEED    27   HIGHEST GUST DIRECTION    SW (240)
  AVERAGE WIND SPEED    11.7


SKY COVER
  AVERAGE SKY COVER 0.8


WEATHER CONDITIONS
 THE FOLLOWING WEATHER WAS RECORDED TODAY.
  LIGHT SNOW
  FOG
  HAZE


RELATIVE HUMIDITY (PERCENT)
 HIGHEST    92           200 AM
 LOWEST     67           300 PM
 AVERAGE    80

..........................................................


THE BUFFALO NY CLIMATE NORMALS FOR TOMORROW
                         NORMAL    RECORD    YEAR
 MAXIMUM TEMPERATURE (F)   32        62      1925
 MINIMUM TEMPERATURE (F)   18       -20      1934


SUNRISE AND SUNSET
FEBRUARY  8 2018......SUNRISE   722 AM EST   SUNSET   537 PM EST
FEBRUARY  9 2018......SUNRISE   720 AM EST   SUNSET   538 PM EST


-  INDICATES NEGATIVE NUMBERS.
R  INDICATES RECORD WAS SET OR TIED.
MM INDICATES DATA IS MISSING.
T  INDICATES TRACE AMOUNT.




$$
