000
CDUS41 KBUF 150705
CLIBUF


CLIMATE REPORT
NATIONAL WEATHER SERVICE BUFFALO NY
305 AM EDT FRI SEP 15 2017


...................................

...THE BUFFALO NY CLIMATE SUMMARY FOR SEPTEMBER 14 2017...

CLIMATE NORMAL PERIOD 1981 TO 2010
CLIMATE RECORD PERIOD 1871 TO 2017


WEATHER ITEM   OBSERVED TIME   RECORD YEAR NORMAL DEPARTURE LAST
                VALUE   (LST)  VALUE       VALUE  FROM      YEAR
                                                  NORMAL
..................................................................
TEMPERATURE (F)
 YESTERDAY
  MAXIMUM         73    158 PM  91    1952  72      1       72
  MINIMUM         63   1159 PM  36    1963  54      9       55
  AVERAGE         68                        63      5       64

PRECIPITATION (IN)
  YESTERDAY        0.00          4.89 1979   0.14  -0.14     0.05
  MONTH TO DATE    2.43                      1.65   0.78     1.05
  SINCE SEP 1      2.43                      1.65   0.78     1.05
  SINCE JAN 1     34.71                     26.81   7.90    19.57

SNOWFALL (IN)
  YESTERDAY        0.0           0.0    MM   0.0    0.0      0.0
  MONTH TO DATE    0.0                       0.0    0.0      0.0
  SINCE SEP 1      0.0                       0.0    0.0      0.0
  SINCE JUL 1      0.0                       0.0    0.0      0.0
  SNOW DEPTH       0

DEGREE DAYS
 HEATING
  YESTERDAY        0                         4     -4        1
  MONTH TO DATE   62                        35     27        4
  SINCE SEP 1     62                        35     27        4
  SINCE JUL 1     78                        62     16        4

 COOLING
  YESTERDAY        3                         2      1        0
  MONTH TO DATE   12                        37    -25       74
  SINCE SEP 1     12                        37    -25       74
  SINCE JAN 1    482                       524    -42      892
..................................................................


WIND (MPH)
  HIGHEST WIND SPEED    18   HIGHEST WIND DIRECTION    SW (220)
  HIGHEST GUST SPEED    23   HIGHEST GUST DIRECTION    SW (220)
  AVERAGE WIND SPEED    10.1


SKY COVER
  AVERAGE SKY COVER 0.7


WEATHER CONDITIONS
 THE FOLLOWING WEATHER WAS RECORDED YESTERDAY.
  NO SIGNIFICANT WEATHER WAS OBSERVED.


RELATIVE HUMIDITY (PERCENT)
 HIGHEST    93           400 AM
 LOWEST     73          1000 AM
 AVERAGE    83

..........................................................


THE BUFFALO NY CLIMATE NORMALS FOR TODAY
                         NORMAL    RECORD    YEAR
 MAXIMUM TEMPERATURE (F)   72        86      1903
 MINIMUM TEMPERATURE (F)   54        39      1964
                                             1913
                                             1895


SUNRISE AND SUNSET
SEPTEMBER 15 2017.....SUNRISE   655 AM EDT   SUNSET   724 PM EDT
SEPTEMBER 16 2017.....SUNRISE   656 AM EDT   SUNSET   723 PM EDT


-  INDICATES NEGATIVE NUMBERS.
R  INDICATES RECORD WAS SET OR TIED.
MM INDICATES DATA IS MISSING.
T  INDICATES TRACE AMOUNT.




$$
