000
CDUS41 KBUF 061327 CCA
CLIBUF

CLIMATE REPORT
NATIONAL WEATHER SERVICE BUFFALO NY
513 AM EST MON FEB 6 2017

...CORRECTED DAILY PRECIPITATION...
...................................

...THE BUFFALO NY CLIMATE SUMMARY FOR FEBRUARY 5 2017...

CLIMATE NORMAL PERIOD 1981 TO 2010
CLIMATE RECORD PERIOD 1871 TO 2017


WEATHER ITEM   OBSERVED TIME   RECORD YEAR NORMAL DEPARTURE LAST
                VALUE   (LST)  VALUE       VALUE  FROM      YEAR
                                                  NORMAL
..................................................................
TEMPERATURE (F)
 YESTERDAY
  MAXIMUM         33    756 PM  60    1890  32      1       33
  MINIMUM         25    236 AM -12    1918  18      7       28
                                      1886
  AVERAGE         29                        25      4       31

PRECIPITATION (IN)
  YESTERDAY        0.08          0.77 2008   0.09  -0.01     0.03
  MONTH TO DATE    0.08                      0.44  -0.36     0.75
  SINCE DEC 1      7.06                      7.51  -0.45     5.46
  SINCE JAN 1      3.00                      3.62  -0.62     2.56

SNOWFALL (IN)
  YESTERDAY        0.8           8.8  2014   0.7    0.1      0.9
  MONTH TO DATE    1.2                       3.5   -2.3      1.0
  SINCE DEC 1     42.3                      56.2  -13.9     27.6
  SINCE JUL 1     43.2                      65.0  -21.8     27.6
  SNOW DEPTH       2

DEGREE DAYS
 HEATING
  YESTERDAY       36                        40     -4       34
  MONTH TO DATE  199                       200     -1      125
  SINCE DEC 1   2284                      2526   -242     2001
  SINCE JUL 1   3254                      3859   -605     3045

 COOLING
  YESTERDAY        0                         0      0        0
  MONTH TO DATE    0                         0      0        0
  SINCE DEC 1      0                         0      0        0
  SINCE JAN 1      0                         0      0        0
..................................................................


WIND (MPH)
  HIGHEST WIND SPEED    28   HIGHEST WIND DIRECTION     W (250)
  HIGHEST GUST SPEED    40   HIGHEST GUST DIRECTION    SW (240)
  AVERAGE WIND SPEED    15.3


SKY COVER
  AVERAGE SKY COVER 0.9


WEATHER CONDITIONS
 THE FOLLOWING WEATHER WAS RECORDED YESTERDAY.
  HEAVY SNOW
  LIGHT SNOW
  BLOWING SNOW


RELATIVE HUMIDITY (PERCENT)
 HIGHEST    92          1100 AM
 LOWEST     39           400 AM
 AVERAGE    66

..........................................................


THE BUFFALO NY CLIMATE NORMALS FOR TODAY
                         NORMAL    RECORD    YEAR
 MAXIMUM TEMPERATURE (F)   32        55      1909
 MINIMUM TEMPERATURE (F)   18       -13      1895


SUNRISE AND SUNSET
FEBRUARY  6 2017......SUNRISE   724 AM EST   SUNSET   535 PM EST
FEBRUARY  7 2017......SUNRISE   723 AM EST   SUNSET   536 PM EST


-  INDICATES NEGATIVE NUMBERS.
R  INDICATES RECORD WAS SET OR TIED.
MM INDICATES DATA IS MISSING.
T  INDICATES TRACE AMOUNT.




$$
