000
CDUS41 KBUF 201024
CLIBUF


CLIMATE REPORT
NATIONAL WEATHER SERVICE BUFFALO NY
623 AM EDT THU AUG 20 2015


...................................

...THE BUFFALO NY CLIMATE SUMMARY FOR AUGUST 19 2015...

CLIMATE NORMAL PERIOD 1981 TO 2010
CLIMATE RECORD PERIOD 1871 TO 2015


WEATHER ITEM   OBSERVED TIME   RECORD YEAR NORMAL DEPARTURE LAST
                VALUE   (LST)  VALUE       VALUE  FROM      YEAR
                                                  NORMAL
..................................................................
TEMPERATURE (F)
 YESTERDAY
  MAXIMUM         89    654 PM  90    1995  78     11       81
  MINIMUM         69    342 AM  46    1977  61      8       57
                                      1963
  AVERAGE         79                        70      9       69

PRECIPITATION (IN)
  YESTERDAY        T             1.97 1880   0.11  -0.11     0.00
  MONTH TO DATE    3.49                      2.03   1.46     2.45
  SINCE JUN 1     10.94                      8.92   2.02    11.70
  SINCE JAN 1     23.57                     23.93  -0.36    29.23

SNOWFALL (IN)
  YESTERDAY        0.0           0.0    MM   0.0    0.0      0.0
  MONTH TO DATE    0.0                       0.0    0.0      0.0
  SINCE JUN 1      0.0                       0.0    0.0      0.0
  SINCE JUL 1      0.0                       0.0    0.0      0.0
  SNOW DEPTH       0

DEGREE DAYS
 HEATING
  YESTERDAY        0                         1     -1        0
  MONTH TO DATE    1                         4     -3       10
  SINCE JUN 1     58                        77    -19       48
  SINCE JUL 1      8                        13     -5       20

 COOLING
  YESTERDAY       14                         5      9        4
  MONTH TO DATE  121                       109     12       68
  SINCE JUN 1    395                       409    -14      346
  SINCE JAN 1    486                       435     51      369
..................................................................


WIND (MPH)
  HIGHEST WIND SPEED    21   HIGHEST WIND DIRECTION    SE (140)
  HIGHEST GUST SPEED    26   HIGHEST GUST DIRECTION    SE (140)
  AVERAGE WIND SPEED     7.4


SKY COVER
  AVERAGE SKY COVER 0.6


WEATHER CONDITIONS
 THE FOLLOWING WEATHER WAS RECORDED YESTERDAY.
  LIGHT RAIN


RELATIVE HUMIDITY (PERCENT)
 HIGHEST    84           200 AM
 LOWEST     50           400 PM
 AVERAGE    67

..........................................................


THE BUFFALO NY CLIMATE NORMALS FOR TODAY
                         NORMAL    RECORD    YEAR
 MAXIMUM TEMPERATURE (F)   78        90      1959
 MINIMUM TEMPERATURE (F)   61        47      2000
                                             1984
                                             1977


SUNRISE AND SUNSET
AUGUST 20 2015........SUNRISE   626 AM EDT   SUNSET   810 PM EDT
AUGUST 21 2015........SUNRISE   627 AM EDT   SUNSET   808 PM EDT


-  INDICATES NEGATIVE NUMBERS.
R  INDICATES RECORD WAS SET OR TIED.
MM INDICATES DATA IS MISSING.
T  INDICATES TRACE AMOUNT.

$$
