000
CDUS41 KBUF 071018
CLIBUF


CLIMATE REPORT
NATIONAL WEATHER SERVICE BUFFALO NY
617 AM EDT SAT OCT 7 2017


...................................

...THE BUFFALO NY CLIMATE SUMMARY FOR OCTOBER 6 2017...

CLIMATE NORMAL PERIOD 1981 TO 2010
CLIMATE RECORD PERIOD 1871 TO 2017


WEATHER ITEM   OBSERVED TIME   RECORD YEAR NORMAL DEPARTURE LAST
                VALUE   (LST)  VALUE       VALUE  FROM      YEAR
                                                  NORMAL
..................................................................
TEMPERATURE (F)
 YESTERDAY
  MAXIMUM         68    257 PM  85    1900  63      5       77
  MINIMUM         59    847 AM  28    1984  46     13       52
  AVERAGE         64                        54     10       65

PRECIPITATION (IN)
  YESTERDAY        0.10          2.55 1955   0.13  -0.03     0.00
  MONTH TO DATE    0.13                      0.74  -0.61     0.52
  SINCE SEP 1      3.30                      4.64  -1.34     4.05
  SINCE JAN 1     35.58                     29.80   5.78    22.57

SNOWFALL (IN)
  YESTERDAY        0.0           0.2  1991   0.0    0.0      0.0
  MONTH TO DATE    0.0                       0.1   -0.1      0.0
  SINCE SEP 1      0.0                       0.1   -0.1      0.0
  SINCE JUL 1      0.0                       0.1   -0.1      0.0
  SNOW DEPTH       0

DEGREE DAYS
 HEATING
  YESTERDAY        1                        11    -10        0
  MONTH TO DATE   25                        61    -36       12
  SINCE SEP 1    118                       196    -78       56
  SINCE JUL 1    134                       223    -89       56

 COOLING
  YESTERDAY        0                         0      0        0
  MONTH TO DATE    4                         0      4        0
  SINCE SEP 1    120                        53     67      109
  SINCE JAN 1    590                       540     50      927
..................................................................


WIND (MPH)
  HIGHEST WIND SPEED    12   HIGHEST WIND DIRECTION     S (170)
  HIGHEST GUST SPEED    13   HIGHEST GUST DIRECTION     W (270)
  AVERAGE WIND SPEED     5.5


SKY COVER
  AVERAGE SKY COVER 0.9


WEATHER CONDITIONS
 THE FOLLOWING WEATHER WAS RECORDED YESTERDAY.
  RAIN
  LIGHT RAIN
  FOG


RELATIVE HUMIDITY (PERCENT)
 HIGHEST   100          1000 AM
 LOWEST     73           100 PM
 AVERAGE    87

..........................................................


THE BUFFALO NY CLIMATE NORMALS FOR TODAY
                         NORMAL    RECORD    YEAR
 MAXIMUM TEMPERATURE (F)   62        82      1955
                                             1913
                                             1900
 MINIMUM TEMPERATURE (F)   46        28      1964


SUNRISE AND SUNSET
OCTOBER  7 2017.......SUNRISE   719 AM EDT   SUNSET   645 PM EDT
OCTOBER  8 2017.......SUNRISE   720 AM EDT   SUNSET   644 PM EDT


-  INDICATES NEGATIVE NUMBERS.
R  INDICATES RECORD WAS SET OR TIED.
MM INDICATES DATA IS MISSING.
T  INDICATES TRACE AMOUNT.

$$
