000
CDUS41 KBUF 180705
CLIBUF


CLIMATE REPORT
NATIONAL WEATHER SERVICE BUFFALO NY
305 AM EDT TUE APR 18 2017


...................................

...THE BUFFALO NY CLIMATE SUMMARY FOR APRIL 17 2017...

CLIMATE NORMAL PERIOD 1981 TO 2010
CLIMATE RECORD PERIOD 1871 TO 2017


WEATHER ITEM   OBSERVED TIME   RECORD YEAR NORMAL DEPARTURE LAST
                VALUE   (LST)  VALUE       VALUE  FROM      YEAR
                                                  NORMAL
..................................................................
TEMPERATURE (F)
 YESTERDAY
  MAXIMUM         57   1233 PM  80    1976  56      1       74
  MINIMUM         38   1151 PM  15    1875  37      1       42
  AVERAGE         48                        47      1       58

PRECIPITATION (IN)
  YESTERDAY        0.00          0.71 1918   0.10  -0.10     0.00
  MONTH TO DATE    2.54                      1.79   0.75     1.36
  SINCE MAR 1      6.90                      4.66   2.24     4.21
  SINCE JAN 1     12.08                     10.33   1.75     9.49

SNOWFALL (IN)
  YESTERDAY        0.0           2.5  1928   0.1   -0.1      0.0
  MONTH TO DATE    2.3                       2.3    0.0      7.1
  SINCE MAR 1     29.1                      15.2   13.9      8.0
  SINCE JUL 1     76.1                      94.0  -17.9     55.1
  SNOW DEPTH       0

DEGREE DAYS
 HEATING
  YESTERDAY       17                        18     -1        7
  MONTH TO DATE  278                       369    -91      445
  SINCE MAR 1   1262                      1330    -68     1217
  SINCE JUL 1   5154                      6074   -920     5155

 COOLING
  YESTERDAY        0                         0      0        0
  MONTH TO DATE    2                         0      2        0
  SINCE MAR 1      2                         0      2        0
  SINCE JAN 1      2                         0      2        0
..................................................................


WIND (MPH)
  HIGHEST WIND SPEED    18   HIGHEST WIND DIRECTION    SW (240)
  HIGHEST GUST SPEED    23   HIGHEST GUST DIRECTION    SW (240)
  AVERAGE WIND SPEED    10.4


SKY COVER
  AVERAGE SKY COVER 0.5


WEATHER CONDITIONS
 THE FOLLOWING WEATHER WAS RECORDED YESTERDAY.
  NO SIGNIFICANT WEATHER WAS OBSERVED.


RELATIVE HUMIDITY (PERCENT)
 HIGHEST    86          1200 AM
 LOWEST     50          1000 AM
 AVERAGE    68

..........................................................


THE BUFFALO NY CLIMATE NORMALS FOR TODAY
                         NORMAL    RECORD    YEAR
 MAXIMUM TEMPERATURE (F)   56        82      2013
 MINIMUM TEMPERATURE (F)   38        14      1875


SUNRISE AND SUNSET
APRIL 18 2017.........SUNRISE   628 AM EDT   SUNSET   801 PM EDT
APRIL 19 2017.........SUNRISE   626 AM EDT   SUNSET   802 PM EDT


-  INDICATES NEGATIVE NUMBERS.
R  INDICATES RECORD WAS SET OR TIED.
MM INDICATES DATA IS MISSING.
T  INDICATES TRACE AMOUNT.




$$
