000
CDUS41 KBUF 062129
CLIBUF


CLIMATE REPORT
NATIONAL WEATHER SERVICE BUFFALO NY
429 PM EST MON FEB 6 2017


...................................

...THE BUFFALO NY CLIMATE SUMMARY FOR FEBRUARY 6 2017...
VALID TODAY AS OF 0400 PM LOCAL TIME.

CLIMATE NORMAL PERIOD 1981 TO 2010
CLIMATE RECORD PERIOD 1871 TO 2017


WEATHER ITEM   OBSERVED TIME   RECORD YEAR NORMAL DEPARTURE LAST
                VALUE   (LST)  VALUE       VALUE  FROM      YEAR
                                                  NORMAL
..................................................................
TEMPERATURE (F)
 TODAY
  MAXIMUM         36    359 PM  55    1909  32      4       35
  MINIMUM         21    450 AM -13    1895  18      3       27
  AVERAGE         29                        25      4       31

PRECIPITATION (IN)
  TODAY            T             1.58 1897   0.09  -0.09      T
  MONTH TO DATE    0.08                      0.53  -0.45     0.75
  SINCE DEC 1      7.06                      7.60  -0.54     5.46
  SINCE JAN 1      3.00                      3.71  -0.71     2.56

SNOWFALL (IN)
  TODAY            T            10.1  1988   0.6   -0.6       T
  MONTH TO DATE    1.2                       4.1   -2.9      1.0
  SINCE DEC 1     42.3                      56.8  -14.5     27.6
  SINCE JUL 1     43.2                      65.6  -22.4     27.6
  SNOW DEPTH       2

DEGREE DAYS
 HEATING
  TODAY           36                        40     -4       34
  MONTH TO DATE  235                       240     -5      159
  SINCE DEC 1   2320                      2566   -246     2035
  SINCE JUL 1   3290                      3899   -609     3079

 COOLING
  TODAY            0                         0      0        0
  MONTH TO DATE    0                         0      0        0
  SINCE DEC 1      0                         0      0        0
  SINCE JAN 1      0                         0      0        0
..................................................................


WIND (MPH)
  HIGHEST WIND SPEED    18   HIGHEST WIND DIRECTION    SW (220)
  HIGHEST GUST SPEED    22   HIGHEST GUST DIRECTION    SW (220)
  AVERAGE WIND SPEED     8.4


SKY COVER
  AVERAGE SKY COVER 0.6


WEATHER CONDITIONS
 THE FOLLOWING WEATHER WAS RECORDED TODAY.
  LIGHT SNOW


RELATIVE HUMIDITY (PERCENT)
 HIGHEST    68           200 AM
 LOWEST     56           200 PM
 AVERAGE    62

..........................................................


THE BUFFALO NY CLIMATE NORMALS FOR TOMORROW
                         NORMAL    RECORD    YEAR
 MAXIMUM TEMPERATURE (F)   32        57      1925
 MINIMUM TEMPERATURE (F)   18        -6      1910


SUNRISE AND SUNSET
FEBRUARY  6 2017......SUNRISE   724 AM EST   SUNSET   535 PM EST
FEBRUARY  7 2017......SUNRISE   723 AM EST   SUNSET   536 PM EST


-  INDICATES NEGATIVE NUMBERS.
R  INDICATES RECORD WAS SET OR TIED.
MM INDICATES DATA IS MISSING.
T  INDICATES TRACE AMOUNT.




$$
