000
CDUS41 KBUF 031044
CLIBUF


CLIMATE REPORT
NATIONAL WEATHER SERVICE BUFFALO NY
543 AM EST SUN DEC 3 2017


...................................

...THE BUFFALO NY CLIMATE SUMMARY FOR DECEMBER 2 2017...

CLIMATE NORMAL PERIOD 1981 TO 2010
CLIMATE RECORD PERIOD 1871 TO 2017


WEATHER ITEM   OBSERVED TIME   RECORD YEAR NORMAL DEPARTURE LAST
                VALUE   (LST)  VALUE       VALUE  FROM      YEAR
                                                  NORMAL
..................................................................
TEMPERATURE (F)
 YESTERDAY
  MAXIMUM         44    355 PM  68    1982  41      3       43
  MINIMUM         32    812 AM   1    1976  29      3       36
  AVERAGE         38                        35      3       40

PRECIPITATION (IN)
  YESTERDAY        0.00          1.45 1986   0.13  -0.13     0.01
  MONTH TO DATE    0.00                      0.25  -0.25     0.39
  SINCE DEC 1      0.00                      0.25  -0.25     0.39
  SINCE JAN 1     45.55                     36.84   8.71    30.20

SNOWFALL (IN)
  YESTERDAY        0.0          16.6  1976   0.6   -0.6       T
  MONTH TO DATE    0.0                       1.2   -1.2       T
  SINCE DEC 1      0.0                       1.2   -1.2       T
  SINCE JUL 1      0.2                      10.0   -9.8      0.9
  SNOW DEPTH       0

DEGREE DAYS
 HEATING
  YESTERDAY       27                        30     -3       25
  MONTH TO DATE   52                        60     -8       49
  SINCE DEC 1     52                        60     -8       49
  SINCE JUL 1   1167                      1393   -226     1019

 COOLING
  YESTERDAY        0                         0      0        0
  MONTH TO DATE    0                         0      0        0
  SINCE DEC 1      0                         0      0        0
  SINCE JAN 1    603                       544     59      939
..................................................................


WIND (MPH)
  HIGHEST WIND SPEED     9   HIGHEST WIND DIRECTION    SE (140)
  HIGHEST GUST SPEED    11   HIGHEST GUST DIRECTION    SE (140)
  AVERAGE WIND SPEED     3.5


SKY COVER
  AVERAGE SKY COVER 0.9


WEATHER CONDITIONS
 THE FOLLOWING WEATHER WAS RECORDED YESTERDAY.
  NO SIGNIFICANT WEATHER WAS OBSERVED.


RELATIVE HUMIDITY (PERCENT)
 HIGHEST    89           200 AM
 LOWEST     67           500 PM
 AVERAGE    78

..........................................................


THE BUFFALO NY CLIMATE NORMALS FOR TODAY
                         NORMAL    RECORD    YEAR
 MAXIMUM TEMPERATURE (F)   40        74      1982
 MINIMUM TEMPERATURE (F)   28        -3      1976


SUNRISE AND SUNSET
DECEMBER  3 2017......SUNRISE   729 AM EST   SUNSET   441 PM EST
DECEMBER  4 2017......SUNRISE   730 AM EST   SUNSET   441 PM EST


-  INDICATES NEGATIVE NUMBERS.
R  INDICATES RECORD WAS SET OR TIED.
MM INDICATES DATA IS MISSING.
T  INDICATES TRACE AMOUNT.




$$
