000
CDUS41 KBUF 151016
CLIBUF


CLIMATE REPORT
NATIONAL WEATHER SERVICE BUFFALO NY
613 AM EDT THU SEP 15 2016


...................................

...THE BUFFALO NY CLIMATE SUMMARY FOR SEPTEMBER 14 2016...

CLIMATE NORMAL PERIOD 1981 TO 2010
CLIMATE RECORD PERIOD 1871 TO 2016


WEATHER ITEM   OBSERVED TIME   RECORD YEAR NORMAL DEPARTURE LAST
                VALUE   (LST)  VALUE       VALUE  FROM      YEAR
                                                  NORMAL
..................................................................
TEMPERATURE (F)
 YESTERDAY
  MAXIMUM         72    331 AM  91    1952  72      0       70
  MINIMUM         55   1159 PM  36    1963  54      1       49
  AVERAGE         64                        63      1       60

PRECIPITATION (IN)
  YESTERDAY        0.05          4.89 1979   0.14  -0.09     0.00
  MONTH TO DATE    1.05                      1.65  -0.60     2.73
  SINCE SEP 1      1.05                      1.65  -0.60     2.73
  SINCE JAN 1     19.57                     26.81  -7.24    27.20

SNOWFALL (IN)
  YESTERDAY        0.0           0.0    MM   0.0    0.0      0.0
  MONTH TO DATE    0.0                       0.0    0.0      0.0
  SINCE SEP 1      0.0                       0.0    0.0      0.0
  SINCE JUL 1      0.0                       0.0    0.0      0.0
  SNOW DEPTH       0

DEGREE DAYS
 HEATING
  YESTERDAY        1                         4     -3        5
  MONTH TO DATE    4                        35    -31       24
  SINCE SEP 1      4                        35    -31       24
  SINCE JUL 1      4                        62    -58       39

 COOLING
  YESTERDAY        0                         2     -2        0
  MONTH TO DATE   74                        37     37      108
  SINCE SEP 1     74                        37     37      108
  SINCE JAN 1    892                       524    368      633
..................................................................


WIND (MPH)
  HIGHEST WIND SPEED    16   HIGHEST WIND DIRECTION     N (350)
  HIGHEST GUST SPEED    21   HIGHEST GUST DIRECTION     N (350)
  AVERAGE WIND SPEED     7.9


SKY COVER
  AVERAGE SKY COVER 0.5


WEATHER CONDITIONS
 THE FOLLOWING WEATHER WAS RECORDED YESTERDAY.
  LIGHT RAIN
  FOG


RELATIVE HUMIDITY (PERCENT)
 HIGHEST    87           600 AM
 LOWEST     52           500 PM
 AVERAGE    70

..........................................................


THE BUFFALO NY CLIMATE NORMALS FOR TODAY
                         NORMAL    RECORD    YEAR
 MAXIMUM TEMPERATURE (F)   72        86      1903
 MINIMUM TEMPERATURE (F)   54        39      1964
                                             1913
                                             1895


SUNRISE AND SUNSET
SEPTEMBER 15 2016.....SUNRISE   655 AM EDT   SUNSET   724 PM EDT
SEPTEMBER 16 2016.....SUNRISE   656 AM EDT   SUNSET   722 PM EDT


-  INDICATES NEGATIVE NUMBERS.
R  INDICATES RECORD WAS SET OR TIED.
MM INDICATES DATA IS MISSING.
T  INDICATES TRACE AMOUNT.




$$
