000
CDUS41 KBUF 230705
CLIBUF


CLIMATE REPORT
NATIONAL WEATHER SERVICE BUFFALO NY
205 AM EST FRI JAN 23 2015


...................................

...THE BUFFALO NY CLIMATE SUMMARY FOR JANUARY 22 2015...

CLIMATE NORMAL PERIOD 1981 TO 2010
CLIMATE RECORD PERIOD 1871 TO 2015


WEATHER ITEM   OBSERVED TIME   RECORD YEAR NORMAL DEPARTURE LAST
                VALUE   (LST)  VALUE       VALUE  FROM      YEAR
                                                  NORMAL
..................................................................
TEMPERATURE (F)
 YESTERDAY
  MAXIMUM         29    243 PM  70    1906  31     -2        7
  MINIMUM         20   1057 PM  -7    1976  18      2        2
  AVERAGE         25                        24      1        5

PRECIPITATION (IN)
  YESTERDAY        T             1.74 1902   0.09  -0.09     0.01
  MONTH TO DATE    2.16                      2.35  -0.19     2.70
  SINCE DEC 1      4.31                      6.24  -1.93     7.63
  SINCE JAN 1      2.16                      2.35  -0.19     2.70

SNOWFALL (IN)
  YESTERDAY       MM             6.7  2005   0.7   MM        0.2
  MONTH TO DATE   19.9                      18.6    1.3     30.3
  SINCE DEC 1     31.2                      46.0  -14.8     58.8
  SINCE JUL 1     51.7                      54.8   -3.1     68.8
  SNOW DEPTH       2

DEGREE DAYS
 HEATING
  YESTERDAY       40                        41     -1       60
  MONTH TO DATE  966                       880     86      933
  SINCE DEC 1   1934                      1962    -28     2073
  SINCE JUL 1   3232                      3295    -63     3391

 COOLING
  YESTERDAY        0                         0      0        0
  MONTH TO DATE    0                         0      0        0
  SINCE DEC 1      0                         0      0        0
  SINCE JAN 1      0                         0      0        0
..................................................................


WIND (MPH)
  HIGHEST WIND SPEED    16   HIGHEST WIND DIRECTION    SW (230)
  HIGHEST GUST SPEED    20   HIGHEST GUST DIRECTION    SW (220)
  AVERAGE WIND SPEED     7.8


SKY COVER
  AVERAGE SKY COVER 0.7


WEATHER CONDITIONS
 THE FOLLOWING WEATHER WAS RECORDED YESTERDAY.
  LIGHT SNOW
  FOG
  HAZE


RELATIVE HUMIDITY (PERCENT)
 HIGHEST    88           600 PM
 LOWEST     68           100 AM
 AVERAGE    78

..........................................................


THE BUFFALO NY CLIMATE NORMALS FOR TODAY
                         NORMAL    RECORD    YEAR
 MAXIMUM TEMPERATURE (F)   31        65      1906
 MINIMUM TEMPERATURE (F)   18       -11      1976


SUNRISE AND SUNSET
JANUARY 23 2015.......SUNRISE   738 AM EST   SUNSET   516 PM EST
JANUARY 24 2015.......SUNRISE   737 AM EST   SUNSET   517 PM EST


-  INDICATES NEGATIVE NUMBERS.
R  INDICATES RECORD WAS SET OR TIED.
MM INDICATES DATA IS MISSING.
T  INDICATES TRACE AMOUNT.




$$
