000
CDUS41 KBUF 121031
CLIBUF


CLIMATE REPORT
NATIONAL WEATHER SERVICE BUFFALO NY
616 AM EDT THU MAY 12 2016


...................................

...THE BUFFALO NY CLIMATE SUMMARY FOR MAY 11 2016...

CLIMATE NORMAL PERIOD 1981 TO 2010
CLIMATE RECORD PERIOD 1871 TO 2016


WEATHER ITEM   OBSERVED TIME   RECORD YEAR NORMAL DEPARTURE LAST
                VALUE   (LST)  VALUE       VALUE  FROM      YEAR
                                                  NORMAL
..................................................................
TEMPERATURE (F)
 YESTERDAY
  MAXIMUM         75    422 PM  89    1979  65     10       82
  MINIMUM         46    358 AM  29    1907  46      0       64
  AVERAGE         61                        55      6       73

PRECIPITATION (IN)
  YESTERDAY        0.00          1.20 1989   0.10  -0.10     0.49
  MONTH TO DATE    0.69                      1.13  -0.44     0.67
  SINCE MAR 1      5.44                      7.01  -1.57     4.81
  SINCE JAN 1     10.72                     12.68  -1.96     9.80

SNOWFALL (IN)
  YESTERDAY        0.0           T    1963   0.0    0.0      0.0
  MONTH TO DATE    0.0                       0.2   -0.2      0.0
  SINCE MAR 1      8.0                      15.8   -7.8      9.9
  SINCE JUL 1     55.1                      94.6  -39.5    112.9
  SNOW DEPTH       0

DEGREE DAYS
 HEATING
  YESTERDAY        4                        10     -6        0
  MONTH TO DATE  134                       128      6       31
  SINCE MAR 1   1554                      1665   -111     1703
  SINCE JUL 1   5492                      6409   -917     6851

 COOLING
  YESTERDAY        0                         0      0        8
  MONTH TO DATE    0                         0      0       40
  SINCE MAR 1      0                         3     -3       40
  SINCE JAN 1      0                         3     -3       40
..................................................................


WIND (MPH)
  HIGHEST WIND SPEED    18   HIGHEST WIND DIRECTION     E (70)
  HIGHEST GUST SPEED    23   HIGHEST GUST DIRECTION     E (70)
  AVERAGE WIND SPEED     9.4


SKY COVER
  AVERAGE SKY COVER 0.6


WEATHER CONDITIONS
 THE FOLLOWING WEATHER WAS RECORDED YESTERDAY.
  NO SIGNIFICANT WEATHER WAS OBSERVED.


RELATIVE HUMIDITY (PERCENT)
 HIGHEST    60           400 AM
 LOWEST     23           300 PM
 AVERAGE    42

..........................................................


THE BUFFALO NY CLIMATE NORMALS FOR TODAY
                         NORMAL    RECORD    YEAR
 MAXIMUM TEMPERATURE (F)   65        86      1992
                                             1953
 MINIMUM TEMPERATURE (F)   46        31      1907


SUNRISE AND SUNSET
MAY 12 2016...........SUNRISE   555 AM EDT   SUNSET   829 PM EDT
MAY 13 2016...........SUNRISE   554 AM EDT   SUNSET   830 PM EDT


-  INDICATES NEGATIVE NUMBERS.
R  INDICATES RECORD WAS SET OR TIED.
MM INDICATES DATA IS MISSING.
T  INDICATES TRACE AMOUNT.




$$
