000
CDUS41 KBUF 191011
CLIBUF


CLIMATE REPORT
NATIONAL WEATHER SERVICE BUFFALO NY
509 AM EST WED NOV 19 2014


...................................

...THE BUFFALO NY CLIMATE SUMMARY FOR NOVEMBER 18 2014...

CLIMATE NORMAL PERIOD 1981 TO 2010
CLIMATE RECORD PERIOD 1871 TO 2014


WEATHER ITEM   OBSERVED TIME   RECORD YEAR NORMAL DEPARTURE LAST
                VALUE   (LST)  VALUE       VALUE  FROM      YEAR
                                                  NORMAL
..................................................................
TEMPERATURE (F)
 YESTERDAY
  MAXIMUM         24   1205 AM  74    1958  47    -23       56
  MINIMUM         16    718 AM  13    1959  33    -17       36
  AVERAGE         20                        40    -20       46

PRECIPITATION (IN)
  YESTERDAY        0.13          1.44 1938   0.15  -0.02      T
  MONTH TO DATE    1.15                      2.41  -1.26     1.92
  SINCE SEP 1      8.88                      9.83  -0.95    12.45
  SINCE JAN 1     38.82                     34.99   3.83    40.08

SNOWFALL (IN)
  YESTERDAY        3.7           8.2  2000   0.3    3.4      0.0
  MONTH TO DATE    5.0                       3.4    1.6      0.7
  SINCE SEP 1      5.0                       4.3    0.7      0.7
  SINCE JUL 1      5.0                       4.3    0.7      0.7
  SNOW DEPTH       3

DEGREE DAYS
 HEATING
  YESTERDAY       45                        25     20       19
  MONTH TO DATE  450                       399     51      382
  SINCE SEP 1    917                       977    -60      871
  SINCE JUL 1    939                      1004    -65      887

 COOLING
  YESTERDAY        0                         0      0        0
  MONTH TO DATE    0                         0      0        0
  SINCE SEP 1     70                        57     13       59
  SINCE JAN 1    516                       544    -28      611
..................................................................


WIND (MPH)
  HIGHEST WIND SPEED    30   HIGHEST WIND DIRECTION     W (260)
  HIGHEST GUST SPEED    39   HIGHEST GUST DIRECTION     W (260)
  AVERAGE WIND SPEED    17.5


SKY COVER
  AVERAGE SKY COVER 0.7


WEATHER CONDITIONS
 THE FOLLOWING WEATHER WAS RECORDED YESTERDAY.
  HEAVY SNOW
  SNOW
  LIGHT SNOW
  FOG
  FOG W/VISIBILITY <= 1/4 MILE
  HAZE
  BLOWING SNOW


RELATIVE HUMIDITY (PERCENT)
 HIGHEST    84           200 AM
 LOWEST     45           200 PM
 AVERAGE    65

..........................................................


THE BUFFALO NY CLIMATE NORMALS FOR TODAY
                         NORMAL    RECORD    YEAR
 MAXIMUM TEMPERATURE (F)   46        70      1985
 MINIMUM TEMPERATURE (F)   33        12      1880


SUNRISE AND SUNSET
NOVEMBER 19 2014......SUNRISE   712 AM EST   SUNSET   448 PM EST
NOVEMBER 20 2014......SUNRISE   713 AM EST   SUNSET   447 PM EST


-  INDICATES NEGATIVE NUMBERS.
R  INDICATES RECORD WAS SET OR TIED.
MM INDICATES DATA IS MISSING.
T  INDICATES TRACE AMOUNT.




$$
