000
CDUS41 KBUF 270705
CLIBUF


CLIMATE REPORT
NATIONAL WEATHER SERVICE BUFFALO NY
205 AM EST FRI FEB 27 2015


...................................

...THE BUFFALO NY CLIMATE SUMMARY FOR FEBRUARY 26 2015...

CLIMATE NORMAL PERIOD 1981 TO 2010
CLIMATE RECORD PERIOD 1871 TO 2015


WEATHER ITEM   OBSERVED TIME   RECORD YEAR NORMAL DEPARTURE LAST
                VALUE   (LST)  VALUE       VALUE  FROM      YEAR
                                                  NORMAL
..................................................................
TEMPERATURE (F)
 YESTERDAY
  MAXIMUM         16    226 PM  71    2000  36    -20       20
  MINIMUM          7    514 AM  -5    1963  21    -14        6
  AVERAGE         12                        28    -16       13

PRECIPITATION (IN)
  YESTERDAY        0.02          0.89 2013   0.09  -0.07     0.02
  MONTH TO DATE    2.40                      2.30   0.10     3.47
  SINCE DEC 1      7.14                      9.37  -2.23    11.56
  SINCE JAN 1      4.99                      5.48  -0.49     6.63

SNOWFALL (IN)
  YESTERDAY       MM             6.0  1921   0.6   MM        0.7
  MONTH TO DATE   45.9                      16.2   29.7     18.9
  SINCE DEC 1     82.2                      68.9   13.3     89.8
  SINCE JUL 1    102.7                      77.7   25.0     99.8
  SNOW DEPTH      22

DEGREE DAYS
 HEATING
  YESTERDAY       53                        37     16       52
  MONTH TO DATE 1393                      1012    381     1145
  SINCE DEC 1   3734                      3338    396     3674
  SINCE JUL 1   5032                      4671    361     4992

 COOLING
  YESTERDAY        0                         0      0        0
  MONTH TO DATE    0                         0      0        0
  SINCE DEC 1      0                         0      0        0
  SINCE JAN 1      0                         0      0        0
..................................................................


WIND (MPH)
  HIGHEST WIND SPEED    14   HIGHEST WIND DIRECTION    NE (50)
  HIGHEST GUST SPEED    16   HIGHEST GUST DIRECTION    NE (50)
  AVERAGE WIND SPEED     5.5


SKY COVER
  AVERAGE SKY COVER 0.9


WEATHER CONDITIONS
 THE FOLLOWING WEATHER WAS RECORDED YESTERDAY.
  LIGHT SNOW
  FOG
  HAZE


RELATIVE HUMIDITY (PERCENT)
 HIGHEST    83          1000 PM
 LOWEST     51           100 PM
 AVERAGE    67

..........................................................


THE BUFFALO NY CLIMATE NORMALS FOR TODAY
                         NORMAL    RECORD    YEAR
 MAXIMUM TEMPERATURE (F)   36        64      2000
 MINIMUM TEMPERATURE (F)   21        -4      1934
                                             1920


SUNRISE AND SUNSET
FEBRUARY 27 2015......SUNRISE   654 AM EST   SUNSET   601 PM EST
FEBRUARY 28 2015......SUNRISE   653 AM EST   SUNSET   603 PM EST


-  INDICATES NEGATIVE NUMBERS.
R  INDICATES RECORD WAS SET OR TIED.
MM INDICATES DATA IS MISSING.
T  INDICATES TRACE AMOUNT.




$$
