000
CDUS41 KBUF 040705
CLIBUF


CLIMATE REPORT
NATIONAL WEATHER SERVICE BUFFALO NY
305 AM EDT WED OCT 4 2017


...................................

...THE BUFFALO NY CLIMATE SUMMARY FOR OCTOBER 3 2017...

CLIMATE NORMAL PERIOD 1981 TO 2010
CLIMATE RECORD PERIOD 1871 TO 2017


WEATHER ITEM   OBSERVED TIME   RECORD YEAR NORMAL DEPARTURE LAST
                VALUE   (LST)  VALUE       VALUE  FROM      YEAR
                                                  NORMAL
..................................................................
TEMPERATURE (F)
 YESTERDAY
  MAXIMUM         76    402 PM  86    1898  64     12       70
  MINIMUM         50    637 AM  30    1974  47      3       56
  AVERAGE         63                        55      8       63

PRECIPITATION (IN)
  YESTERDAY        0.00          1.73 1986   0.12  -0.12      T
  MONTH TO DATE    0.00                      0.36  -0.36     0.52
  SINCE SEP 1      3.17                      4.26  -1.09     4.05
  SINCE JAN 1     35.45                     29.42   6.03    22.57

SNOWFALL (IN)
  YESTERDAY        0.0           T    1974   0.1   -0.1      0.0
  MONTH TO DATE    0.0                       0.1   -0.1      0.0
  SINCE SEP 1      0.0                       0.1   -0.1      0.0
  SINCE JUL 1      0.0                       0.1   -0.1      0.0
  SNOW DEPTH       0

DEGREE DAYS
 HEATING
  YESTERDAY        2                        10     -8        2
  MONTH TO DATE   21                        29     -8        9
  SINCE SEP 1    114                       164    -50       53
  SINCE JUL 1    130                       191    -61       53

 COOLING
  YESTERDAY        0                         0      0        0
  MONTH TO DATE    0                         0      0        0
  SINCE SEP 1    116                        53     63      109
  SINCE JAN 1    586                       540     46      927
..................................................................


WIND (MPH)
  HIGHEST WIND SPEED    16   HIGHEST WIND DIRECTION    SW (220)
  HIGHEST GUST SPEED    22   HIGHEST GUST DIRECTION     W (250)
  AVERAGE WIND SPEED     7.6


SKY COVER
  AVERAGE SKY COVER 0.2


WEATHER CONDITIONS
 THE FOLLOWING WEATHER WAS RECORDED YESTERDAY.
  NO SIGNIFICANT WEATHER WAS OBSERVED.


RELATIVE HUMIDITY (PERCENT)
 HIGHEST    77           200 AM
 LOWEST     33           200 PM
 AVERAGE    55

..........................................................


THE BUFFALO NY CLIMATE NORMALS FOR TODAY
                         NORMAL    RECORD    YEAR
 MAXIMUM TEMPERATURE (F)   64        87      1951
 MINIMUM TEMPERATURE (F)   47        31      1974


SUNRISE AND SUNSET
OCTOBER  4 2017.......SUNRISE   716 AM EDT   SUNSET   650 PM EDT
OCTOBER  5 2017.......SUNRISE   717 AM EDT   SUNSET   649 PM EDT


-  INDICATES NEGATIVE NUMBERS.
R  INDICATES RECORD WAS SET OR TIED.
MM INDICATES DATA IS MISSING.
T  INDICATES TRACE AMOUNT.




$$
