000
CDUS41 KBUF 042023
CLIBUF


CLIMATE REPORT
NATIONAL WEATHER SERVICE BUFFALO NY
423 PM EDT FRI AUG 4 2017


...................................

...THE BUFFALO NY CLIMATE SUMMARY FOR AUGUST 4 2017...
VALID TODAY AS OF 400 PM LOCAL TIME.

CLIMATE NORMAL PERIOD 1981 TO 2010
CLIMATE RECORD PERIOD 1871 TO 2017


WEATHER ITEM   OBSERVED TIME   RECORD YEAR NORMAL DEPARTURE LAST
                VALUE   (LST)  VALUE       VALUE  FROM      YEAR
                                                  NORMAL
..................................................................
TEMPERATURE (F)
 TODAY
  MAXIMUM         83   1138 AM  96    2012  80      3       91
  MINIMUM         66    219 PM  48    1874  62      4       65
  AVERAGE         75                        71      4       78

PRECIPITATION (IN)
  TODAY            0.70          2.34 1903   0.11   0.59     0.00
  MONTH TO DATE    0.75                      0.45   0.30     0.00
  SINCE JUN 1      7.61                      7.34   0.27     3.11
  SINCE JAN 1     29.88                     22.35   7.53    14.35

SNOWFALL (IN)
  TODAY            0.0           0.0    MM   0.0    0.0      0.0
  MONTH TO DATE    0.0                       0.0    0.0      0.0
  SINCE JUN 1      0.0                       0.0    0.0      0.0
  SINCE JUL 1      0.0                       0.0    0.0      0.0
  SNOW DEPTH       0

DEGREE DAYS
 HEATING
  TODAY            0                         0      0        0
  MONTH TO DATE    0                         0      0        0
  SINCE JUN 1     50                        73    -23       42
  SINCE JUL 1      1                         9     -8        0

 COOLING
  TODAY           10                         6      4       13
  MONTH TO DATE   37                        24     13       40
  SINCE JUN 1    343                       324     19      461
  SINCE JAN 1    370                       350     20      520
..................................................................


WIND (MPH)
  HIGHEST WIND SPEED    41   HIGHEST WIND DIRECTION    SW (230)
  HIGHEST GUST SPEED    53   HIGHEST GUST DIRECTION    SW (220)
  AVERAGE WIND SPEED    10.1


SKY COVER
  AVERAGE SKY COVER 0.8


WEATHER CONDITIONS
 THE FOLLOWING WEATHER WAS RECORDED TODAY.
  THUNDERSTORM
  HEAVY RAIN
  RAIN
  LIGHT RAIN
  FOG


RELATIVE HUMIDITY (PERCENT)
 HIGHEST    93           500 AM
 LOWEST     58          1100 AM
 AVERAGE    76

..........................................................


THE BUFFALO NY CLIMATE NORMALS FOR TOMORROW
                         NORMAL    RECORD    YEAR
 MAXIMUM TEMPERATURE (F)   80        93      2001
                                             1947
 MINIMUM TEMPERATURE (F)   62        45      1972


SUNRISE AND SUNSET
AUGUST  4 2017........SUNRISE   609 AM EDT   SUNSET   832 PM EDT
AUGUST  5 2017........SUNRISE   610 AM EDT   SUNSET   831 PM EDT


-  INDICATES NEGATIVE NUMBERS.
R  INDICATES RECORD WAS SET OR TIED.
MM INDICATES DATA IS MISSING.
T  INDICATES TRACE AMOUNT.




$$
