000
CDUS41 KBUF 130705
CLIBUF


CLIMATE REPORT
NATIONAL WEATHER SERVICE BUFFALO NY
305 AM EDT TUE JUN 13 2017


...................................

...THE BUFFALO NY CLIMATE SUMMARY FOR JUNE 12 2017...

CLIMATE NORMAL PERIOD 1981 TO 2010
CLIMATE RECORD PERIOD 1871 TO 2017


WEATHER ITEM   OBSERVED TIME   RECORD YEAR NORMAL DEPARTURE LAST
                VALUE   (LST)  VALUE       VALUE  FROM      YEAR
                                                  NORMAL
..................................................................
TEMPERATURE (F)
 YESTERDAY
  MAXIMUM         86    330 PM  91    1969  75     11       73
  MINIMUM         70   1245 AM  41    1980  57     13       56
  AVERAGE         78                        66     12       65

PRECIPITATION (IN)
  YESTERDAY        T             1.64 1987   0.14  -0.14     0.00
  MONTH TO DATE    0.28                      1.51  -1.23     0.49
  SINCE JUN 1      0.28                      1.51  -1.23     0.49
  SINCE JAN 1     22.55                     16.52   6.03    11.73

SNOWFALL (IN)
  YESTERDAY        0.0           0.0    MM   0.0    0.0      0.0
  MONTH TO DATE    0.0                       0.0    0.0      0.0
  SINCE JUN 1      0.0                       0.0    0.0      0.0
  SINCE JUL 1     76.1                      94.7  -18.6     55.1
  SNOW DEPTH       0

DEGREE DAYS
 HEATING
  YESTERDAY        0                         2     -2        0
  MONTH TO DATE   41                        40      1       29
  SINCE JUN 1     41                        40      1       29
  SINCE JUL 1   5635                      6593   -958     5624

 COOLING
  YESTERDAY       13                         3     10        0
  MONTH TO DATE   28                        26      2       28
  SINCE JUN 1     28                        26      2       28
  SINCE JAN 1     55                        52      3       87
..................................................................


WIND (MPH)
  HIGHEST WIND SPEED    26   HIGHEST WIND DIRECTION    SW (240)
  HIGHEST GUST SPEED    34   HIGHEST GUST DIRECTION    SW (230)
  AVERAGE WIND SPEED    14.5


SKY COVER
  AVERAGE SKY COVER 0.3


WEATHER CONDITIONS
 THE FOLLOWING WEATHER WAS RECORDED YESTERDAY.
  NO SIGNIFICANT WEATHER WAS OBSERVED.


RELATIVE HUMIDITY (PERCENT)
 HIGHEST    66           500 AM
 LOWEST     43           400 PM
 AVERAGE    55

..........................................................


THE BUFFALO NY CLIMATE NORMALS FOR TODAY
                         NORMAL    RECORD    YEAR
 MAXIMUM TEMPERATURE (F)   75        90      1949
 MINIMUM TEMPERATURE (F)   57        41      1875


SUNRISE AND SUNSET
JUNE 13 2017..........SUNRISE   535 AM EDT   SUNSET   855 PM EDT
JUNE 14 2017..........SUNRISE   535 AM EDT   SUNSET   855 PM EDT


-  INDICATES NEGATIVE NUMBERS.
R  INDICATES RECORD WAS SET OR TIED.
MM INDICATES DATA IS MISSING.
T  INDICATES TRACE AMOUNT.




$$
