000
CDUS41 KBUF 221008
CLIBUF


CLIMATE REPORT
NATIONAL WEATHER SERVICE BUFFALO NY
607 AM EDT SAT AUG 22 2015


...................................

...THE BUFFALO NY CLIMATE SUMMARY FOR AUGUST 21 2015...

CLIMATE NORMAL PERIOD 1981 TO 2010
CLIMATE RECORD PERIOD 1871 TO 2015


WEATHER ITEM   OBSERVED TIME   RECORD YEAR NORMAL DEPARTURE LAST
                VALUE   (LST)  VALUE       VALUE  FROM      YEAR
                                                  NORMAL
..................................................................
TEMPERATURE (F)
 YESTERDAY
  MAXIMUM         73    216 PM  88    1901  78     -5       79
  MINIMUM         61    521 AM  45    1950  60      1       68
  AVERAGE         67                        69     -2       74

PRECIPITATION (IN)
  YESTERDAY        0.00          1.86 1885   0.11  -0.11      T
  MONTH TO DATE    4.30                      2.24   2.06     2.45
  SINCE JUN 1     11.75                      9.13   2.62    11.70
  SINCE JAN 1     24.38                     24.14   0.24    29.23

SNOWFALL (IN)
  YESTERDAY        0.0           0.0    MM   0.0    0.0      0.0
  MONTH TO DATE    0.0                       0.0    0.0      0.0
  SINCE JUN 1      0.0                       0.0    0.0      0.0
  SINCE JUL 1      0.0                       0.0    0.0      0.0
  SNOW DEPTH       0

DEGREE DAYS
 HEATING
  YESTERDAY        0                         1     -1        0
  MONTH TO DATE    1                         6     -5       10
  SINCE JUN 1     58                        79    -21       48
  SINCE JUL 1      8                        15     -7       20

 COOLING
  YESTERDAY        2                         5     -3        9
  MONTH TO DATE  132                       119     13       84
  SINCE JUN 1    406                       419    -13      362
  SINCE JAN 1    497                       445     52      385
..................................................................


WIND (MPH)
  HIGHEST WIND SPEED    20   HIGHEST WIND DIRECTION    SW (230)
  HIGHEST GUST SPEED    25   HIGHEST GUST DIRECTION     W (250)
  AVERAGE WIND SPEED    10.4


SKY COVER
  AVERAGE SKY COVER 0.6


WEATHER CONDITIONS
 THE FOLLOWING WEATHER WAS RECORDED YESTERDAY.
  NO SIGNIFICANT WEATHER WAS OBSERVED.


RELATIVE HUMIDITY (PERCENT)
 HIGHEST    73          1100 PM
 LOWEST     44          1100 AM
 AVERAGE    59

..........................................................


THE BUFFALO NY CLIMATE NORMALS FOR TODAY
                         NORMAL    RECORD    YEAR
 MAXIMUM TEMPERATURE (F)   78        88      2008
 MINIMUM TEMPERATURE (F)   60        42      1982


SUNRISE AND SUNSET
AUGUST 22 2015........SUNRISE   628 AM EDT   SUNSET   807 PM EDT
AUGUST 23 2015........SUNRISE   629 AM EDT   SUNSET   805 PM EDT


-  INDICATES NEGATIVE NUMBERS.
R  INDICATES RECORD WAS SET OR TIED.
MM INDICATES DATA IS MISSING.
T  INDICATES TRACE AMOUNT.




$$
