000
CDUS41 KBUF 250705
CLIBUF


CLIMATE REPORT
NATIONAL WEATHER SERVICE BUFFALO NY
305 AM EDT SAT JUL 25 2015


...................................

...THE BUFFALO NY CLIMATE SUMMARY FOR JULY 24 2015...

CLIMATE NORMAL PERIOD 1981 TO 2010
CLIMATE RECORD PERIOD 1871 TO 2015


WEATHER ITEM   OBSERVED TIME   RECORD YEAR NORMAL DEPARTURE LAST
                VALUE   (LST)  VALUE       VALUE  FROM      YEAR
                                                  NORMAL
..................................................................
TEMPERATURE (F)
 YESTERDAY
  MAXIMUM         82    351 PM  91    1945  80      2       72
                                      1899
  MINIMUM         57    516 AM  49    1962  63     -6       58
                                      1893
  AVERAGE         70                        71     -1       65

PRECIPITATION (IN)
  YESTERDAY        0.00          3.08 1910   0.10  -0.10     0.00
  MONTH TO DATE    2.32                      2.43  -0.11     3.83
  SINCE JUN 1      7.35                      6.09   1.26     7.63
  SINCE JAN 1     19.98                     21.10  -1.12    25.16

SNOWFALL (IN)
  YESTERDAY        0.0           0.0    MM   0.0    0.0      0.0
  MONTH TO DATE    0.0                       0.0    0.0      0.0
  SINCE JUN 1      0.0                       0.0    0.0      0.0
  SINCE JUL 1      0.0                       0.0    0.0      0.0
  SNOW DEPTH       0

DEGREE DAYS
 HEATING
  YESTERDAY        0                         0      0        0
  MONTH TO DATE    7                         2      5        3
  SINCE JUN 1     57                        66     -9       31
  SINCE JUL 1      7                         2      5        3

 COOLING
  YESTERDAY        5                         7     -2        0
  MONTH TO DATE  118                       157    -39      117
  SINCE JUN 1    194                       260    -66      265
  SINCE JAN 1    285                       286     -1      288
..................................................................


WIND (MPH)
  HIGHEST WIND SPEED    14   HIGHEST WIND DIRECTION     W (250)
  HIGHEST GUST SPEED    17   HIGHEST GUST DIRECTION    SW (240)
  AVERAGE WIND SPEED     5.0


SKY COVER
  AVERAGE SKY COVER 0.3


WEATHER CONDITIONS
 THE FOLLOWING WEATHER WAS RECORDED YESTERDAY.
  NO SIGNIFICANT WEATHER WAS OBSERVED.


RELATIVE HUMIDITY (PERCENT)
 HIGHEST    87           600 AM
 LOWEST     30           500 PM
 AVERAGE    59

..........................................................


THE BUFFALO NY CLIMATE NORMALS FOR TODAY
                         NORMAL    RECORD    YEAR
 MAXIMUM TEMPERATURE (F)   80        93      1917
 MINIMUM TEMPERATURE (F)   63        48      1953


SUNRISE AND SUNSET
JULY 25 2015..........SUNRISE   559 AM EDT   SUNSET   844 PM EDT
JULY 26 2015..........SUNRISE   600 AM EDT   SUNSET   843 PM EDT


-  INDICATES NEGATIVE NUMBERS.
R  INDICATES RECORD WAS SET OR TIED.
MM INDICATES DATA IS MISSING.
T  INDICATES TRACE AMOUNT.




$$
