000
CDUS41 KBUF 252130
CLIBUF


CLIMATE REPORT
NATIONAL WEATHER SERVICE BUFFALO NY
427 PM EST SAT NOV 25 2017


...................................

...THE BUFFALO NY CLIMATE SUMMARY FOR NOVEMBER 25 2017...
VALID TODAY AS OF 0400 PM LOCAL TIME.

CLIMATE NORMAL PERIOD 1981 TO 2010
CLIMATE RECORD PERIOD 1871 TO 2017


WEATHER ITEM   OBSERVED TIME   RECORD YEAR NORMAL DEPARTURE LAST
                VALUE   (LST)  VALUE       VALUE  FROM      YEAR
                                                  NORMAL
..................................................................
TEMPERATURE (F)
 TODAY
  MAXIMUM         52    716 AM  67    1908  44      8       45
  MINIMUM         45    251 PM  12    1884  31     14       40
  AVERAGE         49                        37     12       43

PRECIPITATION (IN)
  TODAY            0.08          1.07 1987   0.13  -0.05     0.07
  MONTH TO DATE    4.97                      3.35   1.62     2.29
  SINCE SEP 1     13.15                     10.77   2.38    10.23
  SINCE JAN 1     45.43                     35.93   9.50    28.75

SNOWFALL (IN)
  TODAY            0.0          10.2  2005   0.4   -0.4      0.0
  MONTH TO DATE    0.1                       5.7   -5.6      0.9
  SINCE SEP 1      0.2                       6.6   -6.4      0.9
  SINCE JUL 1      0.2                       6.6   -6.4      0.9
  SNOW DEPTH       0

DEGREE DAYS
 HEATING
  TODAY           16                        28    -12       22
  MONTH TO DATE  622                       585     37      493
  SINCE SEP 1    974                      1163   -189      872
  SINCE JUL 1    990                      1190   -200      872

 COOLING
  TODAY            0                         0      0        0
  MONTH TO DATE    0                         0      0        0
  SINCE SEP 1    133                        57     76      121
  SINCE JAN 1    603                       544     59      939
..................................................................


WIND (MPH)
  HIGHEST WIND SPEED    29   HIGHEST WIND DIRECTION    SW (240)
  HIGHEST GUST SPEED    39   HIGHEST GUST DIRECTION     W (250)
  AVERAGE WIND SPEED    13.7


SKY COVER
  AVERAGE SKY COVER 0.8


WEATHER CONDITIONS
 THE FOLLOWING WEATHER WAS RECORDED TODAY.
  LIGHT RAIN
  FOG


RELATIVE HUMIDITY (PERCENT)
 HIGHEST   100          1200 PM
 LOWEST     36          1200 AM
 AVERAGE    68

..........................................................


THE BUFFALO NY CLIMATE NORMALS FOR TOMORROW
                         NORMAL    RECORD    YEAR
 MAXIMUM TEMPERATURE (F)   43        68      1896
 MINIMUM TEMPERATURE (F)   31         6      1880


SUNRISE AND SUNSET
NOVEMBER 25 2017......SUNRISE   720 AM EST   SUNSET   444 PM EST
NOVEMBER 26 2017......SUNRISE   721 AM EST   SUNSET   443 PM EST


-  INDICATES NEGATIVE NUMBERS.
R  INDICATES RECORD WAS SET OR TIED.
MM INDICATES DATA IS MISSING.
T  INDICATES TRACE AMOUNT.




$$
