000
CDUS41 KBUF 020705
CLIBUF


CLIMATE REPORT
NATIONAL WEATHER SERVICE BUFFALO NY
205 AM EST MON JAN 2 2017


...................................

...THE BUFFALO NY CLIMATE SUMMARY FOR JANUARY 1 2017...

CLIMATE NORMAL PERIOD 1981 TO 2010
CLIMATE RECORD PERIOD 1871 TO 2017


WEATHER ITEM   OBSERVED TIME   RECORD YEAR NORMAL DEPARTURE LAST
                VALUE   (LST)  VALUE       VALUE  FROM      YEAR
                                                  NORMAL
..................................................................
TEMPERATURE (F)
 YESTERDAY
  MAXIMUM         37    250 PM  63    1985  32      5       32
  MINIMUM         28   1157 PM   0    1970  20      8       26
                                      1918
                                      1881
  AVERAGE         33                        26      7       29

PRECIPITATION (IN)
  YESTERDAY        0.00          1.40 1932   0.12  -0.12     0.03
  MONTH TO DATE    0.00                      0.12  -0.12     0.03
  SINCE DEC 1      4.06                      4.01   0.05     2.93
  SINCE JAN 1      0.00                      0.12  -0.12     0.03

SNOWFALL (IN)
  YESTERDAY        0.0           8.1  1964   0.9   -0.9      1.9
  MONTH TO DATE    0.0                       0.9   -0.9      1.9
  SINCE DEC 1     30.1                      28.3    1.8      2.9
  SINCE JUL 1     31.0                      37.1   -6.1      2.9
  SNOW DEPTH       0

DEGREE DAYS
 HEATING
  YESTERDAY       32                        39     -7       36
  MONTH TO DATE   32                        39     -7       36
  SINCE DEC 1   1072                      1121    -49      739
  SINCE JUL 1   2042                      2454   -412     1783

 COOLING
  YESTERDAY        0                         0      0        0
  MONTH TO DATE    0                         0      0        0
  SINCE DEC 1      0                         0      0        0
  SINCE JAN 1      0                         0      0        0
..................................................................


WIND (MPH)
  HIGHEST WIND SPEED    24   HIGHEST WIND DIRECTION     W (270)
  HIGHEST GUST SPEED    31   HIGHEST GUST DIRECTION     W (280)
  AVERAGE WIND SPEED     9.9


SKY COVER
  AVERAGE SKY COVER 0.4


WEATHER CONDITIONS
 THE FOLLOWING WEATHER WAS RECORDED YESTERDAY.
  NO SIGNIFICANT WEATHER WAS OBSERVED.


RELATIVE HUMIDITY (PERCENT)
 HIGHEST    85           800 PM
 LOWEST     56          1000 AM
 AVERAGE    71

..........................................................


THE BUFFALO NY CLIMATE NORMALS FOR TODAY
                         NORMAL    RECORD    YEAR
 MAXIMUM TEMPERATURE (F)   32        60      1876
 MINIMUM TEMPERATURE (F)   20        -2      1970


SUNRISE AND SUNSET
JANUARY  2 2017.......SUNRISE   746 AM EST   SUNSET   452 PM EST
JANUARY  3 2017.......SUNRISE   746 AM EST   SUNSET   453 PM EST


-  INDICATES NEGATIVE NUMBERS.
R  INDICATES RECORD WAS SET OR TIED.
MM INDICATES DATA IS MISSING.
T  INDICATES TRACE AMOUNT.




$$
