000
CDUS41 KBUF 080705
CLIBUF


CLIMATE REPORT
NATIONAL WEATHER SERVICE BUFFALO NY
205 AM EST THU FEB 8 2018


...................................

...THE BUFFALO NY CLIMATE SUMMARY FOR FEBRUARY 7 2018...

CLIMATE NORMAL PERIOD 1981 TO 2010
CLIMATE RECORD PERIOD 1871 TO 2018


WEATHER ITEM   OBSERVED TIME   RECORD YEAR NORMAL DEPARTURE LAST
                VALUE   (LST)  VALUE       VALUE  FROM      YEAR
                                                  NORMAL
..................................................................
TEMPERATURE (F)
 YESTERDAY
  MAXIMUM         26    309 PM  57    1925  32     -6       55
  MINIMUM         10   1159 PM  -6    1910  18     -8       30
  AVERAGE         18                        25     -7       43

PRECIPITATION (IN)
  YESTERDAY        0.26          1.94 1942   0.08   0.18     0.58
  MONTH TO DATE    0.73                      0.61   0.12     0.66
  SINCE DEC 1      7.39                      7.68  -0.29     7.64
  SINCE JAN 1      4.46                      3.79   0.67     3.58

SNOWFALL (IN)
  YESTERDAY       MM            10.2  1942   0.7   MM         T
  MONTH TO DATE    7.2                       4.8    2.4      1.2
  SINCE DEC 1     72.1                      57.5   14.6     42.3
  SINCE JUL 1     72.3                      66.3    6.0     43.2
  SNOW DEPTH       3

DEGREE DAYS
 HEATING
  YESTERDAY       47                        40      7       22
  MONTH TO DATE  305                       280     25      257
  SINCE DEC 1   2781                      2606    175     2342
  SINCE JUL 1   3896                      3939    -43     3312

 COOLING
  YESTERDAY        0                         0      0        0
  MONTH TO DATE    0                         0      0        0
  SINCE DEC 1      0                         0      0        0
  SINCE JAN 1      0                         0      0        0
..................................................................


WIND (MPH)
  HIGHEST WIND SPEED    18   HIGHEST WIND DIRECTION    NW (300)
  HIGHEST GUST SPEED    25   HIGHEST GUST DIRECTION     W (290)
  AVERAGE WIND SPEED     8.7


SKY COVER
  AVERAGE SKY COVER 1.0


WEATHER CONDITIONS
 THE FOLLOWING WEATHER WAS RECORDED YESTERDAY.
  HEAVY SNOW
  SNOW
  LIGHT SNOW
  FOG
  FOG W/VISIBILITY <= 1/4 MILE


RELATIVE HUMIDITY (PERCENT)
 HIGHEST    92          1000 AM
 LOWEST     74           300 AM
 AVERAGE    83

..........................................................


THE BUFFALO NY CLIMATE NORMALS FOR TODAY
                         NORMAL    RECORD    YEAR
 MAXIMUM TEMPERATURE (F)   32        63      1900
 MINIMUM TEMPERATURE (F)   18       -14      1934


SUNRISE AND SUNSET
FEBRUARY  8 2018......SUNRISE   722 AM EST   SUNSET   537 PM EST
FEBRUARY  9 2018......SUNRISE   720 AM EST   SUNSET   538 PM EST


-  INDICATES NEGATIVE NUMBERS.
R  INDICATES RECORD WAS SET OR TIED.
MM INDICATES DATA IS MISSING.
T  INDICATES TRACE AMOUNT.




$$
