000
CDUS41 KBUF 050705
CLIBUF


CLIMATE REPORT
NATIONAL WEATHER SERVICE BUFFALO NY
305 AM EDT THU OCT 5 2017


...................................

...THE BUFFALO NY CLIMATE SUMMARY FOR OCTOBER 4 2017...

CLIMATE NORMAL PERIOD 1981 TO 2010
CLIMATE RECORD PERIOD 1871 TO 2017


WEATHER ITEM   OBSERVED TIME   RECORD YEAR NORMAL DEPARTURE LAST
                VALUE   (LST)  VALUE       VALUE  FROM      YEAR
                                                  NORMAL
..................................................................
TEMPERATURE (F)
 YESTERDAY
  MAXIMUM         77   1158 AM  87    1951  64     13       73
  MINIMUM         61    433 AM  31    1974  47     14       52
  AVERAGE         69                        55     14       63

PRECIPITATION (IN)
  YESTERDAY        0.03          1.15 1898   0.12  -0.09     0.00
  MONTH TO DATE    0.03                      0.48  -0.45     0.52
  SINCE SEP 1      3.20                      4.38  -1.18     4.05
  SINCE JAN 1     35.48                     29.54   5.94    22.57

SNOWFALL (IN)
  YESTERDAY        0.0           T    2014   0.0    0.0      0.0
                                      1980
  MONTH TO DATE    0.0                       0.1   -0.1      0.0
  SINCE SEP 1      0.0                       0.1   -0.1      0.0
  SINCE JUL 1      0.0                       0.1   -0.1      0.0
  SNOW DEPTH       0

DEGREE DAYS
 HEATING
  YESTERDAY        0                        10    -10        2
  MONTH TO DATE   21                        39    -18       11
  SINCE SEP 1    114                       174    -60       55
  SINCE JUL 1    130                       201    -71       55

 COOLING
  YESTERDAY        4                         0      4        0
  MONTH TO DATE    4                         0      4        0
  SINCE SEP 1    120                        53     67      109
  SINCE JAN 1    590                       540     50      927
..................................................................


WIND (MPH)
  HIGHEST WIND SPEED    31   HIGHEST WIND DIRECTION     W (250)
  HIGHEST GUST SPEED    40   HIGHEST GUST DIRECTION     W (250)
  AVERAGE WIND SPEED    14.0


SKY COVER
  AVERAGE SKY COVER 0.7


WEATHER CONDITIONS
 THE FOLLOWING WEATHER WAS RECORDED YESTERDAY.
  THUNDERSTORM
  LIGHT RAIN
  FOG


RELATIVE HUMIDITY (PERCENT)
 HIGHEST    93          1100 PM
 LOWEST     54          1100 AM
 AVERAGE    74

..........................................................


THE BUFFALO NY CLIMATE NORMALS FOR TODAY
                         NORMAL    RECORD    YEAR
 MAXIMUM TEMPERATURE (F)   63        86      2007
 MINIMUM TEMPERATURE (F)   46        30      1984
                                             1965


SUNRISE AND SUNSET
OCTOBER  5 2017.......SUNRISE   717 AM EDT   SUNSET   649 PM EDT
OCTOBER  6 2017.......SUNRISE   718 AM EDT   SUNSET   647 PM EDT


-  INDICATES NEGATIVE NUMBERS.
R  INDICATES RECORD WAS SET OR TIED.
MM INDICATES DATA IS MISSING.
T  INDICATES TRACE AMOUNT.




$$
