000
CDUS41 KBUF 100705
CLIBUF


CLIMATE REPORT
NATIONAL WEATHER SERVICE BUFFALO NY
305 AM EDT SAT JUN 10 2017


...................................

...THE BUFFALO NY CLIMATE SUMMARY FOR JUNE 9 2017...

CLIMATE NORMAL PERIOD 1981 TO 2010
CLIMATE RECORD PERIOD 1871 TO 2017


WEATHER ITEM   OBSERVED TIME   RECORD YEAR NORMAL DEPARTURE LAST
                VALUE   (LST)  VALUE       VALUE  FROM      YEAR
                                                  NORMAL
..................................................................
TEMPERATURE (F)
 YESTERDAY
  MAXIMUM         71    338 PM  90    2005  74     -3       65
                                      1979
  MINIMUM         52    459 AM  39    1949  56     -4       46
  AVERAGE         62                        65     -3       56

PRECIPITATION (IN)
  YESTERDAY        0.00          3.01 1989   0.13  -0.13     0.00
  MONTH TO DATE    0.27                      1.11  -0.84     0.49
  SINCE JUN 1      0.27                      1.11  -0.84     0.49
  SINCE JAN 1     22.54                     16.12   6.42    11.73

SNOWFALL (IN)
  YESTERDAY        0.0           0.0    MM   0.0    0.0      0.0
  MONTH TO DATE    0.0                       0.0    0.0      0.0
  SINCE JUN 1      0.0                       0.0    0.0      0.0
  SINCE JUL 1     76.1                      94.7  -18.6     55.1
  SNOW DEPTH       0

DEGREE DAYS
 HEATING
  YESTERDAY        3                         3      0        9
  MONTH TO DATE   41                        33      8       23
  SINCE JUN 1     41                        33      8       23
  SINCE JUL 1   5635                      6586   -951     5618

 COOLING
  YESTERDAY        0                         2     -2        0
  MONTH TO DATE    0                        18    -18       24
  SINCE JUN 1      0                        18    -18       24
  SINCE JAN 1     27                        44    -17       83
..................................................................


WIND (MPH)
  HIGHEST WIND SPEED    23   HIGHEST WIND DIRECTION    SW (230)
  HIGHEST GUST SPEED    30   HIGHEST GUST DIRECTION     W (250)
  AVERAGE WIND SPEED    12.4


SKY COVER
  AVERAGE SKY COVER 0.4


WEATHER CONDITIONS
 THE FOLLOWING WEATHER WAS RECORDED YESTERDAY.
  NO SIGNIFICANT WEATHER WAS OBSERVED.


RELATIVE HUMIDITY (PERCENT)
 HIGHEST    83           100 AM
 LOWEST     52          1000 AM
 AVERAGE    68

..........................................................


THE BUFFALO NY CLIMATE NORMALS FOR TODAY
                         NORMAL    RECORD    YEAR
 MAXIMUM TEMPERATURE (F)   74        91      1895
 MINIMUM TEMPERATURE (F)   56        40      1972
                                             1946


SUNRISE AND SUNSET
JUNE 10 2017..........SUNRISE   536 AM EDT   SUNSET   853 PM EDT
JUNE 11 2017..........SUNRISE   536 AM EDT   SUNSET   854 PM EDT


-  INDICATES NEGATIVE NUMBERS.
R  INDICATES RECORD WAS SET OR TIED.
MM INDICATES DATA IS MISSING.
T  INDICATES TRACE AMOUNT.




$$
