000
CDUS41 KBUF 210705
CLIBUF


CLIMATE REPORT
NATIONAL WEATHER SERVICE BUFFALO NY
305 AM EDT FRI APR 21 2017


...................................

...THE BUFFALO NY CLIMATE SUMMARY FOR APRIL 20 2017...

CLIMATE NORMAL PERIOD 1981 TO 2010
CLIMATE RECORD PERIOD 1871 TO 2017


WEATHER ITEM   OBSERVED TIME   RECORD YEAR NORMAL DEPARTURE LAST
                VALUE   (LST)  VALUE       VALUE  FROM      YEAR
                                                  NORMAL
..................................................................
TEMPERATURE (F)
 YESTERDAY
  MAXIMUM         54   1226 AM  84    1987  57     -3       67
  MINIMUM         44    115 PM  20    1926  39      5       38
                                      1904
  AVERAGE         49                        48      1       53

PRECIPITATION (IN)
  YESTERDAY        1.95R         1.27 1893   0.09   1.86     0.00
  MONTH TO DATE    4.86                      2.06   2.80     1.36
  SINCE MAR 1      9.22                      4.93   4.29     4.21
  SINCE JAN 1     14.40                     10.60   3.80     9.49

SNOWFALL (IN)
  YESTERDAY       MM             5.5  1901   0.1   MM        0.0
  MONTH TO DATE    2.3                       2.5   -0.2      7.1
  SINCE MAR 1     29.1                      15.4   13.7      8.0
  SINCE JUL 1     76.1                      94.2  -18.1     55.1
  SNOW DEPTH       0

DEGREE DAYS
 HEATING
  YESTERDAY       16                        17     -1       12
  MONTH TO DATE  321                       422   -101      478
  SINCE MAR 1   1305                      1383    -78     1250
  SINCE JUL 1   5197                      6127   -930     5188

 COOLING
  YESTERDAY        0                         0      0        0
  MONTH TO DATE    2                         0      2        0
  SINCE MAR 1      2                         0      2        0
  SINCE JAN 1      2                         0      2        0
..................................................................


WIND (MPH)
  HIGHEST WIND SPEED    24   HIGHEST WIND DIRECTION     N (340)
  HIGHEST GUST SPEED    28   HIGHEST GUST DIRECTION     N (340)
  AVERAGE WIND SPEED    12.7


SKY COVER
  AVERAGE SKY COVER 1.0


WEATHER CONDITIONS
 THE FOLLOWING WEATHER WAS RECORDED YESTERDAY.
  THUNDERSTORM
  HEAVY RAIN
  RAIN
  LIGHT RAIN
  FOG


RELATIVE HUMIDITY (PERCENT)
 HIGHEST    93           400 AM
 LOWEST     77           100 AM
 AVERAGE    85

..........................................................


THE BUFFALO NY CLIMATE NORMALS FOR TODAY
                         NORMAL    RECORD    YEAR
 MAXIMUM TEMPERATURE (F)   58        84      1954
 MINIMUM TEMPERATURE (F)   39        21      1875


SUNRISE AND SUNSET
APRIL 21 2017.........SUNRISE   623 AM EDT   SUNSET   805 PM EDT
APRIL 22 2017.........SUNRISE   622 AM EDT   SUNSET   806 PM EDT


-  INDICATES NEGATIVE NUMBERS.
R  INDICATES RECORD WAS SET OR TIED.
MM INDICATES DATA IS MISSING.
T  INDICATES TRACE AMOUNT.




$$
