000
CDUS41 KBUF 091037
CLIBUF


CLIMATE REPORT
NATIONAL WEATHER SERVICE BUFFALO NY
632 AM EDT SAT JUL 9 2016


...................................

...THE BUFFALO NY CLIMATE SUMMARY FOR JULY 8 2016...

CLIMATE NORMAL PERIOD 1981 TO 2010
CLIMATE RECORD PERIOD 1871 TO 2016


WEATHER ITEM   OBSERVED TIME   RECORD YEAR NORMAL DEPARTURE LAST
                VALUE   (LST)  VALUE       VALUE  FROM      YEAR
                                                  NORMAL
..................................................................
TEMPERATURE (F)
 YESTERDAY
  MAXIMUM         84    326 PM  96    1988  80      4       70
  MINIMUM         70    543 AM  47    1984  62      8       60
  AVERAGE         77                        71      6       65

PRECIPITATION (IN)
  YESTERDAY        0.03          1.31 1998   0.10  -0.07     0.00
  MONTH TO DATE    0.04                      0.80  -0.76     0.90
  SINCE JUN 1      1.35                      4.46  -3.11     5.93
  SINCE JAN 1     12.59                     19.47  -6.88    18.56

SNOWFALL (IN)
  YESTERDAY        0.0           0.0    MM   0.0    0.0      0.0
  MONTH TO DATE    0.0                       0.0    0.0      0.0
  SINCE JUN 1      0.0                       0.0    0.0      0.0
  SINCE JUL 1      0.0                       0.0    0.0      0.0
  SNOW DEPTH       0

DEGREE DAYS
 HEATING
  YESTERDAY        0                         0      0        0
  MONTH TO DATE    0                         2     -2        2
  SINCE JUN 1     42                        66    -24       52
  SINCE JUL 1      0                         2     -2        2

 COOLING
  YESTERDAY       12                         6      6        0
  MONTH TO DATE   61                        48     13       28
  SINCE JUN 1    189                       151     38      104
  SINCE JAN 1    248                       177     71      195
..................................................................


WIND (MPH)
  HIGHEST WIND SPEED    15   HIGHEST WIND DIRECTION    SW (220)
  HIGHEST GUST SPEED    24   HIGHEST GUST DIRECTION     W (260)
  AVERAGE WIND SPEED     7.2


SKY COVER
  AVERAGE SKY COVER 0.7


WEATHER CONDITIONS
 THE FOLLOWING WEATHER WAS RECORDED YESTERDAY.
  LIGHT RAIN
  FOG


RELATIVE HUMIDITY (PERCENT)
 HIGHEST    90           400 AM
 LOWEST     47           100 PM
 AVERAGE    69

..........................................................


THE BUFFALO NY CLIMATE NORMALS FOR TODAY
                         NORMAL    RECORD    YEAR
 MAXIMUM TEMPERATURE (F)   80        96      1946
 MINIMUM TEMPERATURE (F)   62        47      1963


SUNRISE AND SUNSET
JULY  9 2016..........SUNRISE   545 AM EDT   SUNSET   855 PM EDT
JULY 10 2016..........SUNRISE   546 AM EDT   SUNSET   854 PM EDT


-  INDICATES NEGATIVE NUMBERS.
R  INDICATES RECORD WAS SET OR TIED.
MM INDICATES DATA IS MISSING.
T  INDICATES TRACE AMOUNT.




$$
