000
CDUS41 KBUF 191022
CLIBUF


CLIMATE REPORT
NATIONAL WEATHER SERVICE BUFFALO NY
621 AM EDT MON SEP 19 2016


...................................

...THE BUFFALO NY CLIMATE SUMMARY FOR SEPTEMBER 18 2016...

CLIMATE NORMAL PERIOD 1981 TO 2010
CLIMATE RECORD PERIOD 1871 TO 2016


WEATHER ITEM   OBSERVED TIME   RECORD YEAR NORMAL DEPARTURE LAST
                VALUE   (LST)  VALUE       VALUE  FROM      YEAR
                                                  NORMAL
..................................................................
TEMPERATURE (F)
 YESTERDAY
  MAXIMUM         77    308 PM  89    1946  70      7       81
  MINIMUM         66   1146 PM  37    1943  53     13       59
  AVERAGE         72                        62     10       70

PRECIPITATION (IN)
  YESTERDAY        0.00          2.11 1945   0.13  -0.13      T
  MONTH TO DATE    2.67                      2.19   0.48     2.73
  SINCE SEP 1      2.67                      2.19   0.48     2.73
  SINCE JAN 1     21.19                     27.35  -6.16    27.20

SNOWFALL (IN)
  YESTERDAY        0.0           0.0    MM   0.0    0.0      0.0
  MONTH TO DATE    0.0                       0.0    0.0      0.0
  SINCE SEP 1      0.0                       0.0    0.0      0.0
  SINCE JUL 1      0.0                       0.0    0.0      0.0
  SNOW DEPTH       0

DEGREE DAYS
 HEATING
  YESTERDAY        0                         5     -5        0
  MONTH TO DATE    9                        53    -44       25
  SINCE SEP 1      9                        53    -44       25
  SINCE JUL 1      9                        80    -71       40

 COOLING
  YESTERDAY        7                         1      6        5
  MONTH TO DATE   89                        43     46      122
  SINCE SEP 1     89                        43     46      122
  SINCE JAN 1    907                       530    377      647
..................................................................


WIND (MPH)
  HIGHEST WIND SPEED    18   HIGHEST WIND DIRECTION    SW (230)
  HIGHEST GUST SPEED    25   HIGHEST GUST DIRECTION    SW (240)
  AVERAGE WIND SPEED     8.3


SKY COVER
  AVERAGE SKY COVER 0.7


WEATHER CONDITIONS
 THE FOLLOWING WEATHER WAS RECORDED YESTERDAY.
  NO SIGNIFICANT WEATHER WAS OBSERVED.


RELATIVE HUMIDITY (PERCENT)
 HIGHEST    97          1200 AM
 LOWEST     69           200 PM
 AVERAGE    83

..........................................................


THE BUFFALO NY CLIMATE NORMALS FOR TODAY
                         NORMAL    RECORD    YEAR
 MAXIMUM TEMPERATURE (F)   70        88      1946
 MINIMUM TEMPERATURE (F)   52        38      1995
                                             1993


SUNRISE AND SUNSET
SEPTEMBER 19 2016.....SUNRISE   659 AM EDT   SUNSET   717 PM EDT
SEPTEMBER 20 2016.....SUNRISE   701 AM EDT   SUNSET   715 PM EDT


-  INDICATES NEGATIVE NUMBERS.
R  INDICATES RECORD WAS SET OR TIED.
MM INDICATES DATA IS MISSING.
T  INDICATES TRACE AMOUNT.




$$
