000
CDUS41 KBUF 290705
CLIBUF


CLIMATE REPORT
NATIONAL WEATHER SERVICE BUFFALO NY
205 AM EST FRI JAN 29 2016


...................................

...THE BUFFALO NY CLIMATE SUMMARY FOR JANUARY 28 2016...

CLIMATE NORMAL PERIOD 1981 TO 2010
CLIMATE RECORD PERIOD 1871 TO 2016


WEATHER ITEM   OBSERVED TIME   RECORD YEAR NORMAL DEPARTURE LAST
                VALUE   (LST)  VALUE       VALUE  FROM      YEAR
                                                  NORMAL
..................................................................
TEMPERATURE (F)
 YESTERDAY
  MAXIMUM         39    651 PM  51    1994  31      8       22
                                      1990
                                      1914
  MINIMUM         27    846 AM  -6    2005  18      9        4
                                      1966
                                      1925
  AVERAGE         33                        24      9       13

PRECIPITATION (IN)
  YESTERDAY        0.05          0.88 1889   0.08  -0.03     0.00
  MONTH TO DATE    1.77                      2.91  -1.14     2.32
  SINCE DEC 1      4.67                      6.80  -2.13     4.47
  SINCE JAN 1      1.77                      2.91  -1.14     2.32

SNOWFALL (IN)
  YESTERDAY       MM             7.1  2009   0.7   MM        0.0
  MONTH TO DATE   25.0                      23.1    1.9     22.6
  SINCE DEC 1     26.0                      50.5  -24.5     33.9
  SINCE JUL 1     26.0                      59.3  -33.3     54.4
  SNOW DEPTH       0

DEGREE DAYS
 HEATING
  YESTERDAY       32                        41     -9       52
  MONTH TO DATE 1086                      1126    -40     1237
  SINCE DEC 1   1789                      2208   -419     2205
  SINCE JUL 1   2833                      3541   -708     3503

 COOLING
  YESTERDAY        0                         0      0        0
  MONTH TO DATE    0                         0      0        0
  SINCE DEC 1      0                         0      0        0
  SINCE JAN 1      0                         0      0        0
..................................................................


WIND (MPH)
  HIGHEST WIND SPEED    24   HIGHEST WIND DIRECTION     S (200)
  HIGHEST GUST SPEED    30   HIGHEST GUST DIRECTION    SW (210)
  AVERAGE WIND SPEED    15.0


SKY COVER
  AVERAGE SKY COVER 0.9


WEATHER CONDITIONS
 THE FOLLOWING WEATHER WAS RECORDED YESTERDAY.
  RAIN
  LIGHT RAIN
  SNOW
  LIGHT SNOW
  FOG


RELATIVE HUMIDITY (PERCENT)
 HIGHEST    96          1100 PM
 LOWEST     58          1200 AM
 AVERAGE    77

..........................................................


THE BUFFALO NY CLIMATE NORMALS FOR TODAY
                         NORMAL    RECORD    YEAR
 MAXIMUM TEMPERATURE (F)   31        59      1914
 MINIMUM TEMPERATURE (F)   18        -7      1977


SUNRISE AND SUNSET
JANUARY 29 2016.......SUNRISE   733 AM EST   SUNSET   523 PM EST
JANUARY 30 2016.......SUNRISE   732 AM EST   SUNSET   524 PM EST


-  INDICATES NEGATIVE NUMBERS.
R  INDICATES RECORD WAS SET OR TIED.
MM INDICATES DATA IS MISSING.
T  INDICATES TRACE AMOUNT.




$$
