000
CDUS41 KBUF 312040
CLIBUF


CLIMATE REPORT
NATIONAL WEATHER SERVICE BUFFALO NY
439 PM EDT MON JUL 31 2017


...................................

...THE BUFFALO NY CLIMATE SUMMARY FOR JULY 31 2017...
VALID TODAY AS OF 0400 PM LOCAL TIME.

CLIMATE NORMAL PERIOD 1981 TO 2010
CLIMATE RECORD PERIOD 1871 TO 2017


WEATHER ITEM   OBSERVED TIME   RECORD YEAR NORMAL DEPARTURE LAST
                VALUE   (LST)  VALUE       VALUE  FROM      YEAR
                                                  NORMAL
..................................................................
TEMPERATURE (F)
 TODAY
  MAXIMUM         82    241 PM  93    1913  80      2       79
  MINIMUM         62    554 AM  49    1963  62      0       68
                                      1891
  AVERAGE         72                        71      1       74

PRECIPITATION (IN)
  TODAY            0.00          1.54 1996   0.12  -0.12      T
  MONTH TO DATE    4.65                      3.23   1.42     1.80
  SINCE JUN 1      6.86                      6.89  -0.03     3.11
  SINCE JAN 1     29.13                     21.90   7.23    14.35

SNOWFALL (IN)
  TODAY            0.0           0.0    MM   0.0    0.0      0.0
  MONTH TO DATE    0.0                       0.0    0.0      0.0
  SINCE JUN 1      0.0                       0.0    0.0      0.0
  SINCE JUL 1      0.0                       0.0    0.0      0.0
  SNOW DEPTH       0

DEGREE DAYS
 HEATING
  TODAY            0                         0      0        0
  MONTH TO DATE    1                         2     -1        0
  SINCE JUN 1     50                        73    -23       42
  SINCE JUL 1      1                         9     -8        0

 COOLING
  TODAY            7                         6      1        9
  MONTH TO DATE  183                       197    -14      293
  SINCE JUN 1    306                       300      6      421
  SINCE JAN 1    333                       326      7      480
..................................................................


WIND (MPH)
  HIGHEST WIND SPEED    17   HIGHEST WIND DIRECTION     W (250)
  HIGHEST GUST SPEED    22   HIGHEST GUST DIRECTION    SW (230)
  AVERAGE WIND SPEED     9.4


SKY COVER
  AVERAGE SKY COVER 0.1


WEATHER CONDITIONS
 THE FOLLOWING WEATHER WAS RECORDED TODAY.
  NO SIGNIFICANT WEATHER WAS OBSERVED.


RELATIVE HUMIDITY (PERCENT)
 HIGHEST    93           600 AM
 LOWEST     54           200 PM
 AVERAGE    74

..........................................................


THE BUFFALO NY CLIMATE NORMALS FOR TOMORROW
                         NORMAL    RECORD    YEAR
 MAXIMUM TEMPERATURE (F)   80        95      1944
 MINIMUM TEMPERATURE (F)   62        47      1947


SUNRISE AND SUNSET
JULY 31 2017..........SUNRISE   605 AM EDT   SUNSET   837 PM EDT
AUGUST  1 2017........SUNRISE   606 AM EDT   SUNSET   836 PM EDT


-  INDICATES NEGATIVE NUMBERS.
R  INDICATES RECORD WAS SET OR TIED.
MM INDICATES DATA IS MISSING.
T  INDICATES TRACE AMOUNT.




$$
