000
CDUS41 KBUF 131034
CLIBUF


CLIMATE REPORT
NATIONAL WEATHER SERVICE BUFFALO NY
633 AM EDT WED APR 13 2016


...................................

...THE BUFFALO NY CLIMATE SUMMARY FOR APRIL 12 2016...

CLIMATE NORMAL PERIOD 1981 TO 2010
CLIMATE RECORD PERIOD 1871 TO 2016


WEATHER ITEM   OBSERVED TIME   RECORD YEAR NORMAL DEPARTURE LAST
                VALUE   (LST)  VALUE       VALUE  FROM      YEAR
                                                  NORMAL
..................................................................
TEMPERATURE (F)
 YESTERDAY
  MAXIMUM         43    435 PM  80    2001  54    -11       61
  MINIMUM         32   1159 PM  20    1874  36     -4       32
  AVERAGE         38                        44     -6       47

PRECIPITATION (IN)
  YESTERDAY        T             1.11 1944   0.10  -0.10     0.00
  MONTH TO DATE    1.36                      1.27   0.09     1.56
  SINCE MAR 1      4.21                      4.14   0.07     3.00
  SINCE JAN 1      9.49                      9.81  -0.32     7.99

SNOWFALL (IN)
  YESTERDAY        0.0           5.0  1940   0.1   -0.1      0.0
  MONTH TO DATE    7.1                       1.8    5.3      0.3
  SINCE MAR 1      8.0                      14.7   -6.7      9.9
  SINCE JUL 1     55.1                      93.5  -38.4    112.9
  SNOW DEPTH       0

DEGREE DAYS
 HEATING
  YESTERDAY       27                        20      7       18
  MONTH TO DATE  366                       273     93      261
  SINCE MAR 1   1138                      1234    -96     1363
  SINCE JUL 1   5076                      5978   -902     6511

 COOLING
  YESTERDAY        0                         0      0        0
  MONTH TO DATE    0                         0      0        0
  SINCE MAR 1      0                         0      0        0
  SINCE JAN 1      0                         0      0        0
..................................................................


WIND (MPH)
  HIGHEST WIND SPEED    21   HIGHEST WIND DIRECTION    SW (240)
  HIGHEST GUST SPEED    26   HIGHEST GUST DIRECTION     W (270)
  AVERAGE WIND SPEED    11.0


SKY COVER
  AVERAGE SKY COVER 0.6


WEATHER CONDITIONS
 THE FOLLOWING WEATHER WAS RECORDED YESTERDAY.
  LIGHT RAIN


RELATIVE HUMIDITY (PERCENT)
 HIGHEST    75           500 AM
 LOWEST     46           500 PM
 AVERAGE    61

..........................................................


THE BUFFALO NY CLIMATE NORMALS FOR TODAY
                         NORMAL    RECORD    YEAR
 MAXIMUM TEMPERATURE (F)   54        82      1945
 MINIMUM TEMPERATURE (F)   36        16      1940


SUNRISE AND SUNSET
APRIL 13 2016.........SUNRISE   636 AM EDT   SUNSET   756 PM EDT
APRIL 14 2016.........SUNRISE   634 AM EDT   SUNSET   757 PM EDT


-  INDICATES NEGATIVE NUMBERS.
R  INDICATES RECORD WAS SET OR TIED.
MM INDICATES DATA IS MISSING.
T  INDICATES TRACE AMOUNT.




$$
