000
CDUS41 KBUF 191013
CLIBUF


CLIMATE REPORT
NATIONAL WEATHER SERVICE BUFFALO NY
510 AM EST MON JAN 19 2015


...................................

...THE BUFFALO NY CLIMATE SUMMARY FOR JANUARY 18 2015...

CLIMATE NORMAL PERIOD 1981 TO 2010
CLIMATE RECORD PERIOD 1871 TO 2015


WEATHER ITEM   OBSERVED TIME   RECORD YEAR NORMAL DEPARTURE LAST
                VALUE   (LST)  VALUE       VALUE  FROM      YEAR
                                                  NORMAL
..................................................................
TEMPERATURE (F)
 YESTERDAY
  MAXIMUM         44    740 AM  62    1929  31     13       30
  MINIMUM         33   1159 PM  -6    1977  18     15       17
  AVERAGE         39                        24     15       24

PRECIPITATION (IN)
  YESTERDAY        0.04          1.09 1929   0.11  -0.07     0.11
  MONTH TO DATE    2.16                      1.96   0.20     2.56
  SINCE DEC 1      4.31                      5.85  -1.54     7.49
  SINCE JAN 1      2.16                      1.96   0.20     2.56

SNOWFALL (IN)
  YESTERDAY        0.1           5.5  1958   0.8   -0.7      2.0
  MONTH TO DATE   19.8                      15.6    4.2     27.5
  SINCE DEC 1     31.1                      43.0  -11.9     56.0
  SINCE JUL 1     51.6                      51.8   -0.2     66.0
  SNOW DEPTH       5

DEGREE DAYS
 HEATING
  YESTERDAY       26                        41    -15       41
  MONTH TO DATE  795                       716     79      729
  SINCE DEC 1   1763                      1798    -35     1869
  SINCE JUL 1   3061                      3131    -70     3187

 COOLING
  YESTERDAY        0                         0      0        0
  MONTH TO DATE    0                         0      0        0
  SINCE DEC 1      0                         0      0        0
  SINCE JAN 1      0                         0      0        0
..................................................................


WIND (MPH)
  HIGHEST WIND SPEED    29   HIGHEST WIND DIRECTION     S (200)
  HIGHEST GUST SPEED    39   HIGHEST GUST DIRECTION    SW (210)
  AVERAGE WIND SPEED    17.2


SKY COVER
  AVERAGE SKY COVER 1.0


WEATHER CONDITIONS
 THE FOLLOWING WEATHER WAS RECORDED YESTERDAY.
  LIGHT RAIN
  SNOW
  LIGHT SNOW
  FOG


RELATIVE HUMIDITY (PERCENT)
 HIGHEST    89           400 PM
 LOWEST     45           300 AM
 AVERAGE    67

..........................................................


THE BUFFALO NY CLIMATE NORMALS FOR TODAY
                         NORMAL    RECORD    YEAR
 MAXIMUM TEMPERATURE (F)   31        62      1907
 MINIMUM TEMPERATURE (F)   18       -10      1994


SUNRISE AND SUNSET
JANUARY 19 2015.......SUNRISE   741 AM EST   SUNSET   511 PM EST
JANUARY 20 2015.......SUNRISE   740 AM EST   SUNSET   512 PM EST


-  INDICATES NEGATIVE NUMBERS.
R  INDICATES RECORD WAS SET OR TIED.
MM INDICATES DATA IS MISSING.
T  INDICATES TRACE AMOUNT.




$$
