000
CDUS41 KBUF 071022
CLIBUF


CLIMATE REPORT
NATIONAL WEATHER SERVICE BUFFALO NY
521 AM EST THU DEC 7 2017


...................................

...THE BUFFALO NY CLIMATE SUMMARY FOR DECEMBER 6 2017...

CLIMATE NORMAL PERIOD 1981 TO 2010
CLIMATE RECORD PERIOD 1871 TO 2017


WEATHER ITEM   OBSERVED TIME   RECORD YEAR NORMAL DEPARTURE LAST
                VALUE   (LST)  VALUE       VALUE  FROM      YEAR
                                                  NORMAL
..................................................................
TEMPERATURE (F)
 YESTERDAY
  MAXIMUM         37   1240 PM  69    1998  39     -2       42
  MINIMUM         32    934 AM   3    1886  27      5       29
  AVERAGE         35                        33      2       36

PRECIPITATION (IN)
  YESTERDAY        0.24          1.15 1962   0.12   0.12     0.21
  MONTH TO DATE    0.70                      0.75  -0.05     0.81
  SINCE DEC 1      0.70                      0.75  -0.05     0.81
  SINCE JAN 1     46.25                     37.34   8.91    30.62

SNOWFALL (IN)
  YESTERDAY        1.7           8.1  2000   0.7    1.0       T
  MONTH TO DATE    1.7                       3.8   -2.1      0.3
  SINCE DEC 1      1.7                       3.8   -2.1      0.3
  SINCE JUL 1      1.9                      12.6  -10.7      1.2
  SNOW DEPTH       T

DEGREE DAYS
 HEATING
  YESTERDAY       30                        32     -2       29
  MONTH TO DATE  151                       186    -35      159
  SINCE DEC 1    151                       186    -35      159
  SINCE JUL 1   1266                      1519   -253     1129

 COOLING
  YESTERDAY        0                         0      0        0
  MONTH TO DATE    0                         0      0        0
  SINCE DEC 1      0                         0      0        0
  SINCE JAN 1    603                       544     59      939
..................................................................


WIND (MPH)
  HIGHEST WIND SPEED    33   HIGHEST WIND DIRECTION    SW (230)
  HIGHEST GUST SPEED    50   HIGHEST GUST DIRECTION    SW (240)
  AVERAGE WIND SPEED    22.1


SKY COVER
  AVERAGE SKY COVER 0.8


WEATHER CONDITIONS
 THE FOLLOWING WEATHER WAS RECORDED YESTERDAY.
  HAIL
  LIGHT SNOW
  FOG
  HAZE


RELATIVE HUMIDITY (PERCENT)
 HIGHEST    89           300 PM
 LOWEST     52          1200 AM
 AVERAGE    71

..........................................................


THE BUFFALO NY CLIMATE NORMALS FOR TODAY
                         NORMAL    RECORD    YEAR
 MAXIMUM TEMPERATURE (F)   39        69      1998
 MINIMUM TEMPERATURE (F)   27         5      1906
                                             1885


SUNRISE AND SUNSET
DECEMBER  7 2017......SUNRISE   733 AM EST   SUNSET   440 PM EST
DECEMBER  8 2017......SUNRISE   733 AM EST   SUNSET   440 PM EST


-  INDICATES NEGATIVE NUMBERS.
R  INDICATES RECORD WAS SET OR TIED.
MM INDICATES DATA IS MISSING.
T  INDICATES TRACE AMOUNT.




$$
