000
CDUS41 KBUF 250705
CLIBUF


CLIMATE REPORT
NATIONAL WEATHER SERVICE BUFFALO NY
305 AM EDT THU JUN 25 2015


...................................

...THE BUFFALO NY CLIMATE SUMMARY FOR JUNE 24 2015...

CLIMATE NORMAL PERIOD 1981 TO 2010
CLIMATE RECORD PERIOD 1871 TO 2015


WEATHER ITEM   OBSERVED TIME   RECORD YEAR NORMAL DEPARTURE LAST
                VALUE   (LST)  VALUE       VALUE  FROM      YEAR
                                                  NORMAL
..................................................................
TEMPERATURE (F)
 YESTERDAY
  MAXIMUM         72    428 PM  92    1949  78     -6       84
  MINIMUM         58    517 AM  46    1932  60     -2       70
                                      1915
  AVERAGE         65                        69     -4       77

PRECIPITATION (IN)
  YESTERDAY        0.00          2.78 1994   0.11  -0.11     0.31
  MONTH TO DATE    3.12                      3.00   0.12     3.15
  SINCE JUN 1      3.12                      3.00   0.12     3.15
  SINCE JAN 1     15.75                     18.01  -2.26    20.68

SNOWFALL (IN)
  YESTERDAY        0.0           0.0    MM   0.0    0.0      0.0
  MONTH TO DATE    0.0                       0.0    0.0      0.0
  SINCE JUN 1      0.0                       0.0    0.0      0.0
  SINCE JUL 1    112.9                      94.7   18.2    129.9
  SNOW DEPTH       0

DEGREE DAYS
 HEATING
  YESTERDAY        0                         1     -1        0
  MONTH TO DATE   39                        59    -20       28
  SINCE JUN 1     39                        59    -20       28
  SINCE JUL 1   7017                      6612    405     7125

 COOLING
  YESTERDAY        0                         5     -5       12
  MONTH TO DATE   66                        72     -6       85
  SINCE JUN 1     66                        72     -6       85
  SINCE JAN 1    157                        98     59      108
..................................................................


WIND (MPH)
  HIGHEST WIND SPEED    17   HIGHEST WIND DIRECTION    SW (230)
  HIGHEST GUST SPEED    21   HIGHEST GUST DIRECTION    SW (230)
  AVERAGE WIND SPEED     9.4


SKY COVER
  AVERAGE SKY COVER 0.2


WEATHER CONDITIONS
 THE FOLLOWING WEATHER WAS RECORDED YESTERDAY.
  NO SIGNIFICANT WEATHER WAS OBSERVED.


RELATIVE HUMIDITY (PERCENT)
 HIGHEST    86           400 AM
 LOWEST     53           500 PM
 AVERAGE    70

..........................................................


THE BUFFALO NY CLIMATE NORMALS FOR TODAY
                         NORMAL    RECORD    YEAR
 MAXIMUM TEMPERATURE (F)   78        96      1988
 MINIMUM TEMPERATURE (F)   60        43      1979


SUNRISE AND SUNSET
JUNE 25 2015..........SUNRISE   537 AM EDT   SUNSET   858 PM EDT
JUNE 26 2015..........SUNRISE   538 AM EDT   SUNSET   858 PM EDT


-  INDICATES NEGATIVE NUMBERS.
R  INDICATES RECORD WAS SET OR TIED.
MM INDICATES DATA IS MISSING.
T  INDICATES TRACE AMOUNT.




$$
