000
CDUS41 KBUF 242046
CLIBUF


CLIMATE REPORT
NATIONAL WEATHER SERVICE BUFFALO NY
431 PM EDT MON JUL 24 2017


...................................

...THE BUFFALO NY CLIMATE SUMMARY FOR JULY 24 2017...
VALID TODAY AS OF 0400 PM LOCAL TIME.

CLIMATE NORMAL PERIOD 1981 TO 2010
CLIMATE RECORD PERIOD 1871 TO 2017


WEATHER ITEM   OBSERVED TIME   RECORD YEAR NORMAL DEPARTURE LAST
                VALUE   (LST)  VALUE       VALUE  FROM      YEAR
                                                  NORMAL
..................................................................
TEMPERATURE (F)
 TODAY
  MAXIMUM         76    144 PM  91    1945  80     -4       89
                                      1899
  MINIMUM         69    707 AM  49    1962  63      6       66
                                      1893
  AVERAGE         73                        71      2       78

PRECIPITATION (IN)
  TODAY            0.05          3.08 1910   0.10  -0.05     0.00
  MONTH TO DATE    4.50                      2.43   2.07     0.76
  SINCE JUN 1      6.71                      6.09   0.62     2.07
  SINCE JAN 1     28.98                     21.10   7.88    13.31

SNOWFALL (IN)
  TODAY            0.0           0.0    MM   0.0    0.0      0.0
  MONTH TO DATE    0.0                       0.0    0.0      0.0
  SINCE JUN 1      0.0                       0.0    0.0      0.0
  SINCE JUL 1      0.0                       0.0    0.0      0.0
  SNOW DEPTH       0

DEGREE DAYS
 HEATING
  TODAY            0                         0      0        0
  MONTH TO DATE    0                         2     -2        0
  SINCE JUN 1     49                        66    -17       42
  SINCE JUL 1      0                         2     -2        0

 COOLING
  TODAY            8                         7      1       13
  MONTH TO DATE  159                       157      2      221
  SINCE JUN 1    282                       260     22      349
  SINCE JAN 1    309                       286     23      408
..................................................................


WIND (MPH)
  HIGHEST WIND SPEED    23   HIGHEST WIND DIRECTION    SW (230)
  HIGHEST GUST SPEED    28   HIGHEST GUST DIRECTION    SW (230)
  AVERAGE WIND SPEED     9.9


SKY COVER
  AVERAGE SKY COVER 0.8


WEATHER CONDITIONS
 THE FOLLOWING WEATHER WAS RECORDED TODAY.
  THUNDERSTORM
  LIGHT RAIN
  FOG


RELATIVE HUMIDITY (PERCENT)
 HIGHEST    93           400 AM
 LOWEST     64          1100 AM
 AVERAGE    79

..........................................................


THE BUFFALO NY CLIMATE NORMALS FOR TOMORROW
                         NORMAL    RECORD    YEAR
 MAXIMUM TEMPERATURE (F)   80        93      1917
 MINIMUM TEMPERATURE (F)   63        48      1953


SUNRISE AND SUNSET
JULY 24 2017..........SUNRISE   558 AM EDT   SUNSET   844 PM EDT
JULY 25 2017..........SUNRISE   559 AM EDT   SUNSET   843 PM EDT


-  INDICATES NEGATIVE NUMBERS.
R  INDICATES RECORD WAS SET OR TIED.
MM INDICATES DATA IS MISSING.
T  INDICATES TRACE AMOUNT.




$$
