000
CDUS41 KBUF 142147
CLIBUF


CLIMATE REPORT
NATIONAL WEATHER SERVICE BUFFALO NY
446 PM EST SAT JAN 14 2017


...................................

...THE BUFFALO NY CLIMATE SUMMARY FOR JANUARY 14 2017...
VALID TODAY AS OF 0400 PM LOCAL TIME.

CLIMATE NORMAL PERIOD 1981 TO 2010
CLIMATE RECORD PERIOD 1871 TO 2017


WEATHER ITEM   OBSERVED TIME   RECORD YEAR NORMAL DEPARTURE LAST
                VALUE   (LST)  VALUE       VALUE  FROM      YEAR
                                                  NORMAL
..................................................................
TEMPERATURE (F)
 TODAY
  MAXIMUM         29    359 PM  66    1995  31     -2       26
  MINIMUM         19    611 AM  -9    1957  18      1       15
                                      1914
  AVERAGE         24                        25     -1       21

PRECIPITATION (IN)
  TODAY            T             1.05 1904   0.10  -0.10     0.13
  MONTH TO DATE    1.38                      1.55  -0.17     1.24
  SINCE DEC 1      5.44                      5.44   0.00     4.14
  SINCE JAN 1      1.38                      1.55  -0.17     1.24

SNOWFALL (IN)
  TODAY            T             7.8  1963   0.8   -0.8      3.3
  MONTH TO DATE    2.9                      12.3   -9.4     17.6
  SINCE DEC 1     33.0                      39.7   -6.7     18.6
  SINCE JUL 1     33.9                      48.5  -14.6     18.6
  SNOW DEPTH       0

DEGREE DAYS
 HEATING
  TODAY           41                        40      1       44
  MONTH TO DATE  524                       555    -31      541
  SINCE DEC 1   1564                      1637    -73     1244
  SINCE JUL 1   2534                      2970   -436     2288

 COOLING
  TODAY            0                         0      0        0
  MONTH TO DATE    0                         0      0        0
  SINCE DEC 1      0                         0      0        0
  SINCE JAN 1      0                         0      0        0
..................................................................


WIND (MPH)
  HIGHEST WIND SPEED    10   HIGHEST WIND DIRECTION    NE (50)
  HIGHEST GUST SPEED    12   HIGHEST GUST DIRECTION    NE (60)
  AVERAGE WIND SPEED     4.3


SKY COVER
  AVERAGE SKY COVER 0.9


WEATHER CONDITIONS
 THE FOLLOWING WEATHER WAS RECORDED TODAY.
  LIGHT SNOW


RELATIVE HUMIDITY (PERCENT)
 HIGHEST    77           500 AM
 LOWEST     58           300 PM
 AVERAGE    68

..........................................................


THE BUFFALO NY CLIMATE NORMALS FOR TOMORROW
                         NORMAL    RECORD    YEAR
 MAXIMUM TEMPERATURE (F)   31        67      1995
 MINIMUM TEMPERATURE (F)   18       -12      1957


SUNRISE AND SUNSET
JANUARY 14 2017.......SUNRISE   743 AM EST   SUNSET   505 PM EST
JANUARY 15 2017.......SUNRISE   743 AM EST   SUNSET   506 PM EST


-  INDICATES NEGATIVE NUMBERS.
R  INDICATES RECORD WAS SET OR TIED.
MM INDICATES DATA IS MISSING.
T  INDICATES TRACE AMOUNT.




$$
