000
CDUS41 KBUF 110057
CLIBUF

CLIMATE REPORT
NATIONAL WEATHER SERVICE BUFFALO NY
454 PM EDT MON APR 10 2017


...................................

...THE BUFFALO NY CLIMATE SUMMARY FOR APRIL 10 2017...
VALID TODAY AS OF 0400 PM LOCAL TIME.

CLIMATE NORMAL PERIOD 1981 TO 2010
CLIMATE RECORD PERIOD 1871 TO 2017


WEATHER ITEM   OBSERVED TIME   RECORD YEAR NORMAL DEPARTURE LAST
                VALUE   (LST)  VALUE       VALUE  FROM      YEAR
                                                  NORMAL
..................................................................
TEMPERATURE (F)
 TODAY
  MAXIMUM         75    137 PM  82    1945  53     22       37
  MINIMUM         58    117 AM  19    1909  35     23       22
  AVERAGE         67                        44     23       30

PRECIPITATION (IN)
  TODAY            0             1.66 1990   0.11  -0.11     0.24
  MONTH TO DATE    2.40                      1.06   1.34     0.97
  SINCE MAR 1      6.76                      3.93   2.83     3.82
  SINCE JAN 1     11.94                      9.60   2.34     9.10

SNOWFALL (IN)
  TODAY            0.0           4.0  1942   0.2   -0.2      2.8
  MONTH TO DATE    2.3                       1.6    0.7      7.1
  SINCE MAR 1     29.1                      14.5   14.6      8.0
  SINCE JUL 1     76.1                      93.3  -17.2     55.1
  SNOW DEPTH       0

DEGREE DAYS
 HEATING
  TODAY            0                        21    -21       35
  MONTH TO DATE  184                       232    -48      319
  SINCE MAR 1   1168                      1193    -25     1091
  SINCE JUL 1   5060                      5937   -877     5029

 COOLING
  TODAY            2                         0      2        0
  MONTH TO DATE    2                         0      2        0
  SINCE MAR 1      2                         0      2        0
  SINCE JAN 1      2                         0      2        0
..................................................................


WIND (MPH)
  HIGHEST WIND SPEED    30   HIGHEST WIND DIRECTION     W (250)
  HIGHEST GUST SPEED    39   HIGHEST GUST DIRECTION    SW (240)
  AVERAGE WIND SPEED    17.2


SKY COVER
  AVERAGE SKY COVER 0.7


WEATHER CONDITIONS
 THE FOLLOWING WEATHER WAS RECORDED TODAY.
  LIGHT RAIN


RELATIVE HUMIDITY (PERCENT)
 HIGHEST    38           300 PM
 LOWEST     30           400 AM
 AVERAGE    34

..........................................................


THE BUFFALO NY CLIMATE NORMALS FOR TOMORROW
                         NORMAL    RECORD    YEAR
 MAXIMUM TEMPERATURE (F)   53        86      1945
 MINIMUM TEMPERATURE (F)   35        16      1909


SUNRISE AND SUNSET
APRIL 10 2017.........SUNRISE   641 AM EDT   SUNSET   752 PM EDT
APRIL 11 2017.........SUNRISE   639 AM EDT   SUNSET   753 PM EDT


-  INDICATES NEGATIVE NUMBERS.
R  INDICATES RECORD WAS SET OR TIED.
MM INDICATES DATA IS MISSING.
T  INDICATES TRACE AMOUNT.




$$
