000
CDUS41 KBUF 131030
CLIBUF


CLIMATE REPORT
NATIONAL WEATHER SERVICE BUFFALO NY
529 AM EST MON FEB 13 2017


...................................

...THE BUFFALO NY CLIMATE SUMMARY FOR FEBRUARY 12 2017...

CLIMATE NORMAL PERIOD 1981 TO 2010
CLIMATE RECORD PERIOD 1871 TO 2017


WEATHER ITEM   OBSERVED TIME   RECORD YEAR NORMAL DEPARTURE LAST
                VALUE   (LST)  VALUE       VALUE  FROM      YEAR
                                                  NORMAL
..................................................................
TEMPERATURE (F)
 YESTERDAY
  MAXIMUM         35    923 PM  63    1999  33      2       23
  MINIMUM         30   1159 PM -10    1979  19     11       12
  AVERAGE         33                        26      7       18

PRECIPITATION (IN)
  YESTERDAY        0.49          1.41 1910   0.08   0.41     0.19
  MONTH TO DATE    1.28                      1.05   0.23     1.13
  SINCE DEC 1      8.26                      8.12   0.14     5.84
  SINCE JAN 1      4.20                      4.23  -0.03     2.94

SNOWFALL (IN)
  YESTERDAY        0.7          14.1  1910   0.6    0.1      4.9
  MONTH TO DATE    3.3                       7.9   -4.6      8.1
  SINCE DEC 1     44.4                      60.6  -16.2     34.7
  SINCE JUL 1     45.3                      69.4  -24.1     34.7
  SNOW DEPTH       0

DEGREE DAYS
 HEATING
  YESTERDAY       32                        39     -7       47
  MONTH TO DATE  432                       479    -47      383
  SINCE DEC 1   2517                      2805   -288     2259
  SINCE JUL 1   3487                      4138   -651     3303

 COOLING
  YESTERDAY        0                         0      0        0
  MONTH TO DATE    0                         0      0        0
  SINCE DEC 1      0                         0      0        0
  SINCE JAN 1      0                         0      0        0
..................................................................


WIND (MPH)
  HIGHEST WIND SPEED    31   HIGHEST WIND DIRECTION     W (290)
  HIGHEST GUST SPEED    42   HIGHEST GUST DIRECTION     W (290)
  AVERAGE WIND SPEED    11.7


SKY COVER
  AVERAGE SKY COVER 1.0


WEATHER CONDITIONS
 THE FOLLOWING WEATHER WAS RECORDED YESTERDAY.
  LIGHT RAIN
  LT FREEZING RAIN
  SNOW
  LIGHT SNOW
  SLEET
  FOG
  HAZE


RELATIVE HUMIDITY (PERCENT)
 HIGHEST    96           100 PM
 LOWEST     72          1100 PM
 AVERAGE    84

..........................................................


THE BUFFALO NY CLIMATE NORMALS FOR TODAY
                         NORMAL    RECORD    YEAR
 MAXIMUM TEMPERATURE (F)   33        61      1984
 MINIMUM TEMPERATURE (F)   19        -9      1914


SUNRISE AND SUNSET
FEBRUARY 13 2017......SUNRISE   715 AM EST   SUNSET   544 PM EST
FEBRUARY 14 2017......SUNRISE   713 AM EST   SUNSET   545 PM EST


-  INDICATES NEGATIVE NUMBERS.
R  INDICATES RECORD WAS SET OR TIED.
MM INDICATES DATA IS MISSING.
T  INDICATES TRACE AMOUNT.




$$
