000
CDUS41 KBUF 111019
CLIBUF


CLIMATE REPORT
NATIONAL WEATHER SERVICE BUFFALO NY
618 AM EDT TUE JUL 11 2017


...................................

...THE BUFFALO NY CLIMATE SUMMARY FOR JULY 10 2017...

CLIMATE NORMAL PERIOD 1981 TO 2010
CLIMATE RECORD PERIOD 1871 TO 2017


WEATHER ITEM   OBSERVED TIME   RECORD YEAR NORMAL DEPARTURE LAST
                VALUE   (LST)  VALUE       VALUE  FROM      YEAR
                                                  NORMAL
..................................................................
TEMPERATURE (F)
 YESTERDAY
  MAXIMUM         78   1217 PM  95    1988  80     -2       81
                                      1897
  MINIMUM         61    404 AM  50    1962  62     -1       63
  AVERAGE         70                        71     -1       72

PRECIPITATION (IN)
  YESTERDAY        0.12          1.34 1917   0.09   0.03      T
  MONTH TO DATE    0.28                      0.99  -0.71     0.75
  SINCE JUN 1      2.49                      4.65  -2.16     2.06
  SINCE JAN 1     24.76                     19.66   5.10    13.30

SNOWFALL (IN)
  YESTERDAY        0.0           0.0    MM   0.0    0.0      0.0
  MONTH TO DATE    0.0                       0.0    0.0      0.0
  SINCE JUN 1      0.0                       0.0    0.0      0.0
  SINCE JUL 1      0.0                       0.0    0.0      0.0
  SNOW DEPTH       0

DEGREE DAYS
 HEATING
  YESTERDAY        0                         0      0        0
  MONTH TO DATE    0                         2     -2        0
  SINCE JUN 1     49                        66    -17       42
  SINCE JUL 1      0                         2     -2        0

 COOLING
  YESTERDAY        5                         6     -1        7
  MONTH TO DATE   59                        60     -1       75
  SINCE JUN 1    182                       163     19      203
  SINCE JAN 1    209                       189     20      262
..................................................................


WIND (MPH)
  HIGHEST WIND SPEED    21   HIGHEST WIND DIRECTION    SW (240)
  HIGHEST GUST SPEED    26   HIGHEST GUST DIRECTION    SW (240)
  AVERAGE WIND SPEED     9.6


SKY COVER
  AVERAGE SKY COVER 0.8


WEATHER CONDITIONS
 THE FOLLOWING WEATHER WAS RECORDED YESTERDAY.
  LIGHT RAIN
  FOG


RELATIVE HUMIDITY (PERCENT)
 HIGHEST    93           600 PM
 LOWEST     43          1000 AM
 AVERAGE    68

..........................................................


THE BUFFALO NY CLIMATE NORMALS FOR TODAY
                         NORMAL    RECORD    YEAR
 MAXIMUM TEMPERATURE (F)   80        94      1946
                                             1944
 MINIMUM TEMPERATURE (F)   62        43      1945


SUNRISE AND SUNSET
JULY 11 2017..........SUNRISE   547 AM EDT   SUNSET   854 PM EDT
JULY 12 2017..........SUNRISE   547 AM EDT   SUNSET   853 PM EDT


-  INDICATES NEGATIVE NUMBERS.
R  INDICATES RECORD WAS SET OR TIED.
MM INDICATES DATA IS MISSING.
T  INDICATES TRACE AMOUNT.




$$
