000
CDUS41 KBUF 201031
CLIBUF


CLIMATE REPORT
NATIONAL WEATHER SERVICE BUFFALO NY
630 AM EDT WED APR 20 2016


...................................

...THE BUFFALO NY CLIMATE SUMMARY FOR APRIL 19 2016...

CLIMATE NORMAL PERIOD 1981 TO 2010
CLIMATE RECORD PERIOD 1871 TO 2016


WEATHER ITEM   OBSERVED TIME   RECORD YEAR NORMAL DEPARTURE LAST
                VALUE   (LST)  VALUE       VALUE  FROM      YEAR
                                                  NORMAL
..................................................................
TEMPERATURE (F)
 YESTERDAY
  MAXIMUM         59    517 PM  87    2008  57      2       65
  MINIMUM         44   1135 PM  21    1904  38      6       40
                                      1897
                                      1875
  AVERAGE         52                        47      5       53

PRECIPITATION (IN)
  YESTERDAY        0.00          1.25 1877   0.09  -0.09     0.10
  MONTH TO DATE    1.36                      1.97  -0.61     2.23
  SINCE MAR 1      4.21                      4.84  -0.63     3.67
  SINCE JAN 1      9.49                     10.51  -1.02     8.66

SNOWFALL (IN)
  YESTERDAY        0.0           4.2  1901   0.1   -0.1      0.0
  MONTH TO DATE    7.1                       2.4    4.7      0.3
  SINCE MAR 1      8.0                      15.3   -7.3      9.9
  SINCE JUL 1     55.1                      94.1  -39.0    112.9
  SNOW DEPTH       0

DEGREE DAYS
 HEATING
  YESTERDAY       13                        18     -5       12
  MONTH TO DATE  466                       405     61      343
  SINCE MAR 1   1238                      1366   -128     1445
  SINCE JUL 1   5176                      6110   -934     6593

 COOLING
  YESTERDAY        0                         0      0        0
  MONTH TO DATE    0                         0      0        0
  SINCE MAR 1      0                         0      0        0
  SINCE JAN 1      0                         0      0        0
..................................................................


WIND (MPH)
  HIGHEST WIND SPEED    17   HIGHEST WIND DIRECTION     N (340)
  HIGHEST GUST SPEED    21   HIGHEST GUST DIRECTION     N (20)
  AVERAGE WIND SPEED     9.0


SKY COVER
  AVERAGE SKY COVER 0.7


WEATHER CONDITIONS
 THE FOLLOWING WEATHER WAS RECORDED YESTERDAY.
  NO SIGNIFICANT WEATHER WAS OBSERVED.


RELATIVE HUMIDITY (PERCENT)
 HIGHEST    83           600 AM
 LOWEST     28           300 PM
 AVERAGE    56

..........................................................


THE BUFFALO NY CLIMATE NORMALS FOR TODAY
                         NORMAL    RECORD    YEAR
 MAXIMUM TEMPERATURE (F)   57        84      1987
 MINIMUM TEMPERATURE (F)   39        20      1926
                                             1904


SUNRISE AND SUNSET
APRIL 20 2016.........SUNRISE   624 AM EDT   SUNSET   804 PM EDT
APRIL 21 2016.........SUNRISE   623 AM EDT   SUNSET   805 PM EDT


-  INDICATES NEGATIVE NUMBERS.
R  INDICATES RECORD WAS SET OR TIED.
MM INDICATES DATA IS MISSING.
T  INDICATES TRACE AMOUNT.

$$
