000
CDUS41 KBUF 130705
CLIBUF


CLIMATE REPORT
NATIONAL WEATHER SERVICE BUFFALO NY
205 AM EST WED DEC 13 2017


...................................

...THE BUFFALO NY CLIMATE SUMMARY FOR DECEMBER 12 2017...

CLIMATE NORMAL PERIOD 1981 TO 2010
CLIMATE RECORD PERIOD 1871 TO 2017


WEATHER ITEM   OBSERVED TIME   RECORD YEAR NORMAL DEPARTURE LAST
                VALUE   (LST)  VALUE       VALUE  FROM      YEAR
                                                  NORMAL
..................................................................
TEMPERATURE (F)
 YESTERDAY
  MAXIMUM         31    823 AM  63    1899  37     -6       39
  MINIMUM         12   1159 PM  -9    1988  25    -13       29
  AVERAGE         22                        31     -9       34

PRECIPITATION (IN)
  YESTERDAY        0.27          1.18 1873   0.13   0.14     0.15
  MONTH TO DATE    1.20                      1.51  -0.31     1.31
  SINCE DEC 1      1.20                      1.51  -0.31     1.31
  SINCE JAN 1     46.75                     38.10   8.65    31.12

SNOWFALL (IN)
  YESTERDAY       MM             9.4  1944   0.9   MM        1.4
  MONTH TO DATE    7.8                       8.5   -0.7      5.6
  SINCE DEC 1      7.8                       8.5   -0.7      5.6
  SINCE JUL 1      8.0                      17.3   -9.3      6.5
  SNOW DEPTH       5

DEGREE DAYS
 HEATING
  YESTERDAY       43                        34      9       31
  MONTH TO DATE  378                       385     -7      362
  SINCE DEC 1    378                       385     -7      362
  SINCE JUL 1   1493                      1718   -225     1332

 COOLING
  YESTERDAY        0                         0      0        0
  MONTH TO DATE    0                         0      0        0
  SINCE DEC 1      0                         0      0        0
  SINCE JAN 1    603                       544     59      939
..................................................................


WIND (MPH)
  HIGHEST WIND SPEED    25   HIGHEST WIND DIRECTION     W (270)
  HIGHEST GUST SPEED    34   HIGHEST GUST DIRECTION     W (260)
  AVERAGE WIND SPEED    12.9


SKY COVER
  AVERAGE SKY COVER 0.8


WEATHER CONDITIONS
 THE FOLLOWING WEATHER WAS RECORDED YESTERDAY.
  LIGHT SNOW
  FOG
  BLOWING SNOW


RELATIVE HUMIDITY (PERCENT)
 HIGHEST   100           200 AM
 LOWEST     65           300 PM
 AVERAGE    83

..........................................................


THE BUFFALO NY CLIMATE NORMALS FOR TODAY
                         NORMAL    RECORD    YEAR
 MAXIMUM TEMPERATURE (F)   37        62      1901
 MINIMUM TEMPERATURE (F)   25        -1      1960


SUNRISE AND SUNSET
DECEMBER 13 2017......SUNRISE   738 AM EST   SUNSET   441 PM EST
DECEMBER 14 2017......SUNRISE   738 AM EST   SUNSET   441 PM EST


-  INDICATES NEGATIVE NUMBERS.
R  INDICATES RECORD WAS SET OR TIED.
MM INDICATES DATA IS MISSING.
T  INDICATES TRACE AMOUNT.




$$
