000
CDUS41 KBUF 281015
CLIBUF


CLIMATE REPORT
NATIONAL WEATHER SERVICE BUFFALO NY
615 AM EDT SAT MAR 28 2015


...................................

...THE BUFFALO NY CLIMATE SUMMARY FOR MARCH 27 2015...

CLIMATE NORMAL PERIOD 1981 TO 2010
CLIMATE RECORD PERIOD 1871 TO 2015


WEATHER ITEM   OBSERVED TIME   RECORD YEAR NORMAL DEPARTURE LAST
                VALUE   (LST)  VALUE       VALUE  FROM      YEAR
                                                  NORMAL
..................................................................
TEMPERATURE (F)
 YESTERDAY
  MAXIMUM         33   1221 AM  75    1989  46    -13       46
  MINIMUM         20   1159 PM  11    1966  30    -10       15
  AVERAGE         27                        38    -11       31

PRECIPITATION (IN)
  YESTERDAY        0.03          1.09 1914   0.09  -0.06     0.02
  MONTH TO DATE    1.23                      2.48  -1.25     1.59
  SINCE MAR 1      1.23                      2.48  -1.25     1.59
  SINCE JAN 1      6.22                      8.15  -1.93     8.37

SNOWFALL (IN)
  YESTERDAY        0.4           6.8  1959   0.3    0.1      0.0
  MONTH TO DATE    8.2                      11.9   -3.7     18.9
  SINCE MAR 1      8.2                      11.9   -3.7     18.9
  SINCE JUL 1    111.2                      90.7   20.5    123.1
  SNOW DEPTH       T

DEGREE DAYS
 HEATING
  YESTERDAY       38                        27     11       34
  MONTH TO DATE  964                       857    107     1071
  SINCE MAR 1    964                       857    107     1071
  SINCE JUL 1   6112                      5601    511     6177

 COOLING
  YESTERDAY        0                         0      0        0
  MONTH TO DATE    0                         0      0        0
  SINCE MAR 1      0                         0      0        0
  SINCE JAN 1      0                         0      0        0
..................................................................


WIND (MPH)
  HIGHEST WIND SPEED    14   HIGHEST WIND DIRECTION     N (340)
  HIGHEST GUST SPEED    19   HIGHEST GUST DIRECTION    NW (300)
  AVERAGE WIND SPEED     9.1


SKY COVER
  AVERAGE SKY COVER 1.0


WEATHER CONDITIONS
 THE FOLLOWING WEATHER WAS RECORDED YESTERDAY.
  LIGHT SNOW
  FOG


RELATIVE HUMIDITY (PERCENT)
 HIGHEST   100           200 AM
 LOWEST     68           400 PM
 AVERAGE    84

..........................................................


THE BUFFALO NY CLIMATE NORMALS FOR TODAY
                         NORMAL    RECORD    YEAR
 MAXIMUM TEMPERATURE (F)   47        77      1998
                                             1945
 MINIMUM TEMPERATURE (F)   30         5      1923


SUNRISE AND SUNSET
MARCH 28 2015.........SUNRISE   705 AM EDT   SUNSET   736 PM EDT
MARCH 29 2015.........SUNRISE   703 AM EDT   SUNSET   737 PM EDT


-  INDICATES NEGATIVE NUMBERS.
R  INDICATES RECORD WAS SET OR TIED.
MM INDICATES DATA IS MISSING.
T  INDICATES TRACE AMOUNT.

$$
