000
CDUS41 KBUF 010705
CLIBUF


CLIMATE REPORT
NATIONAL WEATHER SERVICE BUFFALO NY
305 AM EDT TUE SEP 1 2015


...................................

...THE BUFFALO NY CLIMATE SUMMARY FOR AUGUST 31 2015...

CLIMATE NORMAL PERIOD 1981 TO 2010
CLIMATE RECORD PERIOD 1871 TO 2015


WEATHER ITEM   OBSERVED TIME   RECORD YEAR NORMAL DEPARTURE LAST
                VALUE   (LST)  VALUE       VALUE  FROM      YEAR
                                                  NORMAL
..................................................................
TEMPERATURE (F)
 YESTERDAY
  MAXIMUM         79    338 PM  93    1962  76      3       75
  MINIMUM         65    339 AM  43    1976  58      7       69
  AVERAGE         72                        67      5       72

PRECIPITATION (IN)
  YESTERDAY        0.00          1.98 2005   0.10  -0.10     0.24
  MONTH TO DATE    4.39                      3.26   1.13     3.16
  SINCE JUN 1     11.84                     10.15   1.69    12.41
  SINCE JAN 1     24.47                     25.16  -0.69    29.94

SNOWFALL (IN)
  YESTERDAY        0.0           0.0    MM   0.0    0.0      0.0
  MONTH TO DATE    0.0                       0.0    0.0      0.0
  SINCE JUN 1      0.0                       0.0    0.0      0.0
  SINCE JUL 1      0.0                       0.0    0.0      0.0
  SNOW DEPTH       0

DEGREE DAYS
 HEATING
  YESTERDAY        0                         1     -1        0
  MONTH TO DATE    8                        16     -8       12
  SINCE JUN 1     65                        91    -26       50
  SINCE JUL 1     15                        27    -12       22

 COOLING
  YESTERDAY        7                         4      3        7
  MONTH TO DATE  160                       161     -1      145
  SINCE JUN 1    434                       461    -27      423
  SINCE JAN 1    525                       487     38      446
..................................................................


WIND (MPH)
  HIGHEST WIND SPEED    20   HIGHEST WIND DIRECTION    SW (230)
  HIGHEST GUST SPEED    26   HIGHEST GUST DIRECTION    SW (240)
  AVERAGE WIND SPEED    10.3


SKY COVER
  AVERAGE SKY COVER 0.4


WEATHER CONDITIONS
 THE FOLLOWING WEATHER WAS RECORDED YESTERDAY.
  FOG
  HAZE


RELATIVE HUMIDITY (PERCENT)
 HIGHEST    93           600 AM
 LOWEST     69           500 PM
 AVERAGE    81

..........................................................


THE BUFFALO NY CLIMATE NORMALS FOR TODAY
                         NORMAL    RECORD    YEAR
 MAXIMUM TEMPERATURE (F)   76        95      1900
 MINIMUM TEMPERATURE (F)   58        44      1967


SUNRISE AND SUNSET
SEPTEMBER  1 2015.....SUNRISE   639 AM EDT   SUNSET   750 PM EDT
SEPTEMBER  2 2015.....SUNRISE   640 AM EDT   SUNSET   748 PM EDT


-  INDICATES NEGATIVE NUMBERS.
R  INDICATES RECORD WAS SET OR TIED.
MM INDICATES DATA IS MISSING.
T  INDICATES TRACE AMOUNT.




$$
