000
CDUS41 KBUF 261009
CLIBUF


CLIMATE REPORT
NATIONAL WEATHER SERVICE BUFFALO NY
507 AM EST WED NOV 26 2014


...................................

...THE BUFFALO NY CLIMATE SUMMARY FOR NOVEMBER 25 2014...

CLIMATE NORMAL PERIOD 1981 TO 2010
CLIMATE RECORD PERIOD 1871 TO 2014


WEATHER ITEM   OBSERVED TIME   RECORD YEAR NORMAL DEPARTURE LAST
                VALUE   (LST)  VALUE       VALUE  FROM      YEAR
                                                  NORMAL
..................................................................
TEMPERATURE (F)
 YESTERDAY
  MAXIMUM         44   1200 AM  67    1908  44      0       35
  MINIMUM         34   1159 PM  12    1884  31      3       18
  AVERAGE         39                        37      2       27

PRECIPITATION (IN)
  YESTERDAY        T             1.07 1987   0.13  -0.13     0.01
  MONTH TO DATE    2.31                      3.35  -1.04     2.30
  SINCE SEP 1     10.04                     10.77  -0.73    12.83
  SINCE JAN 1     39.98                     35.93   4.05    40.46

SNOWFALL (IN)
  YESTERDAY        T            10.2  2005   0.4   -0.4      0.1
  MONTH TO DATE   17.2                       5.7   11.5      1.3
  SINCE SEP 1     17.2                       6.6   10.6      1.3
  SINCE JUL 1     17.2                       6.6   10.6      1.3
  SNOW DEPTH       0

DEGREE DAYS
 HEATING
  YESTERDAY       26                        28     -2       38
  MONTH TO DATE  662                       585     77      620
  SINCE SEP 1   1129                      1163    -34     1109
  SINCE JUL 1   1151                      1190    -39     1125

 COOLING
  YESTERDAY        0                         0      0        0
  MONTH TO DATE    0                         0      0        0
  SINCE SEP 1     70                        57     13       59
  SINCE JAN 1    516                       544    -28      611
..................................................................


WIND (MPH)
  HIGHEST WIND SPEED    37   HIGHEST WIND DIRECTION    SW (240)
  HIGHEST GUST SPEED    48   HIGHEST GUST DIRECTION     W (250)
  AVERAGE WIND SPEED    21.4


SKY COVER
  AVERAGE SKY COVER 1.0


WEATHER CONDITIONS
 THE FOLLOWING WEATHER WAS RECORDED YESTERDAY.
  LIGHT RAIN
  HAIL
  SNOW
  LIGHT SNOW


RELATIVE HUMIDITY (PERCENT)
 HIGHEST    76          1200 AM
 LOWEST     59          1200 PM
 AVERAGE    68

..........................................................


THE BUFFALO NY CLIMATE NORMALS FOR TODAY
                         NORMAL    RECORD    YEAR
 MAXIMUM TEMPERATURE (F)   43        68      1896
 MINIMUM TEMPERATURE (F)   31         6      1880


SUNRISE AND SUNSET
NOVEMBER 26 2014......SUNRISE   721 AM EST   SUNSET   444 PM EST
NOVEMBER 27 2014......SUNRISE   722 AM EST   SUNSET   443 PM EST


-  INDICATES NEGATIVE NUMBERS.
R  INDICATES RECORD WAS SET OR TIED.
MM INDICATES DATA IS MISSING.
T  INDICATES TRACE AMOUNT.




$$
