000
CDUS41 KBUF 040705
CLIBUF


CLIMATE REPORT
NATIONAL WEATHER SERVICE BUFFALO NY
305 AM EDT TUE AUG 4 2015


...................................

...THE BUFFALO NY CLIMATE SUMMARY FOR AUGUST 3 2015...

CLIMATE NORMAL PERIOD 1981 TO 2010
CLIMATE RECORD PERIOD 1871 TO 2015


WEATHER ITEM   OBSERVED TIME   RECORD YEAR NORMAL DEPARTURE LAST
                VALUE   (LST)  VALUE       VALUE  FROM      YEAR
                                                  NORMAL
..................................................................
TEMPERATURE (F)
 YESTERDAY
  MAXIMUM         79    118 PM  95    2012  80     -1       73
  MINIMUM         67   1159 PM  49    1976  62      5       65
                                      1956
  AVERAGE         73                        71      2       69

PRECIPITATION (IN)
  YESTERDAY        T             2.41 1980   0.11  -0.11     0.04
  MONTH TO DATE    T                         0.34  -0.34     1.46
  SINCE JUN 1      7.45                      7.23   0.22    10.71
  SINCE JAN 1     20.08                     22.24  -2.16    28.24

SNOWFALL (IN)
  YESTERDAY        0.0           0.0    MM   0.0    0.0      0.0
  MONTH TO DATE    0.0                       0.0    0.0      0.0
  SINCE JUN 1      0.0                       0.0    0.0      0.0
  SINCE JUL 1      0.0                       0.0    0.0      0.0
  SNOW DEPTH       0

DEGREE DAYS
 HEATING
  YESTERDAY        0                         0      0        0
  MONTH TO DATE    0                         0      0        0
  SINCE JUN 1     57                        73    -16       38
  SINCE JUL 1      7                         9     -2       10

 COOLING
  YESTERDAY        8                         6      2        4
  MONTH TO DATE   23                        18      5       19
  SINCE JUN 1    297                       318    -21      297
  SINCE JAN 1    388                       344     44      320
..................................................................


WIND (MPH)
  HIGHEST WIND SPEED    22   HIGHEST WIND DIRECTION     W (270)
  HIGHEST GUST SPEED    30   HIGHEST GUST DIRECTION     W (250)
  AVERAGE WIND SPEED    13.8


SKY COVER
  AVERAGE SKY COVER 0.6


WEATHER CONDITIONS
 THE FOLLOWING WEATHER WAS RECORDED YESTERDAY.
  NO SIGNIFICANT WEATHER WAS OBSERVED.


RELATIVE HUMIDITY (PERCENT)
 HIGHEST    81           400 AM
 LOWEST     54           200 PM
 AVERAGE    68

..........................................................


THE BUFFALO NY CLIMATE NORMALS FOR TODAY
                         NORMAL    RECORD    YEAR
 MAXIMUM TEMPERATURE (F)   80        96      2012
 MINIMUM TEMPERATURE (F)   62        48      1874


SUNRISE AND SUNSET
AUGUST  4 2015........SUNRISE   609 AM EDT   SUNSET   833 PM EDT
AUGUST  5 2015........SUNRISE   610 AM EDT   SUNSET   831 PM EDT


-  INDICATES NEGATIVE NUMBERS.
R  INDICATES RECORD WAS SET OR TIED.
MM INDICATES DATA IS MISSING.
T  INDICATES TRACE AMOUNT.




$$
