000
CDUS41 KBUF 280705
CLIBUF


CLIMATE REPORT
NATIONAL WEATHER SERVICE BUFFALO NY
305 AM EDT FRI APR 28 2017


...................................

...THE BUFFALO NY CLIMATE SUMMARY FOR APRIL 27 2017...

CLIMATE NORMAL PERIOD 1981 TO 2010
CLIMATE RECORD PERIOD 1871 TO 2017


WEATHER ITEM   OBSERVED TIME   RECORD YEAR NORMAL DEPARTURE LAST
                VALUE   (LST)  VALUE       VALUE  FROM      YEAR
                                                  NORMAL
..................................................................
TEMPERATURE (F)
 YESTERDAY
  MAXIMUM         85R   413 PM  84    1984  60     25       55
  MINIMUM         52   1159 PM  25    1993  41     11       30
  AVERAGE         69                        50     19       43

PRECIPITATION (IN)
  YESTERDAY        0.09          1.06 1913   0.09   0.00     0.00
  MONTH TO DATE    5.31                      2.71   2.60     1.90
  SINCE MAR 1      9.67                      5.58   4.09     4.75
  SINCE JAN 1     14.85                     11.25   3.60    10.03

SNOWFALL (IN)
  YESTERDAY        0.0           0.2  1931   0.0    0.0      0.0
  MONTH TO DATE    2.3                       2.6   -0.3      7.1
  SINCE MAR 1     29.1                      15.5   13.6      8.0
  SINCE JUL 1     76.1                      94.3  -18.2     55.1
  SNOW DEPTH       0

DEGREE DAYS
 HEATING
  YESTERDAY        0                        15    -15       22
  MONTH TO DATE  397                       533   -136      593
  SINCE MAR 1   1381                      1494   -113     1365
  SINCE JUL 1   5273                      6238   -965     5303

 COOLING
  YESTERDAY        4                         0      4        0
  MONTH TO DATE    6                         0      6        0
  SINCE MAR 1      6                         0      6        0
  SINCE JAN 1      6                         0      6        0
..................................................................


WIND (MPH)
  HIGHEST WIND SPEED    30   HIGHEST WIND DIRECTION     W (260)
  HIGHEST GUST SPEED    39   HIGHEST GUST DIRECTION    SW (240)
  AVERAGE WIND SPEED    12.6


SKY COVER
  AVERAGE SKY COVER 0.6


WEATHER CONDITIONS
 THE FOLLOWING WEATHER WAS RECORDED YESTERDAY.
  THUNDERSTORM
  LIGHT RAIN
  FOG


RELATIVE HUMIDITY (PERCENT)
 HIGHEST    93           900 PM
 LOWEST     34           200 PM
 AVERAGE    64

..........................................................


THE BUFFALO NY CLIMATE NORMALS FOR TODAY
                         NORMAL    RECORD    YEAR
 MAXIMUM TEMPERATURE (F)   60        94      1990
 MINIMUM TEMPERATURE (F)   41        24      1947


SUNRISE AND SUNSET
APRIL 28 2017.........SUNRISE   613 AM EDT   SUNSET   813 PM EDT
APRIL 29 2017.........SUNRISE   611 AM EDT   SUNSET   814 PM EDT


-  INDICATES NEGATIVE NUMBERS.
R  INDICATES RECORD WAS SET OR TIED.
MM INDICATES DATA IS MISSING.
T  INDICATES TRACE AMOUNT.




$$
