000
CDUS41 KBUF 280706
CLIBUF


CLIMATE REPORT
NATIONAL WEATHER SERVICE BUFFALO NY
305 AM EDT THU APR 28 2016


...................................

...THE BUFFALO NY CLIMATE SUMMARY FOR APRIL 27 2016...

CLIMATE NORMAL PERIOD 1981 TO 2010
CLIMATE RECORD PERIOD 1871 TO 2016


WEATHER ITEM   OBSERVED TIME   RECORD YEAR NORMAL DEPARTURE LAST
                VALUE   (LST)  VALUE       VALUE  FROM      YEAR
                                                  NORMAL
..................................................................
TEMPERATURE (F)
 YESTERDAY
  MAXIMUM         55    346 PM  84    1984  60     -5       48
  MINIMUM         30    553 AM  25    1993  41    -11       39
  AVERAGE         43                        50     -7       44

PRECIPITATION (IN)
  YESTERDAY        0.00          1.06 1913   0.09  -0.09     0.03
  MONTH TO DATE    1.90                      2.71  -0.81     2.70
  SINCE MAR 1      4.75                      5.58  -0.83     4.14
  SINCE JAN 1     10.03                     11.25  -1.22     9.13

SNOWFALL (IN)
  YESTERDAY        0.0           0.2  1931   0.0    0.0      0.0
  MONTH TO DATE    7.1                       2.6    4.5      0.3
  SINCE MAR 1      8.0                      15.5   -7.5      9.9
  SINCE JUL 1     55.1                      94.3  -39.2    112.9
  SNOW DEPTH       0

DEGREE DAYS
 HEATING
  YESTERDAY       22                        15      7       21
  MONTH TO DATE  593                       533     60      524
  SINCE MAR 1   1365                      1494   -129     1626
  SINCE JUL 1   5303                      6238   -935     6774

 COOLING
  YESTERDAY        0                         0      0        0
  MONTH TO DATE    0                         0      0        0
  SINCE MAR 1      0                         0      0        0
  SINCE JAN 1      0                         0      0        0
..................................................................


WIND (MPH)
  HIGHEST WIND SPEED    15   HIGHEST WIND DIRECTION     N (20)
  HIGHEST GUST SPEED    22   HIGHEST GUST DIRECTION    NE (50)
  AVERAGE WIND SPEED     5.2


SKY COVER
  AVERAGE SKY COVER 0.3


WEATHER CONDITIONS
 THE FOLLOWING WEATHER WAS RECORDED YESTERDAY.
  FOG


RELATIVE HUMIDITY (PERCENT)
 HIGHEST    92           200 AM
 LOWEST     28           400 PM
 AVERAGE    60

..........................................................


THE BUFFALO NY CLIMATE NORMALS FOR TODAY
                         NORMAL    RECORD    YEAR
 MAXIMUM TEMPERATURE (F)   60        94      1990
 MINIMUM TEMPERATURE (F)   41        24      1947


SUNRISE AND SUNSET
APRIL 28 2016.........SUNRISE   612 AM EDT   SUNSET   813 PM EDT
APRIL 29 2016.........SUNRISE   611 AM EDT   SUNSET   814 PM EDT


-  INDICATES NEGATIVE NUMBERS.
R  INDICATES RECORD WAS SET OR TIED.
MM INDICATES DATA IS MISSING.
T  INDICATES TRACE AMOUNT.




$$
