000
CDUS41 KBUF 090705
CLIBUF


CLIMATE REPORT
NATIONAL WEATHER SERVICE BUFFALO NY
205 AM EST SAT DEC 9 2017


...................................

...THE BUFFALO NY CLIMATE SUMMARY FOR DECEMBER 8 2017...

CLIMATE NORMAL PERIOD 1981 TO 2010
CLIMATE RECORD PERIOD 1871 TO 2017


WEATHER ITEM   OBSERVED TIME   RECORD YEAR NORMAL DEPARTURE LAST
                VALUE   (LST)  VALUE       VALUE  FROM      YEAR
                                                  NORMAL
..................................................................
TEMPERATURE (F)
 YESTERDAY
  MAXIMUM         31    448 PM  66    1966  38     -7       37
                                      1916
  MINIMUM         24    823 AM   2    1906  26     -2       28
  AVERAGE         28                        32     -4       33

PRECIPITATION (IN)
  YESTERDAY        0.10          1.07 1937   0.12  -0.02      T
  MONTH TO DATE    0.80                      0.99  -0.19     0.89
  SINCE DEC 1      0.80                      0.99  -0.19     0.89
  SINCE JAN 1     46.35                     37.58   8.77    30.70

SNOWFALL (IN)
  YESTERDAY       MM            11.8  1937   0.7   MM         T
  MONTH TO DATE    1.7                       5.2   -3.5      0.3
  SINCE DEC 1      1.7                       5.2   -3.5      0.3
  SINCE JUL 1      1.9                      14.0  -12.1      1.2
  SNOW DEPTH       0

DEGREE DAYS
 HEATING
  YESTERDAY       37                        33      4       32
  MONTH TO DATE  222                       251    -29      218
  SINCE DEC 1    222                       251    -29      218
  SINCE JUL 1   1337                      1584   -247     1188

 COOLING
  YESTERDAY        0                         0      0        0
  MONTH TO DATE    0                         0      0        0
  SINCE DEC 1      0                         0      0        0
  SINCE JAN 1    603                       544     59      939
..................................................................


WIND (MPH)
  HIGHEST WIND SPEED    30   HIGHEST WIND DIRECTION    SW (210)
  HIGHEST GUST SPEED    37   HIGHEST GUST DIRECTION     S (200)
  AVERAGE WIND SPEED    15.9


SKY COVER
  AVERAGE SKY COVER 0.8


WEATHER CONDITIONS
 THE FOLLOWING WEATHER WAS RECORDED YESTERDAY.
  HEAVY SNOW
  SNOW
  LIGHT SNOW
  FOG
  BLOWING SNOW


RELATIVE HUMIDITY (PERCENT)
 HIGHEST    81           800 AM
 LOWEST     47           300 PM
 AVERAGE    64

..........................................................


THE BUFFALO NY CLIMATE NORMALS FOR TODAY
                         NORMAL    RECORD    YEAR
 MAXIMUM TEMPERATURE (F)   38        62      1952
                                             1885
 MINIMUM TEMPERATURE (F)   26         5      1876


SUNRISE AND SUNSET
DECEMBER  9 2017......SUNRISE   734 AM EST   SUNSET   440 PM EST
DECEMBER 10 2017......SUNRISE   735 AM EST   SUNSET   440 PM EST


-  INDICATES NEGATIVE NUMBERS.
R  INDICATES RECORD WAS SET OR TIED.
MM INDICATES DATA IS MISSING.
T  INDICATES TRACE AMOUNT.




$$
