000
CDUS41 KBUF 250705
CLIBUF


CLIMATE REPORT
NATIONAL WEATHER SERVICE BUFFALO NY
305 AM EDT WED MAY 25 2016


...................................

...THE BUFFALO NY CLIMATE SUMMARY FOR MAY 24 2016...

CLIMATE NORMAL PERIOD 1981 TO 2010
CLIMATE RECORD PERIOD 1871 TO 2016


WEATHER ITEM   OBSERVED TIME   RECORD YEAR NORMAL DEPARTURE LAST
                VALUE   (LST)  VALUE       VALUE  FROM      YEAR
                                                  NORMAL
..................................................................
TEMPERATURE (F)
 YESTERDAY
  MAXIMUM         73    241 PM  88    1922  69      4       75
  MINIMUM         54    523 AM  31    1963  50      4       46
                                      1925
  AVERAGE         64                        60      4       61

PRECIPITATION (IN)
  YESTERDAY        0.00          1.09 1964   0.12  -0.12     0.00
  MONTH TO DATE    1.15                      2.62  -1.47     0.71
  SINCE MAR 1      5.90                      8.50  -2.60     4.85
  SINCE JAN 1     11.18                     14.17  -2.99     9.84

SNOWFALL (IN)
  YESTERDAY        0.0           T    1925   0.0    0.0      0.0
  MONTH TO DATE    T                         0.3   -0.3      0.0
  SINCE MAR 1      8.0                      15.9   -7.9      9.9
  SINCE JUL 1     55.1                      94.7  -39.6    112.9
  SNOW DEPTH       0

DEGREE DAYS
 HEATING
  YESTERDAY        1                         7     -6        4
  MONTH TO DATE  237                       234      3      147
  SINCE MAR 1   1657                      1771   -114     1819
  SINCE JUL 1   5595                      6515   -920     6967

 COOLING
  YESTERDAY        0                         1     -1        0
  MONTH TO DATE    2                        12    -10       54
  SINCE MAR 1      2                        15    -13       54
  SINCE JAN 1      2                        15    -13       54
..................................................................


WIND (MPH)
  HIGHEST WIND SPEED    22   HIGHEST WIND DIRECTION    SW (240)
  HIGHEST GUST SPEED    28   HIGHEST GUST DIRECTION     W (250)
  AVERAGE WIND SPEED    12.4


SKY COVER
  AVERAGE SKY COVER 0.1


WEATHER CONDITIONS
 THE FOLLOWING WEATHER WAS RECORDED YESTERDAY.
  NO SIGNIFICANT WEATHER WAS OBSERVED.


RELATIVE HUMIDITY (PERCENT)
 HIGHEST    77           300 AM
 LOWEST     38           300 PM
 AVERAGE    58

..........................................................


THE BUFFALO NY CLIMATE NORMALS FOR TODAY
                         NORMAL    RECORD    YEAR
 MAXIMUM TEMPERATURE (F)   69        86      2012
                                             1975
                                             1944
 MINIMUM TEMPERATURE (F)   50        35      1992
                                             1956


SUNRISE AND SUNSET
MAY 25 2016...........SUNRISE   543 AM EDT   SUNSET   842 PM EDT
MAY 26 2016...........SUNRISE   542 AM EDT   SUNSET   843 PM EDT


-  INDICATES NEGATIVE NUMBERS.
R  INDICATES RECORD WAS SET OR TIED.
MM INDICATES DATA IS MISSING.
T  INDICATES TRACE AMOUNT.




$$
