000
CXUS54 KTSA 010950
CF6BVO
PRELIMINARY LOCAL CLIMATOLOGICAL DATA (WS FORM: F-6)
STATION: BARTLESVILLE OKLAHOMA
MONTH: FEBRUARY
YEAR: 2024
LATITUDE: 36 45 N
LONGITUDE: 96 0 W
TEMPERATURE IN F: :PCPN: SNOW: WIND :SUNSHINE: SKY :PK WND
================================================================================
1 2 3 4 5 6A 6B 7 8 9 10 11 12 13 14 15 16 17 18
12Z AVG MX 2MIN
DY MAX MIN AVG DEP HDD CDD WTR SNW DPTH SPD SPD DIR MIN PSBL S-S WX SPD DR
================================================================================
1 73 34 54 18 11 0 0.00 0.0 M 7.4 17 160 M M 0 28 180
2 68 40 54 18 11 0 0.00 0.0 M 8.1 22 170 M M 2 30 160
3 60 49 55 18 10 0 1.19 0.0 M 8.4 26 80 M M 10 1 38 70
4 49 42 46 9 19 0 0.30 M M 11.4 21 10 M M 10 1 28 350
5 57 33 45 8 20 0 0.00 0.0 0 4.1 13 10 M M 0 18 18 360
6 61 26 44 7 21 0 0.00 0.0 0 2.0 10 120 M M 0 12 13 130
7 63 37 50 13 15 0 0.00 0.0 0 9.7 23 170 M M 1 31 170
8 72 40 56 18 9 0 0.00 0.0 M 11.7 28 220 M M 1 45 200
9 62 38 50 12 15 0 0.00 0.0 M 6.0 17 210 M M 0 22 200
10 52 39 46 8 19 0 0.00 0.0 M 10.4 20 20 M M 2 28 20
11 45 37 41 3 24 0 0.02 0.0 M 13.0 23 10 M M 9 29 10
12 56 31 44 5 21 0 0.51 M M 2.7 14 10 M M 4 1 19 10
13 62 29 46 7 19 0 0.00 0.0 M 4.5 18 220 M M 0 27 210
14 70 52 61 22 4 0 0.00 0.0 M 7.0 22 170 M M 0 30 160
15 53 35 44 5 21 0 0.00 0.0 M 6.0 20 20 M M 2 26 360
16 44 28 36 -4 29 0 0.00 0.0 M 13.4 30 10 M M 8 41 10
17 37 19 28 -12 37 0 0.00 0.0 M 6.4 17 10 M M 1 27 360
18 56 20 38 -2 27 0 0.00 0.0 M 5.0 14 200 M M 0 20 210
19 62 20 41 1 24 0 0.00 0.0 M 4.6 18 160 M M 0 26 160
20 72 40 56 15 9 0 0.00 0.0 M 3.2 17 160 M M 0 26 140
21 80 35 58 17 7 0 0.02 0.0 M 3.8 13 220 M M 0 13 19 220
22 72 45 59 18 6 0 0.16 0.0 M 7.0 24 20 M M 2 13 31 10
23 70 37 54 12 11 0 0.00 0.0 M 4.1 16 290 M M 1 33 240
24 70 31 51 9 14 0 0.00 0.0 M 4.6 15 190 M M 0 23 160
25 79 36 58 16 7 0 0.00 0.0 M 2.2 10 160 M M 0 14 160
26 83 32 58 15 7 0 0.00 0.0 M 5.1 17 210 M M 0 25 230
27 86 33 60 17 5 0 0.00 0.0 M 11.6 26 360 M M 2 40 20
28 45 22 34 -9 31 0 0.00 0.0 M 4.8 20 10 M M 1 32 340
29 55 19 37 -6 28 0 0.02 M M 6.1 20 190 M M 3 28 210
================================================================================
SM 1814 979 481 0 2.22 0.0 194.3 M 59
================================================================================
AV 62.6 33.8 6.7 FASTST M M 2 MAX(MPH)
MISC ----> 30 10 45 200
================================================================================
NOTES:
# LAST OF SEVERAL OCCURRENCES
COLUMN 17 PEAK WIND IN M.P.H.
PRELIMINARY LOCAL CLIMATOLOGICAL DATA (WS FORM: F-6) , PAGE 2
STATION: BARTLESVILLE OKLAHOMA
MONTH: FEBRUARY
YEAR: 2024
LATITUDE: 36 45 N
LONGITUDE: 96 0 W
[TEMPERATURE DATA] [PRECIPITATION DATA] SYMBOLS USED IN COLUMN 16
AVERAGE MONTHLY: 48.2 TOTAL FOR MONTH: 2.22 1 = FOG OR MIST
DPTR FM NORMAL: 8.8 DPTR FM NORMAL: 0.34 2 = FOG REDUCING VISIBILITY
HIGHEST: 86 ON 27 GRTST 24HR 1.44 ON 3- 4 TO 1/4 MILE OR LESS
LOWEST: 19 ON 29,17 3 = THUNDER
SNOW, ICE PELLETS, HAIL 4 = ICE PELLETS
TOTAL MONTH: 0.0 INCH 5 = HAIL
GRTST 24HR 0.0 6 = FREEZING RAIN OR DRIZZLE
GRTST DEPTH: 0 7 = DUSTSTORM OR SANDSTORM:
VSBY 1/2 MILE OR LESS
8 = SMOKE OR HAZE
[NO. OF DAYS WITH] [WEATHER - DAYS WITH] 9 = BLOWING SNOW
X = TORNADO
MAX 32 OR BELOW: 0 0.01 INCH OR MORE: 7
MAX 90 OR ABOVE: 0 0.10 INCH OR MORE: 4
MIN 32 OR BELOW: 11 0.50 INCH OR MORE: 2
MIN 0 OR BELOW: 0 1.00 INCH OR MORE: 1
[HDD (BASE 65) ]
TOTAL THIS MO. 481 CLEAR (SCALE 0-3) 24
DPTR FM NORMAL -236 PTCLDY (SCALE 4-7) 2
TOTAL FM JUL 1 2875 CLOUDY (SCALE 8-10) 3
DPTR FM NORMAL -481
[CDD (BASE 65) ]
TOTAL THIS MO. 0
DPTR FM NORMAL -1 [PRESSURE DATA]
TOTAL FM JAN 1 0 HIGHEST SLP 30.47 ON 28
DPTR FM NORMAL -1 LOWEST SLP 29.30 ON 27
[REMARKS]
#FINAL-02-24#