000
CXUS54 KLZK 011410
CF6BVX
PRELIMINARY LOCAL CLIMATOLOGICAL DATA (WS FORM: F-6)
STATION: BATESVILLE REGIONAL AIRPORT
MONTH: AUGUST
YEAR: 2022
LATITUDE: 35 43 N
LONGITUDE: 91 39 W
TEMPERATURE IN F: :PCPN: SNOW: WIND :SUNSHINE: SKY :PK WND
================================================================================
1 2 3 4 5 6A 6B 7 8 9 10 11 12 13 14 15 16 17 18
12Z AVG MX 2MIN
DY MAX MIN AVG DEP HDD CDD WTR SNW DPTH SPD SPD DIR MIN PSBL S-S WX SPD DR
================================================================================
1 91 74 83 2 0 18 0.00 M M 6.4 13 250 M M 1 M M
2 95 74 85 4 0 20 0.00 M M 5.6 12 200 M M 1 M M
3 93 77 85 4 0 20 0.00 M M 6.5 10 160 M M 1 16 150
4 85 71 78 -3 0 13 0.00 M M 5.8 16 50 M M 1 1 25 50
5 91 72 82 1 0 17 0.01 M M 4.3 13 170 M M 3 12 16 190
6 92 75 84 3 0 19 0.00 M M 5.8 10 160 M M 1 16 210
7 93 75 84 3 0 19 0.00 M M 5.6 10 200 M M 1 M M
8 93 71 82 1 0 17 0.74 M M 5.6 14 180 M M 2 13 31 210
9 90 69 80 -1 0 15 0.16 M M 2.0 7 290 M M 3 13 M M
10 87 72 80 0 0 15 0.95 M M 4.2 15 100 M M 6 12 M M
11 86 68 77 -3 0 12 0.00 M M 4.0 8 30 M M 2 M M
12 88 66 77 -3 0 12 0.00 M M 5.2 9 70 M M 0 M M
13 88 64 76 -4 0 11 T M M 2.2 6 110 M M 0 M M
14 93 65 79 -1 0 14 0.00 M M 3.4 10 280 M M 0 8 M M
15 92 69 81 1 0 16 0.00 M M 3.7 10 80 M M 0 M M
16 79 69 74 -6 0 9 0.00 M M 5.3 13 80 M M 4 M M
17 75 67 71 -9 0 6 1.04 M M 3.8 9 30 M M 9 13 M M
18 85 64 75 -5 0 10 T M M 3.8 8 90 M M 1 1 M M
19 86 60 73 -7 0 8 0.00 M M 2.6 6 180 M M 0 1 M M
20 91 64 78 -2 0 13 0.00 M M 3.0 7 200 M M 0 M M
21 85 72 79 0 0 14 T M M 3.3 8 10 M M 3 M M
22 85 70 78 -1 0 13 T M M 2.9 8 90 M M 6 8 M M
23 87 68 78 -1 0 13 T M M 4.7 15 90 M M 4 1 18 90
24 87 65 76 -3 0 11 T M M 3.9 13 70 M M 4 1 18 70
25 90 70 80 1 0 15 0.00 M M 2.3 9 70 M M 3 8 M M
26 92 68 80 2 0 15 0.00 M M 1.9 5 110 M M 1 1 M M
27 91 68 80 2 0 15 0.00 M M 3.2 9 100 M M 1 18 M M
28 91 73 82 4 0 17 0.00 M M 5.5 12 170 M M 1 17 180
29 93 71 82 4 0 17 0.37 M M 5.9 21 270 M M 2 1 29 270
30 90 70 80 3 0 15 0.01 M M 2.5 7 270 M M 4 12 M M
31 89 68 79 2 0 14 M M M 3.7 7 100 M M 0 M M
================================================================================
SM 2753 2149 0 443 3.28 M 128.6 M 65
================================================================================
AV 88.8 69.3 4.1 FASTST M M 2 MAX(MPH)
MISC ----> 21 270 31 210
================================================================================
NOTES:
# LAST OF SEVERAL OCCURRENCES
COLUMN 17 PEAK WIND IN M.P.H.
PRELIMINARY LOCAL CLIMATOLOGICAL DATA (WS FORM: F-6) , PAGE 2
STATION: BATESVILLE REGIONAL AIRPORT
MONTH: AUGUST
YEAR: 2022
LATITUDE: 35 43 N
LONGITUDE: 91 39 W
[TEMPERATURE DATA] [PRECIPITATION DATA] SYMBOLS USED IN COLUMN 16
AVERAGE MONTHLY: 79.1 TOTAL FOR MONTH: 3.28 1 = FOG OR MIST
DPTR FM NORMAL: -0.6 DPTR FM NORMAL: 0.24 2 = FOG REDUCING VISIBILITY
HIGHEST: 95 ON 2 GRTST 24HR 1.14 ON 4- 4 TO 1/4 MILE OR LESS
LOWEST: 60 ON 19 3 = THUNDER
SNOW, ICE PELLETS, HAIL 4 = ICE PELLETS
TOTAL MONTH: M 5 = HAIL
GRTST 24HR M ON M 6 = FREEZING RAIN OR DRIZZLE
GRTST DEPTH: M ON M 7 = DUSTSTORM OR SANDSTORM:
VSBY 1/2 MILE OR LESS
8 = SMOKE OR HAZE
[NO. OF DAYS WITH] [WEATHER - DAYS WITH] 9 = BLOWING SNOW
X = TORNADO
MAX 32 OR BELOW: 0 0.01 INCH OR MORE: 7
MAX 90 OR ABOVE: 17 0.10 INCH OR MORE: 5
MIN 32 OR BELOW: 0 0.50 INCH OR MORE: 3
MIN 0 OR BELOW: 0 1.00 INCH OR MORE: 1
[HDD (BASE 65) ]
TOTAL THIS MO. 0 CLEAR (SCALE 0-3) 24
DPTR FM NORMAL 0 PTCLDY (SCALE 4-7) 6
TOTAL FM JUL 1 0 CLOUDY (SCALE 8-10) 1
DPTR FM NORMAL 0
[CDD (BASE 65) ]
TOTAL THIS MO. 443
DPTR FM NORMAL -11 [PRESSURE DATA]
TOTAL FM JAN 1 1733 HIGHEST SLP 30.15 ON 13
DPTR FM NORMAL 261 LOWEST SLP 29.84 ON 28
[REMARKS]
#FINAL-08-22#