000
CXUS55 KRIW 011425
CF6BYG
PRELIMINARY LOCAL CLIMATOLOGICAL DATA (WS FORM: F-6)
STATION: BUFFALO WY
MONTH: MARCH
YEAR: 2021
LATITUDE: 44 22 N
LONGITUDE: 106 43 W
TEMPERATURE IN F: :PCPN: SNOW: WIND :SUNSHINE: SKY :PK WND
================================================================================
1 2 3 4 5 6A 6B 7 8 9 10 11 12 13 14 15 16 17 18
12Z AVG MX 2MIN
DY MAX MIN AVG DEP HDD CDD WTR SNW DPTH SPD SPD DIR MIN PSBL S-S WX SPD DR
================================================================================
1 46 21 34 4 31 0 0.00 M M 6.9 17 140 M M 0 22 170
2 49 32 41 10 24 0 0.00 M M 7.8 15 170 M M 0 19 160
3 52 31 42 11 23 0 0.00 M M 5.8 10 250 M M 0 12 90
4 49 31 40 9 25 0 0.00 M M 6.4 14 350 M M 0 17 360
5 58 32 45 13 20 0 0.00 M M 6.8 14 160 M M 0 17 140
6 66 33 50 18 15 0 0.00 M M 8.6 24 190 M M 0 33 200
7 57 30 44 12 21 0 0.00 M M 9.1 23 320 M M 0 36 330
8 66 31 49 17 16 0 0.00 M M 7.7 24 200 M M 0 29 200
9 48 27 38 6 27 0 0.04 M M 12.1 24 340 M M 5 1 37 330
10 36 25 31 -2 34 0 0.11 M M 4.7 9 250 M M 8 1 12 260
11 39 23 31 -2 34 0 0.00 M M 7.5 18 180 M M 0 23 170
12 45 22 34 1 31 0 0.00 M M 9.8 17 160 M M 0 23 160
13 44 24 34 0 31 0 0.10 M M 6.4 16 300 M M 6 16 23 290
14 37 28 33 -1 32 0 0.31 M M 6.8 15 150 M M 10 18 21 220
15 36 25 31 -3 34 0 0.06 M M 11.1 26 10 M M 9 1 33 10
16 32 25 29 -5 36 0 T M M 18.1 30 340 M M 9 18 40 340
17 44 19 32 -3 33 0 0.00 M M 2.9 10 260 M M 0 13 250
18 51 26 39 4 26 0 0.00 M M 5.7 16 160 M M 0 20 160
19 65 37 51 16 14 0 0.00 M M 7.6 13 250 M M 0 M M
20 55 31 43 8 22 0 0.13 M M 13.2 24 340 M M 7 12 37 340
21 36 25 31 -5 34 0 T M M 11.2 22 320 M M 5 1 35 320
22 48 22 35 -1 30 0 T M M 7.0 20 330 M M 3 28 340
23 41 26 34 -2 31 0 0.01 M M 15.7 33 340 M M 9 12 45 340
24 48 19 34 -2 31 0 0.00 M M 4.5 14 200 M M 1 16 200
25 49 27 38 1 27 0 0.15 M M 8.3 18 340 M M 5 1 24 350
26 35 30 33 -4 32 0 0.10 M M 7.2 22 350 M M 9 12 30 350
27 43 25 34 -3 31 0 0.09 M M 4.4 21 330 M M 7 12 29 340
28 67 31 49 11 16 0 0.00 M M 11.0 37 180 M M 1 49 180
29 56 21 39 1 26 0 T M M 25.4 41 230 M M 4 1 64 240
30 29 17 23 -15 42 0 T M M 10.9 25 350 M M 7 1 38 350
31 45 19 32 -6 33 0 0.00 M M 5.0 15 160 M M 0 21 160
================================================================================
SM 1472 815 862 0 1.10 M 275.6 M 105
================================================================================
AV 47.5 26.3 8.9 FASTST M M 3 MAX(MPH)
MISC ----> 41 230 64 240
================================================================================
NOTES:
# LAST OF SEVERAL OCCURRENCES
COLUMN 17 PEAK WIND IN M.P.H.
PRELIMINARY LOCAL CLIMATOLOGICAL DATA (WS FORM: F-6) , PAGE 2
STATION: BUFFALO WY
MONTH: MARCH
YEAR: 2021
LATITUDE: 44 22 N
LONGITUDE: 106 43 W
[TEMPERATURE DATA] [PRECIPITATION DATA] SYMBOLS USED IN COLUMN 16
AVERAGE MONTHLY: 36.9 TOTAL FOR MONTH: 1.10 1 = FOG OR MIST
DPTR FM NORMAL: 2.6 DPTR FM NORMAL: 0.18 2 = FOG REDUCING VISIBILITY
HIGHEST: 67 ON 28 GRTST 24HR 0.38 ON 13-14 TO 1/4 MILE OR LESS
LOWEST: 17 ON 30 3 = THUNDER
SNOW, ICE PELLETS, HAIL 4 = ICE PELLETS
TOTAL MONTH: M 5 = HAIL
GRTST 24HR M ON M 6 = FREEZING RAIN OR DRIZZLE
GRTST DEPTH: M ON M 7 = DUSTSTORM OR SANDSTORM:
VSBY 1/2 MILE OR LESS
8 = SMOKE OR HAZE
[NO. OF DAYS WITH] [WEATHER - DAYS WITH] 9 = BLOWING SNOW
X = TORNADO
MAX 32 OR BELOW: 2 0.01 INCH OR MORE: 10
MAX 90 OR ABOVE: 0 0.10 INCH OR MORE: 6
MIN 32 OR BELOW: 29 0.50 INCH OR MORE: 0
MIN 0 OR BELOW: 0 1.00 INCH OR MORE: 0
[HDD (BASE 65) ]
TOTAL THIS MO. 862 CLEAR (SCALE 0-3) 16
DPTR FM NORMAL -88 PTCLDY (SCALE 4-7) 10
TOTAL FM JUL 1 5894 CLOUDY (SCALE 8-10) 5
DPTR FM NORMAL -297
[CDD (BASE 65) ]
TOTAL THIS MO. 0
DPTR FM NORMAL 0 [PRESSURE DATA]
TOTAL FM JAN 1 0 HIGHEST SLP 30.47 ON 31
DPTR FM NORMAL 0 LOWEST SLP 29.23 ON 29
[REMARKS]
#FINAL-03-21#