000
CXUS55 KRIW 051203
CF6BYG
PRELIMINARY LOCAL CLIMATOLOGICAL DATA (WS FORM: F-6)
STATION: BUFFALO WY
MONTH: JULY
YEAR: 2020
LATITUDE: 44 22 N
LONGITUDE: 106 43 W
TEMPERATURE IN F: :PCPN: SNOW: WIND :SUNSHINE: SKY :PK WND
================================================================================
1 2 3 4 5 6A 6B 7 8 9 10 11 12 13 14 15 16 17 18
12Z AVG MX 2MIN
DY MAX MIN AVG DEP HDD CDD WTR SNW DPTH SPD SPD DIR MIN PSBL S-S WX SPD DR
================================================================================
1 81 46 64 -3 1 0 0.00 M M 7.7 29 240 M M 0 38 250
2 86 56 71 3 0 6 0.00 M M 8.1 16 190 M M 0 22 190
3 91 61 76 8 0 11 0.00 M M 9.3 25 350 M M 0 38 350
4 84 60 72 4 0 7 0.15 M M 6.0 20 330 M M 1 3 30 330
5 84 60 72 3 0 7 0.00 M M 11.9 22 340 M M 2 30 330
6 93 54 74 5 0 9 0.00 M M 13.0 26 170 M M 1 35 250
7 98 57 78 9 0 13 T M M 14.3 38 340 M M 0 59 220
8 85 51 68 -2 0 3 0.00 M M 14.6 26 170 M M 0 36 340
9 87 52 70 0 0 5 T M M 9.8 41 280 M M 0 3 55 260
10 95 55 75 5 0 10 0.00 M M 14.2 45 340 M M 0 59 340
11 90 54 72 2 0 7 0.00 M M 6.5 17 10 M M 0 24 360
12 98 58 78 7 0 13 0.00 M M 10.8 31 320 M M 0 44 310
13 79 52 66 -5 0 1 0.02 M M 11.7 26 340 M M 2 38 38 350
14 77 52 65 -6 0 0 T M M 7.8 15 360 M M 3 8 21 330
15 88 52 70 -1 0 5 0.00 M M 8.4 20 320 M M 0 8 29 300
16 93 54 74 3 0 9 0.00 M M 10.7 22 140 M M 0 30 140
17 96 65 81 9 0 16 0.00 M M 10.5 28 340 M M 0 8 37 350
18 81 58 70 -2 0 5 0.00 M M 12.5 29 330 M M 1 48 330
19 88 58 73 1 0 8 0.00 M M 7.7 15 340 M M 2 3 23 70
20 79 60 70 -2 0 5 0.00 M M 13.6 35 330 M M 3 8 45 340
21 88 57 73 1 0 8 0.00 M M 7.7 17 180 M M 3 3 26 170
22 96 60 78 6 0 13 0.36 M M 4.8 35 310 M M 0 38 47 320
23 86 66 76 4 0 11 0.00 M M 14.0 31 240 M M 1 52 220
24 88 61 75 3 0 10 T M M 7.0 22 310 M M 0 3 30 320
25 87 61 74 2 0 9 T M M 12.3 30 320 M M 1 3 42 320
26 86 57 72 0 0 7 0.00 M M 6.7 16 340 M M 0 22 90
27 91 61 76 4 0 11 T M M 8.2 29 260 M M 1 38 270
28 86 63 75 3 0 10 0.37 M M 8.1 26 250 M M 3 38 34 250
29 78 57 68 -4 0 3 0.05 M M 6.5 18 10 M M 6 13 27 40
30 86 54 70 -2 0 5 0.00 M M 7.1 23 240 M M 1 3 30 220
31 91 58 75 3 0 10 0.00 M M 6.0 16 340 M M 1 8 23 360
================================================================================
SM 2716 1770 1 237 0.95 M 297.5 M 32
================================================================================
AV 87.6 57.1 9.6 FASTST M M 1 MAX(MPH)
MISC ----> # 45 340 # 59 220
================================================================================
NOTES:
# LAST OF SEVERAL OCCURRENCES
COLUMN 17 PEAK WIND IN M.P.H.
PRELIMINARY LOCAL CLIMATOLOGICAL DATA (WS FORM: F-6) , PAGE 2
STATION: BUFFALO WY
MONTH: JULY
YEAR: 2020
LATITUDE: 44 22 N
LONGITUDE: 106 43 W
[TEMPERATURE DATA] [PRECIPITATION DATA] SYMBOLS USED IN COLUMN 16
AVERAGE MONTHLY: 72.4 TOTAL FOR MONTH: 0.95 1 = FOG OR MIST
DPTR FM NORMAL: 1.7 DPTR FM NORMAL: -0.71 2 = FOG REDUCING VISIBILITY
HIGHEST: 98 ON 12, 7 GRTST 24HR 0.49 ON 30- 1 TO 1/4 MILE OR LESS
LOWEST: 46 ON 1 3 = THUNDER
SNOW, ICE PELLETS, HAIL 4 = ICE PELLETS
TOTAL MONTH: M 5 = HAIL
GRTST 24HR M ON M 6 = FREEZING RAIN OR DRIZZLE
GRTST DEPTH: M ON M 7 = DUSTSTORM OR SANDSTORM:
VSBY 1/2 MILE OR LESS
8 = SMOKE OR HAZE
[NO. OF DAYS WITH] [WEATHER - DAYS WITH] 9 = BLOWING SNOW
X = TORNADO
MAX 32 OR BELOW: 0 0.01 INCH OR MORE: 5
MAX 90 OR ABOVE: 11 0.10 INCH OR MORE: 3
MIN 32 OR BELOW: 0 0.50 INCH OR MORE: 0
MIN 0 OR BELOW: 0 1.00 INCH OR MORE: 0
[HDD (BASE 65) ]
TOTAL THIS MO. 1 CLEAR (SCALE 0-3) 30
DPTR FM NORMAL -24 PTCLDY (SCALE 4-7) 1
TOTAL FM JUL 1 1 CLOUDY (SCALE 8-10) 0
DPTR FM NORMAL -24
[CDD (BASE 65) ]
TOTAL THIS MO. 237
DPTR FM NORMAL 34 [PRESSURE DATA]
TOTAL FM JAN 1 343 HIGHEST SLP 30.16 ON 11
DPTR FM NORMAL 82 LOWEST SLP 29.49 ON 7
[REMARKS]
#FINAL-07-20#