000
CXUS55 KRIW 010803
CLMBYG
CLIMATE REPORT
NATIONAL WEATHER SERVICE RIVERTON WY
203 AM MDT WED NOV 01 2023
...................................
...THE BUFFALO WY CLIMATE SUMMARY FOR THE MONTH OF OCTOBER 2023...
CLIMATE NORMAL PERIOD: 1991 TO 2020
CLIMATE RECORD PERIOD: 1998 TO 2023
WEATHER OBSERVED NORMAL DEPART LAST YEAR`S
VALUE DATE(S) VALUE FROM VALUE
NORMAL
..............................................................
TEMPERATURE (F)
RECORD
HIGH 88 10/10/2015
LOW -3 10/29/2019
HIGHEST 76 10/19
LOWEST -1 10/27
AVG. MAXIMUM 55.2 57.2 -2.0
AVG. MINIMUM 34.5 35.2 -0.7
MEAN 44.9 46.2 -1.3
DAYS MAX >= 90 0
DAYS MAX <= 32 4
DAYS MIN <= 32 8
DAYS MIN <= 0 2
PRECIPITATION (INCHES)
RECORD
MAXIMUM 3.33 2023
MINIMUM 0.21 2014
TOTALS 3.33R 1.01 2.32 0.69
DAILY AVG. 0.11 0.03 0.08
DAYS >= .01 9
DAYS >= .10 3
DAYS >= .50 2
DAYS >= 1.00 2
GREATEST
24 HR. TOTAL 2.81 10/11 TO 10/12
STORM TOTAL 1.74
SNOWFALL (INCHES)
TOTALS MM MM MM
SINCE 7/1 MM MM MM
SNOWDEPTH AVG. MM
DAYS >= 1.0 MM
DEGREE DAYS
HEATING TOTAL 617 586 31
SINCE 7/1 715 856 -141
COOLING TOTAL 0 3 -3
SINCE 1/1 403 528 -125
..............................................................
WIND (MPH)
AVERAGE WIND SPEED 8.3
RESULTANT WIND SPEED/DIRECTION 4/320
HIGHEST WIND SPEED/DIRECTION 35/320 DATE 10/17
HIGHEST GUST SPEED/DIRECTION 55/320 DATE 10/17
SKY COVER
POSSIBLE SUNSHINE (PERCENT) MM
AVERAGE SKY COVER 0.38
NUMBER OF DAYS FAIR 17
NUMBER OF DAYS PC 8
NUMBER OF DAYS CLOUDY 6
AVERAGE RH (PERCENT) 67
WEATHER CONDITIONS. NUMBER OF DAYS WITH
THUNDERSTORM 2 MIXED PRECIP 0
HEAVY RAIN 2 RAIN 3
LIGHT RAIN 11 FREEZING RAIN 0
LT FREEZING RAIN 0 HAIL 0
HEAVY SNOW 1 SNOW 1
LIGHT SNOW 6 SLEET 0
FOG 12 FOG W/VIS <= 1/4 MILE 6
HAZE 3
- INDICATES NEGATIVE NUMBERS.
R INDICATES RECORD WAS SET OR TIED.
MM INDICATES DATA IS MISSING.
T INDICATES TRACE AMOUNT.
$$