000
CXUS54 KHGX 021208
CF6BYY
PRELIMINARY LOCAL CLIMATOLOGICAL DATA (WS FORM: F-6)
STATION: Bay City
MONTH: APRIL
YEAR: 2023
LATITUDE: 28 58 N
LONGITUDE: 95 52 W
TEMPERATURE IN F: :PCPN: SNOW: WIND :SUNSHINE: SKY :PK WND
================================================================================
1 2 3 4 5 6A 6B 7 8 9 10 11 12 13 14 15 16 17 18
12Z AVG MX 2MIN
DY MAX MIN AVG DEP HDD CDD WTR SNW DPTH SPD SPD DIR MIN PSBL S-S WX SPD DR
================================================================================
1 86 70 78 M 0 13 T 0.0 0 5.8 10 130 M M 0 1 18 130
2 83 67 75 M 0 10 0.00 0.0 0 9.6 23 180 M M 0 1 29 180
3 82 73 78 M 0 13 0.00 0.0 0 12.7 20 190 M M 0 1 23 210
4 80 74 77 M 0 12 0.00 0.0 0 15.3 21 180 M M 0 1 25 160
5 81 58 70 M 0 5 0.02 0.0 0 12.5 20 60 M M 0 28 10
6 68 56 62 M 3 0 0.31 0.0 0 12.9 18 20 M M 0 30 50
7 62 57 60 M 5 0 0.72 0.0 0 9.4 18 360 M M 0 1 27 360
8 67 56 62 M 3 0 M 0.0 M 7.0 12 360 M M 0 1 17 10
9 76 55 66 M 0 1 M 0.0 M 4.6 8 140 M M 0 1 M M
10 74 59 67 M 0 2 M 0.0 M 6.5 10 50 M M 0 16 40
11 76 56 66 M 0 1 T 0.0 0 5.1 13 70 M M 2 1 21 90
12 77 56 67 M 0 2 0.00 0.0 0 6.1 10 100 M M 2 20 100
13 77 60 69 M 0 4 0.00 0.0 0 4.6 12 160 M M 1 M M
14 79 57 68 M 0 3 0.00 0.0 0 9.9 18 160 M M 6 24 180
15 86 72 79 M 0 14 M 0.0 0 7.8 14 200 M M 6 20 10
16 76 57 67 M 0 2 M 0.0 0 9.1 16 20 M M 0 22 30
17 76 50 63 M 2 0 M 0.0 0 7.1 15 130 M M 1 21 130
18 82 55 69 M 0 4 M 0.0 0 9.6 23 150 M M 3 29 150
19 80 69 75 M 0 10 0.06 0.0 0 10.9 17 150 M M 6 24 170
20 80 71 76 M 0 11 M 0.0 0 11.9 17 160 M M 10 22 150
21 80 63 72 M 0 7 0.73 0.0 0 5.5 10 240 M M 6 1 36 240
22 78 58 68 M 0 3 0.00 0.0 0 10.4 17 110 M M 1 27 120
23 67 58 63 M 2 0 0.60 0.0 0 10.9 21 360 M M 6 33 110
24 71 54 63 M 2 0 0.01 0.0 0 7.7 12 80 M M 8 18 60
25 79 62 71 M 0 6 M 0.0 0 9.3 14 110 M M 8 21 130
26 80 69 75 M 0 10 M 0.0 0 9.6 14 140 M M 10 1 20 140
27 76 62 69 M 0 4 0.71 0.0 0 5.3 18 50 M M 6 1 25 50
28 82 58 70 M 0 5 0.80 0.0 0 8.0 17 160 M M 6 12 24 140
29 73 53 63 M 2 0 M 0.0 0 13.0 24 330 M M 4 32 340
30 82 50 66 M 0 1 0.00 0.0 0 4.8 13 200 M M 0 17 200
================================================================================
SM 2316 1815 19 143 3.96 0.0 262.9 M 92
================================================================================
AV 77.2 60.5 8.8 FASTST M M 3 MAX(MPH)
MISC ----> 24 330 36 240
================================================================================
NOTES:
# LAST OF SEVERAL OCCURRENCES
COLUMN 17 PEAK WIND IN M.P.H.
PRELIMINARY LOCAL CLIMATOLOGICAL DATA (WS FORM: F-6) , PAGE 2
STATION: Bay City
MONTH: APRIL
YEAR: 2023
LATITUDE: 28 58 N
LONGITUDE: 95 52 W
[TEMPERATURE DATA] [PRECIPITATION DATA] SYMBOLS USED IN COLUMN 16
AVERAGE MONTHLY: 68.9 TOTAL FOR MONTH: 3.96 1 = FOG OR MIST
DPTR FM NORMAL: 0.0 DPTR FM NORMAL: M 2 = FOG REDUCING VISIBILITY
HIGHEST: 86 ON 15, 1 GRTST 24HR 0.80 ON 28-28 TO 1/4 MILE OR LESS
LOWEST: 50 ON 30,17 3 = THUNDER
SNOW, ICE PELLETS, HAIL 4 = ICE PELLETS
TOTAL MONTH: 0.0 INCH 5 = HAIL
GRTST 24HR 0.0 6 = FREEZING RAIN OR DRIZZLE
GRTST DEPTH: 0 7 = DUSTSTORM OR SANDSTORM:
VSBY 1/2 MILE OR LESS
8 = SMOKE OR HAZE
[NO. OF DAYS WITH] [WEATHER - DAYS WITH] 9 = BLOWING SNOW
X = TORNADO
MAX 32 OR BELOW: 0 0.01 INCH OR MORE: 9
MAX 90 OR ABOVE: 0 0.10 INCH OR MORE: 6
MIN 32 OR BELOW: 0 0.50 INCH OR MORE: 5
MIN 0 OR BELOW: 0 1.00 INCH OR MORE: 0
[HDD (BASE 65) ]
TOTAL THIS MO. 19 CLEAR (SCALE 0-3) 18
DPTR FM NORMAL M PTCLDY (SCALE 4-7) 8
TOTAL FM JUL 1 1013 CLOUDY (SCALE 8-10) 4
DPTR FM NORMAL M
[CDD (BASE 65) ]
TOTAL THIS MO. 143
DPTR FM NORMAL M [PRESSURE DATA]
TOTAL FM JAN 1 427 HIGHEST SLP M ON M
DPTR FM NORMAL M LOWEST SLP M ON M
[REMARKS]
#FINAL-04-23#