000
CXUS54 KHGX 011626
CF6BYY
PRELIMINARY LOCAL CLIMATOLOGICAL DATA (WS FORM: F-6)
STATION: Bay City
MONTH: NOVEMBER
YEAR: 2021
LATITUDE: 28 58 N
LONGITUDE: 95 52 W
TEMPERATURE IN F: :PCPN: SNOW: WIND :SUNSHINE: SKY :PK WND
================================================================================
1 2 3 4 5 6A 6B 7 8 9 10 11 12 13 14 15 16 17 18
12Z AVG MX 2MIN
DY MAX MIN AVG DEP HDD CDD WTR SNW DPTH SPD SPD DIR MIN PSBL S-S WX SPD DR
================================================================================
1 79 54 67 M 0 2 0.00 0.0 0 4.5 9 160 M M 1 M M
2 80 60 70 M 0 5 0.00 0.0 0 6.3 13 110 M M 2 1 M M
3 79 60 70 M 0 5 0.87 0.0 0 7.0 14 20 M M 7 25 20
4 58 49 54 M 11 0 0.04 0.0 0 9.1 14 20 M M 8 1 21 20
5 65 47 56 M 9 0 0.00 0.0 0 4.2 12 10 M M 2 17 20
6 70 46 58 M 7 0 0.00 0.0 0 3.5 7 30 M M 0 M M
7 72 46 59 M 6 0 0.00 0.0 0 4.2 9 140 M M 0 M M
8 76 52 64 M 1 0 0.00 0.0 0 5.4 9 120 M M 3 1 M M
9 78 55 67 M 0 2 0.00 0.0 0 5.7 12 150 M M 5 17 130
10 80 61 71 M 0 6 0.00 0.0 0 6.9 16 180 M M 5 23 180
11 78 57 68 M 0 3 0.00 0.0 0 4.4 12 10 M M 4 12 16 340
12 77 52 65 M 0 0 0.00 0.0 0 4.3 12 20 M M 3 12 18 10
13 67 47 57 M 8 0 0.00 0.0 0 4.4 9 40 M M 0 9 50
14 76 45 61 M 4 0 0.00 0.0 0 3.9 10 180 M M 0 8 16 220
15 80 54 67 M 0 2 0.00 0.0 0 5.6 14 190 M M 1 18 190
16 79 63 71 M 0 6 0.00 0.0 0 8.9 17 180 M M 2 23 180
17 83 63 73 M 0 8 0.00 0.0 0 7.8 18 200 M M 5 24 180
18 71 55 63 M 2 0 0.00 0.0 0 10.3 17 30 M M 4 1 25 360
19 66 47 57 M 8 0 0.00 0.0 0 5.1 12 70 M M 1 18 60
20 77 51 64 M 1 0 0.00 0.0 0 5.8 10 160 M M 4 1 17 130
21 81 60 71 M 0 6 0.00 0.0 0 5.8 13 360 M M 6 12 21 360
22 71 49 60 M 5 0 0.00 0.0 0 8.7 14 20 M M 2 21 10
23 71 41 56 M 9 0 0.00 0.0 0 3.7 10 150 M M 1 16 150
24 78 56 67 M 0 2 0.00 0.0 0 10.9 20 170 M M 8 27 170
25 72 55 64 M 1 0 1.02 0.0 0 8.5 15 10 M M 10 22 340
26 61 46 54 M 11 0 0.00 0.0 0 7.4 13 30 M M 1 17 20
27 53 48 51 M 14 0 0.27 0.0 0 3.9 8 10 M M 8 16 340
28 58 46 52 M 13 0 0.00 0.0 0 6.2 9 350 M M 10 12 M M
29 68 43 56 M 9 0 0.01 0.0 0 1.3 6 180 M M 5 12 M M
30 73 44 59 M 6 0 0.00 0.0 0 3.9 8 190 M M 3 12 M M
================================================================================
SM 2177 1552 125 47 2.21 0.0 177.6 M 111
================================================================================
AV 72.6 51.7 5.9 FASTST M M 4 MAX(MPH)
MISC ----> 20 170 27 170
================================================================================
NOTES:
# LAST OF SEVERAL OCCURRENCES
COLUMN 17 PEAK WIND IN M.P.H.
PRELIMINARY LOCAL CLIMATOLOGICAL DATA (WS FORM: F-6) , PAGE 2
STATION: Bay City
MONTH: NOVEMBER
YEAR: 2021
LATITUDE: 28 58 N
LONGITUDE: 95 52 W
[TEMPERATURE DATA] [PRECIPITATION DATA] SYMBOLS USED IN COLUMN 16
AVERAGE MONTHLY: 62.2 TOTAL FOR MONTH: 2.21 1 = FOG OR MIST
DPTR FM NORMAL: 0.0 DPTR FM NORMAL: M 2 = FOG REDUCING VISIBILITY
HIGHEST: 83 ON 17 GRTST 24HR 1.02 ON 25-25 TO 1/4 MILE OR LESS
LOWEST: 41 ON 23 3 = THUNDER
SNOW, ICE PELLETS, HAIL 4 = ICE PELLETS
TOTAL MONTH: 0.0 INCH 5 = HAIL
GRTST 24HR 0.0 6 = FREEZING RAIN OR DRIZZLE
GRTST DEPTH: 0 7 = DUSTSTORM OR SANDSTORM:
VSBY 1/2 MILE OR LESS
8 = SMOKE OR HAZE
[NO. OF DAYS WITH] [WEATHER - DAYS WITH] 9 = BLOWING SNOW
X = TORNADO
MAX 32 OR BELOW: 0 0.01 INCH OR MORE: 5
MAX 90 OR ABOVE: 0 0.10 INCH OR MORE: 3
MIN 32 OR BELOW: 0 0.50 INCH OR MORE: 2
MIN 0 OR BELOW: 0 1.00 INCH OR MORE: 1
[HDD (BASE 65) ]
TOTAL THIS MO. 125 CLEAR (SCALE 0-3) 15
DPTR FM NORMAL M PTCLDY (SCALE 4-7) 11
TOTAL FM JUL 1 136 CLOUDY (SCALE 8-10) 4
DPTR FM NORMAL M
[CDD (BASE 65) ]
TOTAL THIS MO. 47
DPTR FM NORMAL M [PRESSURE DATA]
TOTAL FM JAN 1 2360 HIGHEST SLP M ON M
DPTR FM NORMAL M LOWEST SLP M ON M
[REMARKS]
#FINAL-11-21#