000
CXUS55 KGJT 011000
CF6CAG
PRELIMINARY LOCAL CLIMATOLOGICAL DATA (WS FORM: F-6)
STATION: CRAIG CO
MONTH: MARCH
YEAR: 2020
LATITUDE: 40 30 N
LONGITUDE: 107 32 W
TEMPERATURE IN F: :PCPN: SNOW: WIND :SUNSHINE: SKY :PK WND
================================================================================
1 2 3 4 5 6A 6B 7 8 9 10 11 12 13 14 15 16 17 18
12Z AVG MX 2MIN
DY MAX MIN AVG DEP HDD CDD WTR SNW DPTH SPD SPD DIR MIN PSBL S-S WX SPD DR
================================================================================
1 41 11 26 0 39 0 T M M 6.1 21 300 M M 8 1 25 300
2 31 8 20 -6 45 0 T M M 5.4 14 260 M M 5 1 17 250
3 36 -2 17 -9 48 0 0.00 M M 1.9 10 60 M M 2 12 60
4 37 0 19 -8 46 0 0.00 M M 2.0 10 240 M M 0 12 240
5 40 4 22 -5 43 0 0.00 M M 2.1 8 220 M M 0 9 220
6 46 9 28 0 37 0 0.00 M M 2.3 8 210 M M 0 10 210
7 47 15 31 3 34 0 0.00 M M 2.7 8 110 M M 2 11 80
8 45 32 39 10 26 0 0.27 M M 3.5 24 190 M M 8 1 29 210
9 41 32 37 8 28 0 0.06 M M 3.1 12 60 M M 6 12 15 60
10 44 25 35 5 30 0 0.00 M M 3.8 22 200 M M 6 28 210
11 45 20 33 3 32 0 0.17 M M 4.7 33 260 M M 7 1 44 230
12 49 26 38 7 27 0 0.00 M M 2.6 14 240 M M 1 19 240
13 42 24 33 2 32 0 0.16 M M 5.4 22 200 M M 6 1 30 190
14 45 34 40 8 25 0 T M M 8.1 21 210 M M 7 27 210
15 50 26 38 6 27 0 0.00 M M 6.9 26 210 M M 2 34 210
16 54 24 39 6 26 0 0.00 M M 2.8 9 110 M M 0 12 100
17 56 26 41 8 24 0 0.00 M M 5.3 23 220 M M 0 31 220
18 53 27 40 6 25 0 0.01 M M 7.3 32 240 M M 4 39 240
19 39 29 34 0 31 0 0.22 M M 6.1 16 230 M M 8 1 20 240
20 44 25 35 1 30 0 0.05 M M 2.8 24 260 M M 9 138 33 260
21 48 23 36 1 29 0 0.14 M M 4.1 24 230 M M 4 1 31 230
22 47 30 39 4 26 0 0.11 M M 7.9 21 240 M M 8 1 27 250
23 48 26 37 1 28 0 0.05 M M 5.0 20 230 M M 6 1 24 230
24 52 31 42 6 23 0 0.02 M M 10.1 26 210 M M 8 36 210
25 51 29 40 4 25 0 T M M 7.7 18 230 M M 5 18 25 220
26 55 27 41 4 24 0 T M M 12.1 39 230 M M 5 1 52 240
27 35 25 30 -7 35 0 0.07 M M 10.8 18 240 M M 10 128 22 240
28 42 21 32 -6 33 0 T M M 9.6 21 270 M M 8 28 230
29 47 28 38 0 27 0 T M M 4.9 16 110 M M 7 8 23 260
30 52 30 41 3 24 0 T M M 4.6 24 220 M M 8 30 220
31 61 29 45 7 20 0 0.00 M M 11.0 30 240 M M 8 40 260
================================================================================
SM 1423 694 949 0 1.33 M 172.7 M 158
================================================================================
AV 45.9 22.4 5.6 FASTST M M 5 MAX(MPH)
MISC ----> # 39 230 # 52 240
================================================================================
NOTES:
# LAST OF SEVERAL OCCURRENCES
COLUMN 17 PEAK WIND IN M.P.H.
PRELIMINARY LOCAL CLIMATOLOGICAL DATA (WS FORM: F-6) , PAGE 2
STATION: CRAIG CO
MONTH: MARCH
YEAR: 2020
LATITUDE: 40 30 N
LONGITUDE: 107 32 W
[TEMPERATURE DATA] [PRECIPITATION DATA] SYMBOLS USED IN COLUMN 16
AVERAGE MONTHLY: 34.2 TOTAL FOR MONTH: 1.33 1 = FOG OR MIST
DPTR FM NORMAL: 1.8 DPTR FM NORMAL: 0.04 2 = FOG REDUCING VISIBILITY
HIGHEST: 61 ON 31 GRTST 24HR 0.27 ON 8- 8 TO 1/4 MILE OR LESS
LOWEST: -2 ON 3 3 = THUNDER
SNOW, ICE PELLETS, HAIL 4 = ICE PELLETS
TOTAL MONTH: M 5 = HAIL
GRTST 24HR M ON M 6 = FREEZING RAIN OR DRIZZLE
GRTST DEPTH: M ON M 7 = DUSTSTORM OR SANDSTORM:
VSBY 1/2 MILE OR LESS
8 = SMOKE OR HAZE
[NO. OF DAYS WITH] [WEATHER - DAYS WITH] 9 = BLOWING SNOW
X = TORNADO
MAX 32 OR BELOW: 1 0.01 INCH OR MORE: 12
MAX 90 OR ABOVE: 0 0.10 INCH OR MORE: 6
MIN 32 OR BELOW: 30 0.50 INCH OR MORE: 0
MIN 0 OR BELOW: 2 1.00 INCH OR MORE: 0
[HDD (BASE 65) ]
TOTAL THIS MO. 949 CLEAR (SCALE 0-3) 9
DPTR FM NORMAL -63 PTCLDY (SCALE 4-7) 18
TOTAL FM JUL 1 7520 CLOUDY (SCALE 8-10) 4
DPTR FM NORMAL 182
[CDD (BASE 65) ]
TOTAL THIS MO. 0
DPTR FM NORMAL 0 [PRESSURE DATA]
TOTAL FM JAN 1 0 HIGHEST SLP 30.67 ON 5
DPTR FM NORMAL 0 LOWEST SLP 29.54 ON 19
[REMARKS]
#FINAL-03-20#