000
CXUS51 KCLE 031749
CLSCAK
CLIMATE REPORT
NATIONAL WEATHER SERVICE CLEVELAND, OH
149 PM EDT SAT JUN 03 2023
...................................
...THE AKRON CANTON OH CLIMATE SUMMARY FOR THE SEASON, FROM
3/1/2023 TO 5/31/2023...
CLIMATE NORMAL PERIOD 1991 TO 2020
CLIMATE RECORD PERIOD 1887 TO 2023
WEATHER OBSERVED NORMAL DEPART
VALUE DATE(S) VALUE FROM
NORMAL
................................................
TEMPERATURE (F)
RECORD
HIGH 94 05/31/1895
LOW -6 03/12/1948
HIGHEST 84 05/29
LOWEST 16 03/15
03/19
AVG. MAXIMUM 60.9 60.8 0.1
AVG. MINIMUM 39.1 39.8 -0.7
MEAN 50.0 50.3 -0.3
DAYS MAX >= 90 0 0.4
DAYS MAX <= 32 2 4.0
DAYS MIN <= 32 28 28.6
DAYS MIN <= 0 0 0.0
PRECIPITATION (INCHES)
RECORD
MAXIMUM 18.18 1964
MINIMUM 4.26 1915
TOTALS 10.18 11.22 -1.04
DAYS >= .01 37 42.9
DAYS >= .10 23 25.4
DAYS >= .50 7 6.7
DAYS >= 1.00 2 2.1
SNOWFALL (INCHES)
RECORDS
TOTAL 30.7 1987
TOTALS 3.0 9.3
DAYS >= TRACE 18
DAYS >= 1.0 1 3.3
DEGREE DAYS
HEATING TOTAL 1396 1422 -26
COOLING TOTAL 37 73 -36
................................................
WIND (MPH)
HIGHEST GUST SPEED/DIRECTION 65/230 DATE 03/25
SKY COVER
POSSIBLE SUNSHINE (PERCENT) MM
NUMBER OF DAYS FAIR 22
NUMBER OF DAYS PC 33
NUMBER OF DAYS CLOUDY 37
WEATHER CONDITIONS. NUMBER OF DAYS WITH
THUNDERSTORM 8 MIXED PRECIP 1
HEAVY RAIN 4 RAIN 19
LIGHT RAIN 39 FREEZING RAIN 0
LT FREEZING RAIN 0 HAIL 1
HEAVY SNOW 0 SNOW 2
LIGHT SNOW 17 SLEET 1
FOG 37 FOG W/VIS <= 1/4 MILE 0
HAZE 18
- INDICATES NEGATIVE NUMBERS.
R INDICATES RECORD WAS SET OR TIED.
MM INDICATES DATA IS MISSING.
T INDICATES TRACE AMOUNT.
$$