000
CXUS51 KCAR 020242
CF6CAR
PRELIMINARY LOCAL CLIMATOLOGICAL DATA (WS FORM: F-6)
STATION: CARIBOU ME
MONTH: JANUARY
YEAR: 2022
LATITUDE: 46 52 N
LONGITUDE: 68 1 W
TEMPERATURE IN F: :PCPN: SNOW: WIND :SUNSHINE: SKY :PK WND
================================================================================
1 2 3 4 5 6A 6B 7 8 9 10 11 12 13 14 15 16 17 18
12Z AVG MX 2MIN
DY MAX MIN AVG DEP HDD CDD WTR SNW DPTH SPD SPD DIR MIN PSBL S-S WX SPD DR
================================================================================
1 36 30 33 19 32 0 0.04 0.1 8 6.6 15 150 M M 10 12 19 160
2 35 8 22 8 43 0 0.28 3.7 7 10.8 18 340 M M 10 1 24 350
3 8 -9 0 -14 65 0 0.00 0.0 8 6.4 14 330 M M 0 18 320
4 16 -13 2 -12 63 0 T 0.1 8 4.1 9 200 M M 5 1 13 210
5 32 15 24 11 41 0 0.09 0.6 7 4.2 12 180 M M 7 12 17 180
6 31 22 27 14 38 0 T 0.1 8 4.9 14 290 M M 9 12 20 290
7 22 15 19 6 46 0 0.17 1.9 8 10.2 20 330 M M 10 18 27 330
8 17 2 10 -3 55 0 0.00 0.0 9 8.1 21 320 M M 2 8 31 320
9 32 7 20 8 45 0 0.03 0.4 8 9.4 16 270 M M 10 148 29 290
10 31 -10 11 -1 54 0 0.02 0.8 8 8.7 22 330 M M 5 9 30 340
11 -2 -14 -8 -20 73 0 0.00 0.0 8 7.2 18 310 M M 0 25 330
12 12 -16 -2 -14 67 0 0.03 0.9 8 5.7 16 160 M M 8 9 21 160
13 22 9 16 4 49 0 0.02 0.4 9 2.1 8 170 M M 10 18 10 170
14 19 -2 9 -3 56 0 0.15 1.5 10 9.8 26 360 M M 5 18 35 360
15 -2 -9 -5 -16 70 0 0.00 0.0 9 18.8 30 340 M M 0 9 40 330
16 12 -10 1 -10 64 0 0.00 0.0 8 6.2 15 300 M M 0 20 280
17 37 1 19 8 46 0 0.41 3.2 7 8.3 20 170 M M 7 12 28 120
18 36 -3 17 6 48 0 0.03 T 9 13.5 30 300 M M 6 1 40 310
19 9 -11 -1 -12 66 0 0.11 2.0 9 5.9 15 300 M M 6 20 300
20 19 -8 6 -5 59 0 T T 11 7.5 21 340 M M 4 27 330
21 3 -19 -8 -19 73 0 0.00 0.0 10 5.0 10 310 M M 0 14 330
22 6 -27 -10 -21 75 0 0.00 0.0 10 2.4 8 140 M M 0 8 10 150
23 22 -5 9 -1 56 0 T T 10 6.3 18 220 M M 4 24 210
24 7 -9 -1 -11 66 0 0.00 0.0 10 2.2 14 340 M M 2 15 340
25 16 -5 6 -4 59 0 0.09 1.7 10 1.9 6 240 M M 7 7 80
26 3 -16 -6 -16 71 0 T T 12 7.1 17 340 M M 0 23 330
27 10 -30 -10 -20 75 0 0.01 0.1 12 5.1 16 180 M M 1 1 23 180
28 21 -8 7 -4 58 0 0.06 1.4 13 6.2 15 340 M M 9 1 19 330
29 10 -11 0 -11 65 0 0.67 9.1 12 15.0 30 360 M M 6 9 39 10
30 18 -3 8 -3 57 0 0.19 3.1 14 11.1 25 340 M M 5 89 35 340
31 15 -7 4 -7 61 0 0.00 0.0 14 4.9 12 250 M M 1 8 14 240
================================================================================
SM 553 -136 1796 0 2.40 31.1 225.6 M 149
================================================================================
AV 17.8 -4.4 7.3 FASTST M M 5 MAX(MPH)
MISC ----> # 30 340 # 40 330
================================================================================
NOTES:
# LAST OF SEVERAL OCCURRENCES
COLUMN 17 PEAK WIND IN M.P.H.
PRELIMINARY LOCAL CLIMATOLOGICAL DATA (WS FORM: F-6) , PAGE 2
STATION: CARIBOU ME
MONTH: JANUARY
YEAR: 2022
LATITUDE: 46 52 N
LONGITUDE: 68 1 W
[TEMPERATURE DATA] [PRECIPITATION DATA] SYMBOLS USED IN COLUMN 16
AVERAGE MONTHLY: 6.7 TOTAL FOR MONTH: 2.40 1 = FOG OR MIST
DPTR FM NORMAL: -5.0 DPTR FM NORMAL: -0.55 2 = FOG REDUCING VISIBILITY
HIGHEST: 37 ON 17 GRTST 24HR 0.67 ON 29-29 TO 1/4 MILE OR LESS
LOWEST: -30 ON 27 3 = THUNDER
SNOW, ICE PELLETS, HAIL 4 = ICE PELLETS
TOTAL MONTH: 31.1 INCHES 5 = HAIL
GRTST 24HR 9.1 ON 29-29 6 = FREEZING RAIN OR DRIZZLE
GRTST DEPTH: 14 ON 31,30 7 = DUSTSTORM OR SANDSTORM:
VSBY 1/2 MILE OR LESS
8 = SMOKE OR HAZE
[NO. OF DAYS WITH] [WEATHER - DAYS WITH] 9 = BLOWING SNOW
X = TORNADO
MAX 32 OR BELOW: 27 0.01 INCH OR MORE: 17
MAX 90 OR ABOVE: 0 0.10 INCH OR MORE: 7
MIN 32 OR BELOW: 31 0.50 INCH OR MORE: 1
MIN 0 OR BELOW: 22 1.00 INCH OR MORE: 0
[HDD (BASE 65) ]
TOTAL THIS MO. 1796 CLEAR (SCALE 0-3) 11
DPTR FM NORMAL 144 PTCLDY (SCALE 4-7) 13
TOTAL FM JUL 1 4822 CLOUDY (SCALE 8-10) 7
DPTR FM NORMAL -213
[CDD (BASE 65) ]
TOTAL THIS MO. 0
DPTR FM NORMAL 0 [PRESSURE DATA]
TOTAL FM JAN 1 0 HIGHEST SLP 30.61 ON 22
DPTR FM NORMAL 0 LOWEST SLP 28.96 ON 18
[REMARKS]
#FINAL-01-22#