000
CXUS56 KSLC 010910
CF6CDC
PRELIMINARY LOCAL CLIMATOLOGICAL DATA (WS FORM: F-6)
STATION: CEDAR CITY UT
MONTH: JANUARY
YEAR: 2024
LATITUDE: 37 42 N
LONGITUDE: 113 6 W
TEMPERATURE IN F: :PCPN: SNOW: WIND :SUNSHINE: SKY :PK WND
================================================================================
1 2 3 4 5 6A 6B 7 8 9 10 11 12 13 14 15 16 17 18
12Z AVG MX 2MIN
DY MAX MIN AVG DEP HDD CDD WTR SNW DPTH SPD SPD DIR MIN PSBL S-S WX SPD DR
================================================================================
1 48 21 35 6 30 0 0.00 M M 3.3 9 20 M M 0 13 360
2 47 16 32 3 33 0 0.00 0.0 0 3.0 10 190 M M 0 12 200
3 45 27 36 7 29 0 0.12 M M 7.8 28 230 M M 4 1 38 220
4 32 20 26 -3 39 0 0.12 M M 8.4 17 10 M M 10 1 25 30
5 31 10 21 -8 44 0 T M M 3.5 12 350 M M 3 1 16 350
6 33 5 19 -10 46 0 0.00 0.0 M 7.6 30 200 M M 3 12 40 200
7 30 16 23 -6 42 0 0.03 M M 9.6 25 360 M M 10 18 35 350
8 25 7 16 -14 49 0 0.00 M M 6.4 14 10 M M 4 17 360
9 34 0 17 -13 48 0 0.00 M M 5.8 22 220 M M 0 28 220
10 37 12 25 -5 40 0 T M M 14.7 38 200 M M 3 48 210
11 28 7 18 -12 47 0 0.17 M M 8.9 18 30 M M 5 1 26 360
12 33 4 19 -11 46 0 0.00 M M 10.9 22 220 M M 1 26 220
13 37 11 24 -6 41 0 0.01 M M 10.4 23 210 M M 4 1 30 210
14 42 27 35 5 30 0 0.00 M M 10.0 25 210 M M 6 34 210
15 43 20 32 2 33 0 0.00 M M 6.6 13 20 M M 0 16 30
16 39 12 26 -4 39 0 0.00 M M 3.7 12 180 M M 2 1 16 190
17 45 30 38 7 27 0 0.00 M M 11.9 23 220 M M 2 32 220
18 50 25 38 7 27 0 0.00 M M 4.0 10 150 M M 0 12 150
19 48 24 36 5 29 0 0.00 M M 2.5 9 250 M M 0 11 240
20 46 34 40 9 25 0 0.00 M M 7.4 24 230 M M 6 32 230
21 41 36 39 8 26 0 0.03 M M 7.1 13 210 M M 10 17 220
22 43 32 38 7 27 0 T M M 6.1 18 210 M M 10 1 24 220
23 41 33 37 6 28 0 0.09 M M 0.9 6 50 M M 10 1 6 50
24 48 35 42 11 23 0 T M M 4.6 14 210 M M 7 1 18 220
25 38 31 35 4 30 0 0.94 M M 5.1 14 50 M M 10 12 19 210
26 37 21 29 -2 36 0 0.00 M M 7.4 20 40 M M 2 25 30
27 42 16 29 -3 36 0 0.00 M M 2.6 8 330 M M 0 10 310
28 49 24 37 5 28 0 0.00 M M 2.6 10 140 M M 0 13 130
29 53 27 40 8 25 0 0.00 M M 2.0 8 140 M M 0 12 70
30 58 27 43 11 22 0 0.00 M M 2.0 10 150 M M 0 11 160
31 59 31 45 13 20 0 0.00 M M 9.2 24 210 M M 0 33 230
================================================================================
SM 1282 641 1045 0 1.51 0.0 196.0 M 112
================================================================================
AV 41.4 20.7 6.3 FASTST M M 4 MAX(MPH)
MISC ----> 38 200 48 210
================================================================================
NOTES:
# LAST OF SEVERAL OCCURRENCES
COLUMN 17 PEAK WIND IN M.P.H.
PRELIMINARY LOCAL CLIMATOLOGICAL DATA (WS FORM: F-6) , PAGE 2
STATION: CEDAR CITY UT
MONTH: JANUARY
YEAR: 2024
LATITUDE: 37 42 N
LONGITUDE: 113 6 W
[TEMPERATURE DATA] [PRECIPITATION DATA] SYMBOLS USED IN COLUMN 16
AVERAGE MONTHLY: 31.0 TOTAL FOR MONTH: 1.51 1 = FOG OR MIST
DPTR FM NORMAL: 0.6 DPTR FM NORMAL: 0.69 2 = FOG REDUCING VISIBILITY
HIGHEST: 59 ON 31 GRTST 24HR 0.94 ON 25-25 TO 1/4 MILE OR LESS
LOWEST: 0 ON 9 3 = THUNDER
SNOW, ICE PELLETS, HAIL 4 = ICE PELLETS
TOTAL MONTH: 0.0 INCH 5 = HAIL
GRTST 24HR 0.0 6 = FREEZING RAIN OR DRIZZLE
GRTST DEPTH: 0 7 = DUSTSTORM OR SANDSTORM:
VSBY 1/2 MILE OR LESS
8 = SMOKE OR HAZE
[NO. OF DAYS WITH] [WEATHER - DAYS WITH] 9 = BLOWING SNOW
X = TORNADO
MAX 32 OR BELOW: 5 0.01 INCH OR MORE: 8
MAX 90 OR ABOVE: 0 0.10 INCH OR MORE: 4
MIN 32 OR BELOW: 27 0.50 INCH OR MORE: 1
MIN 0 OR BELOW: 1 1.00 INCH OR MORE: 0
[HDD (BASE 65) ]
TOTAL THIS MO. 1045 CLEAR (SCALE 0-3) 17
DPTR FM NORMAL -28 PTCLDY (SCALE 4-7) 8
TOTAL FM JUL 1 3150 CLOUDY (SCALE 8-10) 6
DPTR FM NORMAL -390
[CDD (BASE 65) ]
TOTAL THIS MO. 0
DPTR FM NORMAL 0 [PRESSURE DATA]
TOTAL FM JAN 1 0 HIGHEST SLP M ON M
DPTR FM NORMAL 0 LOWEST SLP 29.53 ON 10
[REMARKS]
#FINAL-01-24#