000
CXUS53 KEAX 010736
CF6CDJ
PRELIMINARY LOCAL CLIMATOLOGICAL DATA (WS FORM: F-6)
STATION: CHILLICOTHE
MONTH: JULY
YEAR: 2023
LATITUDE: 39 49 N
LONGITUDE: 93 35 W
TEMPERATURE IN F: :PCPN: SNOW: WIND :SUNSHINE: SKY :PK WND
================================================================================
1 2 3 4 5 6A 6B 7 8 9 10 11 12 13 14 15 16 17 18
12Z AVG MX 2MIN
DY MAX MIN AVG DEP HDD CDD WTR SNW DPTH SPD SPD DIR MIN PSBL S-S WX SPD DR
================================================================================
1 85 69 77 0 0 12 0.03 M M 2.4 13 330 M M 0 27 280
2 89 67 78 1 0 13 0.00 M M 3.5 10 310 M M 0 21 310
3 91 64 78 1 0 13 0.00 M M 1.2 8 180 M M 0 12 170
4 94 66 80 3 0 15 0.00 M M 2.8 12 210 M M 0 15 240
5 88 68 78 1 0 13 0.00 M M 4.1 15 300 M M 0 29 290
6 80 63 72 -5 0 7 0.00 M M 3.0 9 20 M M 0 15 40
7 77 60 69 -8 0 4 0.04 M M 4.1 14 40 M M 0 23 360
8 80 61 71 -6 0 6 0.00 M M 4.1 14 20 M M 0 21 40
9 86 55 71 -6 0 6 0.00 M M 2.0 9 300 M M 0 15 320
10 90 56 73 -5 0 8 0.00 M M 2.7 12 210 M M 0 16 200
11 94 65 80 2 0 15 0.00 M M 3.9 13 190 M M 0 19 210
12 88 69 79 1 0 14 0.56 M M 4.7 22 120 M M 0 37 100
13 89 68 79 1 0 14 0.00 M M 2.0 9 310 M M 0 14 310
14 97 65 81 3 0 16 0.03 M M 1.3 14 220 M M 0 24 210
15 90 66 78 0 0 13 0.00 M M 2.4 12 310 M M 0 16 300
16 88 64 76 -2 0 11 0.06 M M 2.2 13 210 M M 0 20 230
17 83 64 74 -4 0 9 0.10 M M 3.1 14 30 M M 0 20 350
18 83 65 74 -4 0 9 0.06 M M 3.4 13 130 M M 0 22 140
19 92 68 80 2 0 15 0.94 M M 3.6 10 70 M M 0 17 70
20 91 65 78 0 0 13 0.00 M M 2.7 12 350 M M 0 18 10
21 85 63 74 -4 0 9 0.00 M M 1.9 10 30 M M 0 17 20
22 88 59 74 -4 0 9 0.00 M M 2.7 12 230 M M 0 22 220
23 95 62 79 1 0 14 0.00 M M 2.4 13 290 M M 0 22 290
24 93 65 79 1 0 14 0.07 M M 2.4 20 190 M M 0 33 330
25 90 70 80 2 0 15 0.00 M M 4.8 13 120 M M 0 20 130
26 100 79 90 12 0 25 0.00 M M 5.8 14 230 M M 0 23 230
27 93 76 85 7 0 20 0.00 M M 3.4 13 200 M M 0 16 170
28 103 77 90 12 0 25 0.00 M M 7.1 16 200 M M 0 24 200
29 91 69 80 2 0 15 0.41 M M 2.4 29 290 M M 0 56 290
30 92 67 80 2 0 15 0.01 M M 1.8 9 120 M M 0 17 140
31 76 68 72 -6 0 7 0.59 M M 2.1 9 180 M M 0 13 280
================================================================================
SM 2761 2043 0 394 2.90 M 96.0 M 0
================================================================================
AV 89.1 65.9 3.1 FASTST M M 0 MAX(MPH)
MISC ----> 29 290 56 290
================================================================================
NOTES:
# LAST OF SEVERAL OCCURRENCES
COLUMN 17 PEAK WIND IN M.P.H.
PRELIMINARY LOCAL CLIMATOLOGICAL DATA (WS FORM: F-6) , PAGE 2
STATION: CHILLICOTHE
MONTH: JULY
YEAR: 2023
LATITUDE: 39 49 N
LONGITUDE: 93 35 W
[TEMPERATURE DATA] [PRECIPITATION DATA] SYMBOLS USED IN COLUMN 16
AVERAGE MONTHLY: 77.5 TOTAL FOR MONTH: 2.90 1 = FOG OR MIST
DPTR FM NORMAL: 0.0 DPTR FM NORMAL: -1.20 2 = FOG REDUCING VISIBILITY
HIGHEST: 103 ON 28 GRTST 24HR 0.98 ON 18-19 TO 1/4 MILE OR LESS
LOWEST: 55 ON 9 3 = THUNDER
SNOW, ICE PELLETS, HAIL 4 = ICE PELLETS
TOTAL MONTH: M 5 = HAIL
GRTST 24HR M ON M 6 = FREEZING RAIN OR DRIZZLE
GRTST DEPTH: M ON M 7 = DUSTSTORM OR SANDSTORM:
VSBY 1/2 MILE OR LESS
8 = SMOKE OR HAZE
[NO. OF DAYS WITH] [WEATHER - DAYS WITH] 9 = BLOWING SNOW
X = TORNADO
MAX 32 OR BELOW: 0 0.01 INCH OR MORE: 12
MAX 90 OR ABOVE: 16 0.10 INCH OR MORE: 5
MIN 32 OR BELOW: 0 0.50 INCH OR MORE: 3
MIN 0 OR BELOW: 0 1.00 INCH OR MORE: 0
[HDD (BASE 65) ]
TOTAL THIS MO. 0 CLEAR (SCALE 0-3) 31
DPTR FM NORMAL -1 PTCLDY (SCALE 4-7) 0
TOTAL FM JUL 1 0 CLOUDY (SCALE 8-10) 0
DPTR FM NORMAL 0
[CDD (BASE 65) ]
TOTAL THIS MO. 394
DPTR FM NORMAL 4 [PRESSURE DATA]
TOTAL FM JAN 1 834 HIGHEST SLP M ON M
DPTR FM NORMAL 74 LOWEST SLP 29.73 ON 12
[REMARKS]
#FINAL-07-23#